CRAN Package Check Results for Package mvbutils

Last updated on 2025-10-22 11:51:17 CEST.

Flavor Version Tinstall Tcheck Ttotal Status Flags
r-devel-linux-x86_64-debian-clang 2.8.232 3.77 91.26 95.03 NOTE
r-devel-linux-x86_64-debian-gcc 2.8.232 3.12 59.92 63.04 NOTE
r-devel-linux-x86_64-fedora-clang 2.8.232 11.00 139.74 150.74 OK
r-devel-linux-x86_64-fedora-gcc 2.8.232 151.70 OK
r-devel-windows-x86_64 2.8.232 5.00 107.00 112.00 OK
r-patched-linux-x86_64 2.8.232 6.15 86.52 92.67 OK
r-release-linux-x86_64 2.8.232 3.44 86.82 90.26 OK
r-release-macos-arm64 2.8.232 2.00 64.00 66.00 OK
r-release-macos-x86_64 2.8.232 6.00 151.00 157.00 OK
r-release-windows-x86_64 2.8.232 7.00 111.00 118.00 OK
r-oldrel-macos-arm64 2.8.232 2.00 53.00 55.00 OK
r-oldrel-macos-x86_64 2.8.232 5.00 110.00 115.00 OK
r-oldrel-windows-x86_64 2.8.232 5.00 101.00 106.00 OK

Check Details

Version: 2.8.232
Check: CRAN incoming feasibility
Result: NOTE Maintainer: ‘Mark V. Bravington <mark.bravington@csiro.au>’ No Authors@R field in DESCRIPTION. Please add one, modifying Authors@R: person(given = c("Mark", "V."), family = "Bravington", role = c("aut", "cre"), email = "mark.bravington@csiro.au") as necessary. Flavors: r-devel-linux-x86_64-debian-clang, r-devel-linux-x86_64-debian-gcc

Version: 2.8.232
Check: HTML version of manual
Result: NOTE Found the following HTML validation problems: full.path.html:50:1 (full.path.Rd:10): Warning: missing </ul> before </div> library.dynam.reg.html:74:1 (library.dynam.reg.Rd:24): Warning: missing </ul> before </div> set.presave.hook.mvb.html:50:1 (set.presave.hook.mvb.Rd:10): Warning: missing </ul> before </div> Flavors: r-devel-linux-x86_64-debian-clang, r-devel-linux-x86_64-debian-gcc