Last updated on 2025-10-24 11:50:52 CEST.
| Flavor | Version | Tinstall | Tcheck | Ttotal | Status | Flags |
|---|---|---|---|---|---|---|
| r-devel-linux-x86_64-debian-clang | 2.1.0 | 3.42 | 39.53 | 42.95 | OK | |
| r-devel-linux-x86_64-debian-gcc | 2.1.0 | 2.39 | 30.48 | 32.87 | OK | |
| r-devel-linux-x86_64-fedora-clang | 2.1.0 | 11.00 | 56.01 | 67.01 | OK | |
| r-devel-linux-x86_64-fedora-gcc | 2.1.0 | 78.70 | OK | |||
| r-devel-windows-x86_64 | 2.1.0 | 4.00 | 56.00 | 60.00 | OK | |
| r-patched-linux-x86_64 | 2.1.0 | 3.50 | 37.84 | 41.34 | OK | |
| r-release-linux-x86_64 | 2.1.0 | 3.43 | 37.56 | 40.99 | OK | |
| r-release-macos-arm64 | 2.1.0 | 2.00 | 44.00 | 46.00 | OK | |
| r-release-macos-x86_64 | 2.1.0 | 5.00 | 83.00 | 88.00 | OK | |
| r-release-windows-x86_64 | 2.1.0 | 6.00 | 56.00 | 62.00 | OK | |
| r-oldrel-macos-arm64 | 2.1.0 | 2.00 | 30.00 | 32.00 | NOTE | |
| r-oldrel-macos-x86_64 | 2.1.0 | 3.00 | 42.00 | 45.00 | NOTE | |
| r-oldrel-windows-x86_64 | 2.1.0 | 6.00 | 67.00 | 73.00 | NOTE |
Version: 2.1.0
Check: LazyData
Result: NOTE
'LazyData' is specified without a 'data' directory
Flavors: r-oldrel-macos-arm64, r-oldrel-macos-x86_64, r-oldrel-windows-x86_64