Last updated on 2025-10-21 11:53:31 CEST.
Flavor | Version | Tinstall | Tcheck | Ttotal | Status | Flags |
---|---|---|---|---|---|---|
r-devel-linux-x86_64-debian-clang | 0.1.1 | 1.87 | 27.08 | 28.95 | NOTE | |
r-devel-linux-x86_64-debian-gcc | 0.1.1 | 1.48 | 21.98 | 23.46 | NOTE | |
r-devel-linux-x86_64-fedora-clang | 0.1.1 | 43.10 | OK | |||
r-devel-linux-x86_64-fedora-gcc | 0.1.1 | 63.34 | OK | |||
r-devel-windows-x86_64 | 0.1.1 | 4.00 | 46.00 | 50.00 | OK | |
r-patched-linux-x86_64 | 0.1.1 | 1.94 | 24.72 | 26.66 | OK | |
r-release-linux-x86_64 | 0.1.1 | 1.89 | 24.74 | 26.63 | OK | |
r-release-macos-arm64 | 0.1.1 | 33.00 | OK | |||
r-release-macos-x86_64 | 0.1.1 | 2.00 | 62.00 | 64.00 | OK | |
r-release-windows-x86_64 | 0.1.1 | 4.00 | 48.00 | 52.00 | OK | |
r-oldrel-macos-arm64 | 0.1.1 | 28.00 | NOTE | |||
r-oldrel-macos-x86_64 | 0.1.1 | 61.00 | NOTE | |||
r-oldrel-windows-x86_64 | 0.1.1 | 4.00 | 52.00 | 56.00 | NOTE |
Version: 0.1.1
Check: HTML version of manual
Result: NOTE
Found the following HTML validation problems:
panel.cor.html:63:1 (panel.cor.Rd:19): Warning: missing </ul> before </div>
panel.hist.html:50:1 (panel.hist.Rd:12): Warning: missing </ul> before </div>
Flavors: r-devel-linux-x86_64-debian-clang, r-devel-linux-x86_64-debian-gcc
Version: 0.1.1
Check: LazyData
Result: NOTE
'LazyData' is specified without a 'data' directory
Flavors: r-oldrel-macos-arm64, r-oldrel-macos-x86_64, r-oldrel-windows-x86_64