Last updated on 2025-10-21 23:51:01 CEST.
Flavor | Version | Tinstall | Tcheck | Ttotal | Status | Flags |
---|---|---|---|---|---|---|
r-devel-linux-x86_64-debian-clang | 1.8.25 | 15.51 | 153.96 | 169.47 | NOTE | |
r-devel-linux-x86_64-debian-gcc | 1.8.25 | 10.95 | 113.13 | 124.08 | NOTE | |
r-devel-linux-x86_64-fedora-clang | 1.8.25 | 78.00 | 186.22 | 264.22 | OK | |
r-devel-linux-x86_64-fedora-gcc | 1.8.25 | 33.00 | 226.10 | 259.10 | OK | |
r-devel-windows-x86_64 | 1.8.25 | 18.00 | 181.00 | 199.00 | OK | |
r-patched-linux-x86_64 | 1.8.25 | 18.65 | 145.53 | 164.18 | OK | |
r-release-linux-x86_64 | 1.8.25 | 13.41 | 143.57 | 156.98 | OK | |
r-release-macos-arm64 | 1.8.25 | 7.00 | 81.00 | 88.00 | OK | |
r-release-macos-x86_64 | 1.8.25 | 14.00 | 150.00 | 164.00 | OK | |
r-release-windows-x86_64 | 1.8.25 | 20.00 | 176.00 | 196.00 | OK | |
r-oldrel-macos-arm64 | 1.8.25 | 8.00 | 82.00 | 90.00 | OK | |
r-oldrel-macos-x86_64 | 1.8.25 | 15.00 | 162.00 | 177.00 | OK | |
r-oldrel-windows-x86_64 | 1.8.25 | 24.00 | 222.00 | 246.00 | OK |
Version: 1.8.25
Check: HTML version of manual
Result: NOTE
Found the following HTML validation problems:
as.neuronlist.neuronlistfh.html:51:1 (as.neuronlist.neuronlistfh.Rd:12): Warning: missing </ul> before </div>
cmtkreg.html:84:1 (cmtkreg.Rd:35): Warning: missing </ul> before </div>
is.neuroml.html:53:1 (is.neuroml.Rd:12): Warning: missing </ul> before </div>
read.vaa3draw.html:59:1 (read.vaa3draw.Rd:17): Warning: missing </ul> before </div>
sub2ind.html:50:1 (sub2ind.Rd:12): Warning: missing </ul> before </div>
Flavors: r-devel-linux-x86_64-debian-clang, r-devel-linux-x86_64-debian-gcc