Last updated on 2025-10-22 11:51:17 CEST.
Flavor | Version | Tinstall | Tcheck | Ttotal | Status | Flags |
---|---|---|---|---|---|---|
r-devel-linux-x86_64-debian-clang | 0.2 | 22.96 | 27.28 | 50.24 | NOTE | |
r-devel-linux-x86_64-debian-gcc | 0.2 | 16.15 | 21.86 | 38.01 | NOTE | |
r-devel-linux-x86_64-fedora-clang | 0.2 | 73.00 | 17.78 | 90.78 | OK | |
r-devel-linux-x86_64-fedora-gcc | 0.2 | 52.00 | 30.37 | 82.37 | OK | |
r-devel-windows-x86_64 | 0.2 | 30.00 | 67.00 | 97.00 | OK | |
r-patched-linux-x86_64 | 0.1.0 | 14.27 | 23.98 | 38.25 | OK | |
r-release-linux-x86_64 | 0.2 | 22.78 | 25.13 | 47.91 | OK | |
r-release-macos-arm64 | 0.2 | 10.00 | 17.00 | 27.00 | OK | |
r-release-macos-x86_64 | 0.2 | 11.00 | 29.00 | 40.00 | OK | |
r-release-windows-x86_64 | 0.2 | 30.00 | 74.00 | 104.00 | OK | |
r-oldrel-macos-arm64 | 0.2 | 10.00 | 22.00 | 32.00 | OK | |
r-oldrel-macos-x86_64 | 0.2 | 11.00 | 33.00 | 44.00 | OK | |
r-oldrel-windows-x86_64 | 0.2 | 36.00 | 69.00 | 105.00 | OK |
Version: 0.2
Check: HTML version of manual
Result: NOTE
Found the following HTML validation problems:
c_seglengths.html:57:1 (c_seglengths.Rd:16): Warning: missing </ul> before </div>
Flavors: r-devel-linux-x86_64-debian-clang, r-devel-linux-x86_64-debian-gcc