Last updated on 2025-10-22 11:51:17 CEST.
Flavor | Version | Tinstall | Tcheck | Ttotal | Status | Flags |
---|---|---|---|---|---|---|
r-devel-linux-x86_64-debian-clang | 0.5.2 | 7.33 | 121.81 | 129.14 | NOTE | |
r-devel-linux-x86_64-debian-gcc | 0.5.2 | 4.63 | 87.15 | 91.78 | NOTE | |
r-devel-linux-x86_64-fedora-clang | 0.5.2 | 25.00 | 184.32 | 209.32 | OK | |
r-devel-linux-x86_64-fedora-gcc | 0.5.2 | 13.00 | 193.36 | 206.36 | OK | |
r-devel-windows-x86_64 | 0.5.2 | 9.00 | 127.00 | 136.00 | OK | |
r-patched-linux-x86_64 | 0.5.2 | 7.08 | 115.82 | 122.90 | OK | |
r-release-linux-x86_64 | 0.5.2 | 5.94 | 115.29 | 121.23 | OK | |
r-release-macos-arm64 | 0.5.2 | 4.00 | 63.00 | 67.00 | OK | |
r-release-macos-x86_64 | 0.5.2 | 6.00 | 116.00 | 122.00 | OK | |
r-release-windows-x86_64 | 0.5.2 | 10.00 | 128.00 | 138.00 | OK | |
r-oldrel-macos-arm64 | 0.5.2 | 3.00 | 59.00 | 62.00 | OK | |
r-oldrel-macos-x86_64 | 0.5.2 | 5.00 | 100.00 | 105.00 | OK | |
r-oldrel-windows-x86_64 | 0.5.2 | 12.00 | 164.00 | 176.00 | OK |
Version: 0.5.2
Check: HTML version of manual
Result: NOTE
Found the following HTML validation problems:
has.det.ID.html:57:1 (has.det.ID.Rd:18): Warning: missing </ul> before </div>
Flavors: r-devel-linux-x86_64-debian-clang, r-devel-linux-x86_64-debian-gcc