Last updated on 2025-10-21 17:49:55 CEST.
Flavor | Version | Tinstall | Tcheck | Ttotal | Status | Flags |
---|---|---|---|---|---|---|
r-devel-linux-x86_64-debian-clang | 1.24 | 7.80 | 36.37 | 44.17 | OK | |
r-devel-linux-x86_64-debian-gcc | 1.24 | 5.91 | 25.95 | 31.86 | OK | |
r-devel-linux-x86_64-fedora-clang | 1.24 | 20.00 | 50.83 | 70.83 | OK | |
r-devel-linux-x86_64-fedora-gcc | 1.24 | 18.00 | 47.95 | 65.95 | OK | |
r-devel-windows-x86_64 | 1.24 | 17.00 | 175.00 | 192.00 | OK | |
r-patched-linux-x86_64 | 1.24 | 7.25 | 34.10 | 41.35 | OK | |
r-release-linux-x86_64 | 1.24 | 7.24 | 34.20 | 41.44 | OK | |
r-release-macos-arm64 | 1.24 | 10.00 | 22.00 | 32.00 | OK | |
r-release-macos-x86_64 | 1.24 | 14.00 | 29.00 | 43.00 | OK | |
r-release-windows-x86_64 | 1.24 | 16.00 | 165.00 | 181.00 | OK | |
r-oldrel-macos-arm64 | 1.24 | 7.00 | 18.00 | 25.00 | NOTE | |
r-oldrel-macos-x86_64 | 1.24 | 17.00 | 35.00 | 52.00 | NOTE | |
r-oldrel-windows-x86_64 | 1.24 | 19.00 | 168.00 | 187.00 | NOTE |
Version: 1.24
Check: installed package size
Result: NOTE
installed size is 5.9Mb
sub-directories of 1Mb or more:
libs 5.6Mb
Flavors: r-oldrel-macos-arm64, r-oldrel-macos-x86_64, r-oldrel-windows-x86_64