Last updated on 2025-10-21 23:51:02 CEST.
Flavor | Version | Tinstall | Tcheck | Ttotal | Status | Flags |
---|---|---|---|---|---|---|
r-devel-linux-x86_64-debian-clang | 0.1-2 | 2052.92 | 287.91 | 2340.83 | NOTE | |
r-devel-linux-x86_64-debian-gcc | 0.1-2 | 1847.06 | 361.60 | 2208.66 | NOTE | |
r-devel-linux-x86_64-fedora-clang | 0.1-2 | 4020.00 | -474.43 | 3545.57 | NOTE | |
r-devel-linux-x86_64-fedora-gcc | 0.1-2 | 5940.00 | -723.44 | 5216.56 | NOTE | |
r-devel-windows-x86_64 | 0.1-2 | 2208.00 | 537.00 | 2745.00 | OK | |
r-patched-linux-x86_64 | 0.1-2 | 2435.96 | 506.94 | 2942.90 | OK | |
r-release-linux-x86_64 | 0.1-2 | 2396.03 | 504.38 | 2900.41 | OK | |
r-release-macos-arm64 | 0.1-2 | 840.00 | 97.00 | 937.00 | OK | |
r-release-macos-x86_64 | 0.1-2 | 780.00 | 197.00 | 977.00 | OK | |
r-release-windows-x86_64 | 0.1-2 | 2193.00 | 508.00 | 2701.00 | OK | |
r-oldrel-macos-arm64 | 0.1-2 | 433.00 | 90.00 | 523.00 | NOTE | |
r-oldrel-macos-x86_64 | 0.1-2 | 264.00 | 123.00 | 387.00 | NOTE | |
r-oldrel-windows-x86_64 | 0.1-2 | 2466.00 | 617.00 | 3083.00 | NOTE |
Version: 0.1-2
Check: CRAN incoming feasibility
Result: NOTE
Maintainer: ‘Ian Laga <ilaga25@gmail.com>’
The Description field contains
Niu, X (2021) <arXiv:2109.10204>, Zheng, T., Salganik, M. J., and
Please refer to arXiv e-prints via their arXiv DOI <doi:10.48550/arXiv.YYMM.NNNNN>.
Flavors: r-devel-linux-x86_64-debian-clang, r-devel-linux-x86_64-debian-gcc
Version: 0.1-2
Check: dependencies in R code
Result: NOTE
Namespaces in Imports field not imported from:
‘RcppParallel’ ‘rstantools’
All declared Imports should be used.
Flavors: r-devel-linux-x86_64-fedora-clang, r-devel-linux-x86_64-fedora-gcc
Version: 0.1-2
Check: installed package size
Result: NOTE
installed size is 244.2Mb
sub-directories of 1Mb or more:
libs 243.5Mb
Flavors: r-oldrel-macos-arm64, r-oldrel-macos-x86_64, r-oldrel-windows-x86_64
Version: 0.1-2
Check: for GNU extensions in Makefiles
Result: NOTE
GNU make is a SystemRequirements.
Flavors: r-oldrel-macos-arm64, r-oldrel-macos-x86_64, r-oldrel-windows-x86_64