Last updated on 2024-05-26 21:49:23 CEST.
Flavor | Version | Tinstall | Tcheck | Ttotal | Status | Flags |
---|---|---|---|---|---|---|
r-devel-linux-x86_64-debian-clang | 0.12.0 | 6.33 | 80.06 | 86.39 | NOTE | |
r-devel-linux-x86_64-debian-gcc | 0.12.0 | 6.23 | 57.29 | 63.52 | NOTE | |
r-devel-linux-x86_64-fedora-clang | 0.12.0 | 107.33 | NOTE | |||
r-devel-linux-x86_64-fedora-gcc | 0.12.0 | 115.57 | NOTE | |||
r-devel-windows-x86_64 | 0.12.0 | 8.00 | 76.00 | 84.00 | NOTE | |
r-patched-linux-x86_64 | 0.12.0 | 5.02 | 73.54 | 78.56 | NOTE | |
r-release-linux-x86_64 | 0.12.0 | 4.87 | 76.57 | 81.44 | NOTE | |
r-release-macos-arm64 | 0.12.0 | 51.00 | NOTE | |||
r-release-windows-x86_64 | 0.12.0 | 8.00 | 77.00 | 85.00 | NOTE | |
r-oldrel-macos-arm64 | 0.12.0 | 42.00 | NOTE | |||
r-oldrel-macos-x86_64 | 0.12.0 | 68.00 | NOTE | |||
r-oldrel-windows-x86_64 | 0.12.0 | 11.00 | 86.00 | 97.00 | NOTE |
Version: 0.12.0
Check: LazyData
Result: NOTE
'LazyData' is specified without a 'data' directory
Flavors: r-devel-linux-x86_64-debian-clang, r-devel-linux-x86_64-debian-gcc, r-devel-linux-x86_64-fedora-clang, r-devel-linux-x86_64-fedora-gcc, r-devel-windows-x86_64, r-patched-linux-x86_64, r-release-linux-x86_64, r-release-macos-arm64, r-release-windows-x86_64, r-oldrel-macos-arm64, r-oldrel-macos-x86_64, r-oldrel-windows-x86_64