CRAN Package Check Results for Package newTestSurvRec

Last updated on 2025-10-21 17:49:55 CEST.

Flavor Version Tinstall Tcheck Ttotal Status Flags
r-devel-linux-x86_64-debian-clang 1.0.2 2.62 34.72 37.34 NOTE
r-devel-linux-x86_64-debian-gcc 1.0.2 2.01 25.23 27.24 NOTE
r-devel-linux-x86_64-fedora-clang 1.0.2 56.56 OK
r-devel-linux-x86_64-fedora-gcc 1.0.2 53.18 OK
r-devel-windows-x86_64 1.0.2 3.00 53.00 56.00 OK
r-patched-linux-x86_64 1.0.2 3.45 32.20 35.65 OK
r-release-linux-x86_64 1.0.2 3.23 32.34 35.57 OK
r-release-macos-arm64 1.0.2 1.00 21.00 22.00 OK
r-release-macos-x86_64 1.0.2 2.00 30.00 32.00 OK
r-release-windows-x86_64 1.0.2 3.00 68.00 71.00 OK
r-oldrel-macos-arm64 1.0.2 1.00 18.00 19.00 OK
r-oldrel-macos-x86_64 1.0.2 2.00 31.00 33.00 OK
r-oldrel-windows-x86_64 1.0.2 4.00 53.00 57.00 OK

Check Details

Version: 1.0.2
Check: CRAN incoming feasibility
Result: NOTE Maintainer: ‘Carlos Martinez <cmmm7031@gmail.com>’ No Authors@R field in DESCRIPTION. Please add one, modifying Authors@R: c(person(given = c("Dr", "Carlos", "Miguel", "Martinez"), family = "Manrique", role = "aut"), person(given = "Carlos", family = "Martinez", role = "cre", email = "cmmm7031@gmail.com")) as necessary. Flavors: r-devel-linux-x86_64-debian-clang, r-devel-linux-x86_64-debian-gcc