Last updated on 2025-10-21 11:53:32 CEST.
Flavor | Version | Tinstall | Tcheck | Ttotal | Status | Flags |
---|---|---|---|---|---|---|
r-devel-linux-x86_64-debian-clang | 0.6.2 | 6.93 | 64.34 | 71.27 | NOTE | |
r-devel-linux-x86_64-debian-gcc | 0.6.2 | 4.60 | 46.74 | 51.34 | NOTE | |
r-devel-linux-x86_64-fedora-clang | 0.6.2 | 109.41 | OK | |||
r-devel-linux-x86_64-fedora-gcc | 0.6.2 | 13.00 | 92.47 | 105.47 | OK | |
r-devel-windows-x86_64 | 0.6.2 | 8.00 | 81.00 | 89.00 | OK | |
r-patched-linux-x86_64 | 0.6.2 | 6.45 | 59.99 | 66.44 | OK | |
r-release-linux-x86_64 | 0.6.2 | 6.41 | 60.42 | 66.83 | OK | |
r-release-macos-arm64 | 0.6.2 | 26.00 | OK | |||
r-release-macos-x86_64 | 0.6.2 | 4.00 | 40.00 | 44.00 | OK | |
r-release-windows-x86_64 | 0.6.2 | 9.00 | 80.00 | 89.00 | OK | |
r-oldrel-macos-arm64 | 0.6.2 | 25.00 | NOTE | |||
r-oldrel-macos-x86_64 | 0.6.2 | 45.00 | NOTE | |||
r-oldrel-windows-x86_64 | 0.6.2 | 11.00 | 94.00 | 105.00 | NOTE |
Version: 0.6.2
Check: HTML version of manual
Result: NOTE
Found the following HTML validation problems:
scale_color_nima.html:46:1 (scale_color_nima.Rd:10): Warning: missing </ul> before </div>
scale_fill_nima.html:46:1 (scale_fill_nima.Rd:10): Warning: missing </ul> before </div>
Flavors: r-devel-linux-x86_64-debian-clang, r-devel-linux-x86_64-debian-gcc
Version: 0.6.2
Check: LazyData
Result: NOTE
'LazyData' is specified without a 'data' directory
Flavors: r-oldrel-macos-arm64, r-oldrel-macos-x86_64, r-oldrel-windows-x86_64