Last updated on 2025-10-21 17:49:55 CEST.
Flavor | Version | Tinstall | Tcheck | Ttotal | Status | Flags |
---|---|---|---|---|---|---|
r-devel-linux-x86_64-debian-clang | 0.4.0 | 4.96 | 62.86 | 67.82 | NOTE | |
r-devel-linux-x86_64-debian-gcc | 0.4.0 | 3.08 | 45.13 | 48.21 | NOTE | |
r-devel-linux-x86_64-fedora-clang | 0.4.0 | 11.00 | 88.20 | 99.20 | OK | |
r-devel-linux-x86_64-fedora-gcc | 0.4.0 | 109.85 | OK | |||
r-devel-windows-x86_64 | 0.4.0 | 6.00 | 90.00 | 96.00 | OK | |
r-patched-linux-x86_64 | 0.4.0 | 6.13 | 57.86 | 63.99 | OK | |
r-release-linux-x86_64 | 0.4.0 | 4.61 | 57.85 | 62.46 | OK | |
r-release-macos-arm64 | 0.4.0 | 4.00 | 40.00 | 44.00 | OK | |
r-release-macos-x86_64 | 0.4.0 | 6.00 | 115.00 | 121.00 | OK | |
r-release-windows-x86_64 | 0.4.0 | 8.00 | 91.00 | 99.00 | OK | |
r-oldrel-macos-arm64 | 0.4.0 | 2.00 | 40.00 | 42.00 | OK | |
r-oldrel-macos-x86_64 | 0.4.0 | 6.00 | 93.00 | 99.00 | OK | |
r-oldrel-windows-x86_64 | 0.4.0 | 8.00 | 105.00 | 113.00 | OK |
Version: 0.4.0
Check: HTML version of manual
Result: NOTE
Found the following HTML validation problems:
params.html:107:1 (params.Rd:42): Warning: missing </ul> before </div>
Flavors: r-devel-linux-x86_64-debian-clang, r-devel-linux-x86_64-debian-gcc