Last updated on 2025-10-22 17:49:45 CEST.
Flavor | Version | Tinstall | Tcheck | Ttotal | Status | Flags |
---|---|---|---|---|---|---|
r-devel-linux-x86_64-debian-clang | 2.0.0 | 7.21 | 84.83 | 92.04 | NOTE | |
r-devel-linux-x86_64-debian-gcc | 2.0.0 | 4.84 | 58.86 | 63.70 | NOTE | |
r-devel-linux-x86_64-fedora-clang | 2.0.0 | 20.00 | 122.48 | 142.48 | OK | |
r-devel-linux-x86_64-fedora-gcc | 2.0.0 | 15.00 | 130.05 | 145.05 | OK | |
r-devel-windows-x86_64 | 2.0.0 | 8.00 | 89.00 | 97.00 | OK | |
r-patched-linux-x86_64 | 2.0.0 | 6.14 | 76.31 | 82.45 | OK | |
r-release-linux-x86_64 | 2.0.0 | 6.14 | 76.46 | 82.60 | OK | |
r-release-macos-arm64 | 2.0.0 | 3.00 | 41.00 | 44.00 | OK | |
r-release-macos-x86_64 | 2.0.0 | 6.00 | 72.00 | 78.00 | OK | |
r-release-windows-x86_64 | 2.0.0 | 10.00 | 93.00 | 103.00 | OK | |
r-oldrel-macos-arm64 | 2.0.0 | 3.00 | 41.00 | 44.00 | OK | |
r-oldrel-macos-x86_64 | 2.0.0 | 4.00 | 57.00 | 61.00 | OK | |
r-oldrel-windows-x86_64 | 2.0.0 | 11.00 | 108.00 | 119.00 | OK |
Version: 2.0.0
Check: HTML version of manual
Result: NOTE
Found the following HTML validation problems:
fix_df.html:46:1 (fix_df.Rd:10): Warning: missing </ul> before </div>
Flavors: r-devel-linux-x86_64-debian-clang, r-devel-linux-x86_64-debian-gcc