CRAN Package Check Results for Package nnt

Last updated on 2025-10-22 23:50:03 CEST.

Flavor Version Tinstall Tcheck Ttotal Status Flags
r-devel-linux-x86_64-debian-clang 0.1.4 6.04 54.25 60.29 NOTE
r-devel-linux-x86_64-debian-gcc 0.1.4 4.30 41.42 45.72 NOTE
r-devel-linux-x86_64-fedora-clang 0.1.4 18.00 75.79 93.79 OK
r-devel-linux-x86_64-fedora-gcc 0.1.4 13.00 74.21 87.21 OK
r-devel-windows-x86_64 0.1.4 7.00 62.00 69.00 OK
r-patched-linux-x86_64 0.1.4 5.01 51.79 56.80 OK
r-release-linux-x86_64 0.1.4 6.20 51.71 57.91 OK
r-release-macos-arm64 0.1.4 3.00 29.00 32.00 OK
r-release-macos-x86_64 0.1.4 6.00 50.00 56.00 OK
r-release-windows-x86_64 0.1.4 7.00 64.00 71.00 OK
r-oldrel-macos-arm64 0.1.4 3.00 26.00 29.00 NOTE
r-oldrel-macos-x86_64 0.1.4 4.00 42.00 46.00 NOTE
r-oldrel-windows-x86_64 0.1.4 10.00 78.00 88.00 NOTE

Check Details

Version: 0.1.4
Check: CRAN incoming feasibility
Result: NOTE Maintainer: ‘Zhao Yang <yangz98@connect.hku.hk>’ No Authors@R field in DESCRIPTION. Please add one, modifying Authors@R: person(given = "Zhao", family = "Yang", role = c("aut", "cre"), email = "yangz98@connect.hku.hk") as necessary. Flavors: r-devel-linux-x86_64-debian-clang, r-devel-linux-x86_64-debian-gcc

Version: 0.1.4
Check: LazyData
Result: NOTE 'LazyData' is specified without a 'data' directory Flavors: r-oldrel-macos-arm64, r-oldrel-macos-x86_64, r-oldrel-windows-x86_64