Last updated on 2025-10-21 17:49:55 CEST.
Flavor | Version | Tinstall | Tcheck | Ttotal | Status | Flags |
---|---|---|---|---|---|---|
r-devel-linux-x86_64-debian-clang | 0.2.5 | 8.86 | 163.64 | 172.50 | NOTE | |
r-devel-linux-x86_64-debian-gcc | 0.2.5 | 7.26 | 110.64 | 117.90 | NOTE | |
r-devel-linux-x86_64-fedora-clang | 0.2.5 | 21.00 | 240.50 | 261.50 | OK | |
r-devel-linux-x86_64-fedora-gcc | 0.2.5 | 21.00 | 253.99 | 274.99 | OK | |
r-devel-windows-x86_64 | 0.2.5 | 13.00 | 159.00 | 172.00 | OK | |
r-patched-linux-x86_64 | 0.2.5 | 10.76 | 155.75 | 166.51 | OK | |
r-release-linux-x86_64 | 0.2.5 | 9.78 | 155.50 | 165.28 | OK | |
r-release-macos-arm64 | 0.2.5 | 4.00 | 53.00 | 57.00 | OK | |
r-release-macos-x86_64 | 0.2.5 | 6.00 | 106.00 | 112.00 | OK | |
r-release-windows-x86_64 | 0.2.5 | 14.00 | 230.00 | 244.00 | OK | |
r-oldrel-macos-arm64 | 0.2.5 | 4.00 | 54.00 | 58.00 | OK | |
r-oldrel-macos-x86_64 | 0.2.5 | 6.00 | 87.00 | 93.00 | OK | |
r-oldrel-windows-x86_64 | 0.2.5 | 16.00 | 206.00 | 222.00 | OK |
Version: 0.2.5
Check: CRAN incoming feasibility
Result: NOTE
Maintainer: ‘Magnus Astrand <magnus.astrand@astrazeneca.com>’
No Authors@R field in DESCRIPTION.
Please add one, modifying
Authors@R: person(given = "Magnus",
family = "Astrand",
role = c("aut", "cre"),
email = "magnus.astrand@astrazeneca.com")
as necessary.
Flavors: r-devel-linux-x86_64-debian-clang, r-devel-linux-x86_64-debian-gcc
Version: 0.2.5
Check: HTML version of manual
Result: NOTE
Found the following HTML validation problems:
add.caption.html:50:1 (add.caption.Rd:12): Warning: missing </ul> before </div>
do.cat.GOF.html:103:1 (do.cat.GOF.Rd:45): Warning: missing </ul> before </div>
do.multi.GOF.html:109:1 (do.multi.GOF.Rd:48): Warning: missing </ul> before </div>
merge2GOF.html:75:1 (merge2GOF.Rd:28): Warning: missing </ul> before </div>
print.extToTable.html:51:1 (print.extToTable.Rd:12): Warning: missing </ul> before </div>
print.modload.html:51:1 (print.modload.Rd:12): Warning: missing </ul> before </div>
print.sumoR.html:51:1 (print.sumoR.Rd:12): Warning: missing </ul> before </div>
Flavors: r-devel-linux-x86_64-debian-clang, r-devel-linux-x86_64-debian-gcc