CRAN Package Check Results for Package nonneg.cg

Last updated on 2025-10-21 11:53:32 CEST.

Flavor Version Tinstall Tcheck Ttotal Status Flags
r-devel-linux-x86_64-debian-clang 0.1.6-1 11.28 24.31 35.59 NOTE
r-devel-linux-x86_64-debian-gcc 0.1.6-1 7.56 20.05 27.61 NOTE
r-devel-linux-x86_64-fedora-clang 0.1.6-1 58.32 OK
r-devel-linux-x86_64-fedora-gcc 0.1.6-1 27.00 27.96 54.96 OK
r-devel-windows-x86_64 0.1.6-1 14.00 61.00 75.00 OK
r-patched-linux-x86_64 0.1.6-1 11.03 23.47 34.50 OK
r-release-linux-x86_64 0.1.6-1 10.11 23.44 33.55 OK
r-release-macos-arm64 0.1.6-1 25.00 OK
r-release-macos-x86_64 0.1.6-1 10.00 32.00 42.00 OK
r-release-windows-x86_64 0.1.6-1 14.00 63.00 77.00 OK
r-oldrel-macos-arm64 0.1.6-1 21.00 OK
r-oldrel-macos-x86_64 0.1.6-1 30.00 OK
r-oldrel-windows-x86_64 0.1.6-1 16.00 73.00 89.00 OK

Check Details

Version: 0.1.6-1
Check: CRAN incoming feasibility
Result: NOTE Maintainer: ‘David Cortes <david.cortes.rivera@gmail.com>’ No Authors@R field in DESCRIPTION. Please add one, modifying Authors@R: person(given = "David", family = "Cortes", role = c("aut", "cre"), email = "david.cortes.rivera@gmail.com") as necessary. Flavors: r-devel-linux-x86_64-debian-clang, r-devel-linux-x86_64-debian-gcc