CRAN Package Check Results for Package nord

Last updated on 2025-10-21 17:49:55 CEST.

Flavor Version Tinstall Tcheck Ttotal Status Flags
r-devel-linux-x86_64-debian-clang 1.0.0 4.62 55.73 60.35 NOTE
r-devel-linux-x86_64-debian-gcc 1.0.0 4.01 42.41 46.42 NOTE
r-devel-linux-x86_64-fedora-clang 1.0.0 11.00 79.96 90.96 OK
r-devel-linux-x86_64-fedora-gcc 1.0.0 11.00 77.54 88.54 OK
r-devel-windows-x86_64 1.0.0 7.00 72.00 79.00 OK
r-patched-linux-x86_64 1.0.0 4.77 52.00 56.77 OK
r-release-linux-x86_64 1.0.0 4.81 52.08 56.89 OK
r-release-macos-arm64 1.0.0 2.00 21.00 23.00 OK
r-release-macos-x86_64 1.0.0 4.00 35.00 39.00 OK
r-release-windows-x86_64 1.0.0 7.00 75.00 82.00 OK
r-oldrel-macos-arm64 1.0.0 2.00 23.00 25.00 NOTE
r-oldrel-macos-x86_64 1.0.0 3.00 32.00 35.00 NOTE
r-oldrel-windows-x86_64 1.0.0 9.00 85.00 94.00 NOTE

Check Details

Version: 1.0.0
Check: HTML version of manual
Result: NOTE Found the following HTML validation problems: nord_pal.html:54:1 (nord_pal.Rd:14): Warning: missing </ul> before </div> Flavors: r-devel-linux-x86_64-debian-clang, r-devel-linux-x86_64-debian-gcc

Version: 1.0.0
Check: LazyData
Result: NOTE 'LazyData' is specified without a 'data' directory Flavors: r-oldrel-macos-arm64, r-oldrel-macos-x86_64, r-oldrel-windows-x86_64