CRAN Package Check Results for Package npmlda

Last updated on 2025-10-21 11:53:32 CEST.

Flavor Version Tinstall Tcheck Ttotal Status Flags
r-devel-linux-x86_64-debian-clang 1.0.0 1.73 22.07 23.80 NOTE
r-devel-linux-x86_64-debian-gcc 1.0.0 1.36 17.57 18.93 NOTE
r-devel-linux-x86_64-fedora-clang 1.0.0 33.84 OK
r-devel-linux-x86_64-fedora-gcc 1.0.0 33.74 OK
r-devel-windows-x86_64 1.0.0 3.00 46.00 49.00 OK
r-patched-linux-x86_64 1.0.0 1.82 20.52 22.34 OK
r-release-linux-x86_64 1.0.0 1.61 20.79 22.40 OK
r-release-macos-arm64 1.0.0 19.00 OK
r-release-macos-x86_64 1.0.0 2.00 27.00 29.00 OK
r-release-windows-x86_64 1.0.0 2.00 52.00 54.00 OK
r-oldrel-macos-arm64 1.0.0 15.00 OK
r-oldrel-macos-x86_64 1.0.0 22.00 OK
r-oldrel-windows-x86_64 1.0.0 3.00 47.00 50.00 OK

Check Details

Version: 1.0.0
Check: CRAN incoming feasibility
Result: NOTE Maintainer: ‘Xin Tian <tianxtt@gmail.com>’ No Authors@R field in DESCRIPTION. Please add one, modifying Authors@R: c(person(given = "Xin", family = "Tian", role = c("aut", "cre"), email = "tianxtt@gmail.com"), person(given = "Colin", family = "Wu", role = "aut")) as necessary. Flavors: r-devel-linux-x86_64-debian-clang, r-devel-linux-x86_64-debian-gcc

Version: 1.0.0
Check: HTML version of manual
Result: NOTE Found the following HTML validation problems: CVlm.html:58:1 (CVlm.Rd:16): Warning: missing </ul> before </div> Flavors: r-devel-linux-x86_64-debian-clang, r-devel-linux-x86_64-debian-gcc