CRAN Package Check Results for Package npsurv

Last updated on 2025-10-22 05:51:19 CEST.

Flavor Version Tinstall Tcheck Ttotal Status Flags
r-devel-linux-x86_64-debian-clang 0.5-0 4.08 50.19 54.27 NOTE
r-devel-linux-x86_64-debian-gcc 0.5-0 2.89 34.97 37.86 NOTE
r-devel-linux-x86_64-fedora-clang 0.5-0 10.00 71.54 81.54 OK
r-devel-linux-x86_64-fedora-gcc 0.5-0 78.33 OK
r-devel-windows-x86_64 0.5-0 5.00 65.00 70.00 OK
r-patched-linux-x86_64 0.5-0 4.33 46.89 51.22 OK
r-release-linux-x86_64 0.5-0 4.15 47.14 51.29 OK
r-release-macos-arm64 0.5-0 2.00 21.00 23.00 OK
r-release-macos-x86_64 0.5-0 3.00 45.00 48.00 OK
r-release-windows-x86_64 0.5-0 5.00 69.00 74.00 OK
r-oldrel-macos-arm64 0.5-0 2.00 22.00 24.00 OK
r-oldrel-macos-x86_64 0.5-0 3.00 34.00 37.00 OK
r-oldrel-windows-x86_64 0.5-0 5.00 64.00 69.00 OK

Check Details

Version: 0.5-0
Check: CRAN incoming feasibility
Result: NOTE Maintainer: ‘Yong Wang <yongwang@auckland.ac.nz>’ No Authors@R field in DESCRIPTION. Please add one, modifying Authors@R: person(given = "Yong", family = "Wang", role = c("aut", "cre"), email = "yongwang@auckland.ac.nz") as necessary. Flavors: r-devel-linux-x86_64-debian-clang, r-devel-linux-x86_64-debian-gcc