CRAN Package Check Results for Package nvctr

Last updated on 2025-10-22 11:51:17 CEST.

Flavor Version Tinstall Tcheck Ttotal Status Flags
r-devel-linux-x86_64-debian-clang 0.1.4 2.12 36.72 38.84 NOTE
r-devel-linux-x86_64-debian-gcc 0.1.4 1.72 30.71 32.43 NOTE
r-devel-linux-x86_64-fedora-clang 0.1.4 56.90 NOTE
r-devel-linux-x86_64-fedora-gcc 0.1.4 70.16 NOTE
r-devel-windows-x86_64 0.1.4 4.00 58.00 62.00 NOTE
r-patched-linux-x86_64 0.1.4 2.28 33.42 35.70 NOTE
r-release-linux-x86_64 0.1.4 1.81 33.93 35.74 NOTE
r-release-macos-arm64 0.1.4 1.00 27.00 28.00 NOTE
r-release-macos-x86_64 0.1.4 3.00 69.00 72.00 NOTE
r-release-windows-x86_64 0.1.4 3.00 58.00 61.00 NOTE
r-oldrel-macos-arm64 0.1.4 1.00 25.00 26.00 NOTE
r-oldrel-macos-x86_64 0.1.4 2.00 43.00 45.00 NOTE
r-oldrel-windows-x86_64 0.1.4 4.00 66.00 70.00 NOTE

Check Details

Version: 0.1.4
Check: Rd files
Result: NOTE checkRd: (-1) xyz2R.Rd:31: Lost braces 31 | \item Finally, code{T} is rotated an angle \code{z} about its NEWEST z-axis. | ^ Flavors: r-devel-linux-x86_64-debian-clang, r-devel-linux-x86_64-debian-gcc, r-devel-linux-x86_64-fedora-clang, r-devel-linux-x86_64-fedora-gcc, r-devel-windows-x86_64, r-patched-linux-x86_64, r-release-linux-x86_64, r-release-macos-arm64, r-release-macos-x86_64, r-release-windows-x86_64, r-oldrel-macos-arm64, r-oldrel-macos-x86_64, r-oldrel-windows-x86_64

Version: 0.1.4
Check: LazyData
Result: NOTE 'LazyData' is specified without a 'data' directory Flavors: r-oldrel-macos-arm64, r-oldrel-macos-x86_64, r-oldrel-windows-x86_64