Last updated on 2025-10-24 05:50:49 CEST.
| Flavor | Version | Tinstall | Tcheck | Ttotal | Status | Flags |
|---|---|---|---|---|---|---|
| r-devel-linux-x86_64-debian-clang | 0.0.4 | 1.77 | 21.84 | 23.61 | NOTE | |
| r-devel-linux-x86_64-debian-gcc | 0.0.4 | 1.51 | 18.18 | 19.69 | NOTE | |
| r-devel-linux-x86_64-fedora-clang | 0.0.4 | 34.73 | OK | |||
| r-devel-linux-x86_64-fedora-gcc | 0.0.4 | 33.65 | OK | |||
| r-devel-windows-x86_64 | 0.0.4 | 2.00 | 40.00 | 42.00 | OK | |
| r-patched-linux-x86_64 | 0.0.4 | 1.66 | 20.68 | 22.34 | OK | |
| r-release-linux-x86_64 | 0.0.4 | 1.70 | 21.06 | 22.76 | OK | |
| r-release-macos-arm64 | 0.0.4 | 1.00 | 16.00 | 17.00 | OK | |
| r-release-macos-x86_64 | 0.0.4 | 2.00 | 25.00 | 27.00 | OK | |
| r-release-windows-x86_64 | 0.0.4 | 4.00 | 42.00 | 46.00 | OK | |
| r-oldrel-macos-arm64 | 0.0.4 | 1.00 | 15.00 | 16.00 | OK | |
| r-oldrel-macos-x86_64 | 0.0.4 | 2.00 | 20.00 | 22.00 | OK | |
| r-oldrel-windows-x86_64 | 0.0.4 | 3.00 | 47.00 | 50.00 | OK |
Version: 0.0.4
Check: CRAN incoming feasibility
Result: NOTE
Maintainer: ‘Jason Waddell <jason.waddell@openanalytics.eu>’
No Authors@R field in DESCRIPTION.
Please add one, modifying
Authors@R: person(given = "Jason",
family = "Waddell",
role = c("aut", "cre"),
email = "jason.waddell@openanalytics.eu")
as necessary.
Flavors: r-devel-linux-x86_64-debian-clang, r-devel-linux-x86_64-debian-gcc