CRAN Package Check Results for Package octopus

Last updated on 2025-10-22 17:49:45 CEST.

Flavor Version Tinstall Tcheck Ttotal Status Flags
r-devel-linux-x86_64-debian-clang 0.4.2 7.42 68.59 76.01 NOTE
r-devel-linux-x86_64-debian-gcc 0.4.2 5.48 49.74 55.22 NOTE
r-devel-linux-x86_64-fedora-clang 0.4.2 16.00 145.67 161.67 NOTE
r-devel-linux-x86_64-fedora-gcc 0.4.2 17.00 152.65 169.65 NOTE
r-devel-windows-x86_64 0.4.2 9.00 77.00 86.00 NOTE
r-patched-linux-x86_64 0.4.2 6.31 60.71 67.02 NOTE
r-release-linux-x86_64 0.4.2 7.58 61.12 68.70 NOTE
r-release-macos-arm64 0.4.2 4.00 48.00 52.00 NOTE
r-release-macos-x86_64 0.4.2 13.00 101.00 114.00 NOTE
r-release-windows-x86_64 0.4.2 9.00 76.00 85.00 NOTE
r-oldrel-macos-arm64 0.4.2 4.00 38.00 42.00 OK
r-oldrel-macos-x86_64 0.4.2 5.00 53.00 58.00 OK
r-oldrel-windows-x86_64 0.4.2 11.00 92.00 103.00 OK

Check Details

Version: 0.4.2
Check: DESCRIPTION meta-information
Result: NOTE Missing dependency on R >= 4.1.0 because package code uses the pipe |> or function shorthand \(...) syntax added in R 4.1.0. File(s) using such syntax: ‘duckdb_connection.R’ ‘get_database_functions.R’ ‘mysql_connection.R’ ‘postgres_connection.R’ ‘snowflake_connection.R’ ‘sqlite_connection.R’ ‘submit_query.R’ ‘vertica_connection.R’ Flavors: r-devel-linux-x86_64-debian-clang, r-devel-linux-x86_64-debian-gcc, r-devel-linux-x86_64-fedora-clang, r-devel-linux-x86_64-fedora-gcc, r-devel-windows-x86_64, r-patched-linux-x86_64, r-release-linux-x86_64, r-release-macos-arm64, r-release-macos-x86_64, r-release-windows-x86_64