CRAN Package Check Results for Package odbr

Last updated on 2025-10-21 17:49:55 CEST.

Flavor Version Tinstall Tcheck Ttotal Status Flags
r-devel-linux-x86_64-debian-clang 0.1.1 1.91 33.65 35.56 NOTE
r-devel-linux-x86_64-debian-gcc 0.1.1 1.57 26.46 28.03 NOTE
r-devel-linux-x86_64-fedora-clang 0.1.1 61.79 OK
r-devel-linux-x86_64-fedora-gcc 0.1.1 73.24 OK
r-devel-windows-x86_64 0.1.1 4.00 134.00 138.00 OK
r-patched-linux-x86_64 0.1.1 1.77 30.11 31.88 OK
r-release-linux-x86_64 0.1.1 1.69 30.02 31.71 OK
r-release-macos-arm64 0.1.1 1.00 34.00 35.00 OK
r-release-macos-x86_64 0.1.1 2.00 65.00 67.00 OK
r-release-windows-x86_64 0.1.1 4.00 128.00 132.00 OK
r-oldrel-macos-arm64 0.1.1 1.00 35.00 36.00 OK
r-oldrel-macos-x86_64 0.1.1 2.00 55.00 57.00 OK
r-oldrel-windows-x86_64 0.1.1 4.00 130.00 134.00 OK

Check Details

Version: 0.1.1
Check: HTML version of manual
Result: NOTE Found the following HTML validation problems: metadata.html:60:1 (metadata.Rd:17): Warning: missing </ul> before </div> Flavors: r-devel-linux-x86_64-debian-clang, r-devel-linux-x86_64-debian-gcc