Last updated on 2024-05-26 21:49:23 CEST.
Flavor | Version | Tinstall | Tcheck | Ttotal | Status | Flags |
---|---|---|---|---|---|---|
r-devel-linux-x86_64-debian-clang | 2.0.1 | 12.02 | 108.91 | 120.93 | OK | |
r-devel-linux-x86_64-debian-gcc | 2.0.1 | 7.93 | 83.80 | 91.73 | OK | |
r-devel-linux-x86_64-fedora-clang | 2.0.1 | 149.26 | NOTE | |||
r-devel-linux-x86_64-fedora-gcc | 2.0.1 | 156.82 | OK | |||
r-devel-windows-x86_64 | 2.0.1 | 10.00 | 95.00 | 105.00 | OK | |
r-patched-linux-x86_64 | 2.0.1 | 15.08 | 104.41 | 119.49 | OK | |
r-release-linux-x86_64 | 2.0.1 | 9.28 | 102.90 | 112.18 | OK | |
r-release-macos-arm64 | 2.0.1 | 48.00 | OK | |||
r-release-windows-x86_64 | 2.0.1 | 9.00 | 101.00 | 110.00 | OK | |
r-oldrel-macos-arm64 | 2.0.1 | 55.00 | OK | |||
r-oldrel-macos-x86_64 | 2.0.1 | 85.00 | OK | |||
r-oldrel-windows-x86_64 | 2.0.1 | 12.00 | 114.00 | 126.00 | OK |
Version: 2.0.1
Check: Rd cross-references
Result: NOTE
Undeclared package ‘gam’ in Rd xrefs
Flavor: r-devel-linux-x86_64-fedora-clang