Last updated on 2025-10-21 17:49:55 CEST.
Flavor | Version | Tinstall | Tcheck | Ttotal | Status | Flags |
---|---|---|---|---|---|---|
r-devel-linux-x86_64-debian-clang | 1.0.0 | 11.55 | 22.69 | 34.24 | NOTE | |
r-devel-linux-x86_64-debian-gcc | 1.0.0 | 9.32 | 19.28 | 28.60 | NOTE | |
r-devel-linux-x86_64-fedora-clang | 1.0.0 | 23.00 | 28.42 | 51.42 | OK | |
r-devel-linux-x86_64-fedora-gcc | 1.0.0 | 24.00 | 26.45 | 50.45 | OK | |
r-devel-windows-x86_64 | 1.0.0 | 11.00 | 36.00 | 47.00 | OK | |
r-patched-linux-x86_64 | 1.0.0 | 11.61 | 21.70 | 33.31 | OK | |
r-release-linux-x86_64 | 1.0.0 | 11.12 | 21.93 | 33.05 | OK | |
r-release-macos-arm64 | 1.0.0 | 8.00 | 18.00 | 26.00 | OK | |
r-release-macos-x86_64 | 1.0.0 | 15.00 | 28.00 | 43.00 | OK | |
r-release-windows-x86_64 | 1.0.0 | 11.00 | 40.00 | 51.00 | OK | |
r-oldrel-macos-arm64 | 1.0.0 | 7.00 | 17.00 | 24.00 | NOTE | |
r-oldrel-macos-x86_64 | 1.0.0 | 10.00 | 23.00 | 33.00 | NOTE | |
r-oldrel-windows-x86_64 | 1.0.0 | 11.00 | 36.00 | 47.00 | OK |
Version: 1.0.0
Check: CRAN incoming feasibility
Result: NOTE
Maintainer: ‘Christopher Mann <cmann3@unl.edu>’
No Authors@R field in DESCRIPTION.
Please add one, modifying
Authors@R: person(given = "Christopher",
family = "Mann",
role = c("aut", "cre"),
email = "cmann3@unl.edu")
as necessary.
Flavors: r-devel-linux-x86_64-debian-clang, r-devel-linux-x86_64-debian-gcc
Version: 1.0.0
Check: installed package size
Result: NOTE
installed size is 5.4Mb
sub-directories of 1Mb or more:
data 5.3Mb
Flavors: r-oldrel-macos-arm64, r-oldrel-macos-x86_64