Last updated on 2025-10-21 23:51:02 CEST.
Flavor | Version | Tinstall | Tcheck | Ttotal | Status | Flags |
---|---|---|---|---|---|---|
r-devel-linux-x86_64-debian-clang | 0.1.0 | 8.86 | 37.63 | 46.49 | NOTE | |
r-devel-linux-x86_64-debian-gcc | 0.1.0 | 6.73 | 28.09 | 34.82 | NOTE | |
r-devel-linux-x86_64-fedora-clang | 0.1.0 | 18.00 | 50.78 | 68.78 | NOTE | |
r-devel-linux-x86_64-fedora-gcc | 0.1.0 | 17.00 | 48.23 | 65.23 | NOTE | |
r-devel-windows-x86_64 | 0.1.0 | 11.00 | 59.00 | 70.00 | OK | |
r-patched-linux-x86_64 | 0.1.0 | 9.95 | 35.48 | 45.43 | OK | |
r-release-linux-x86_64 | 0.1.0 | 8.70 | 35.35 | 44.05 | OK | |
r-release-macos-arm64 | 0.1.0 | 6.00 | 23.00 | 29.00 | OK | |
r-release-macos-x86_64 | 0.1.0 | 9.00 | 35.00 | 44.00 | OK | |
r-release-windows-x86_64 | 0.1.0 | 12.00 | 61.00 | 73.00 | OK | |
r-oldrel-macos-arm64 | 0.1.0 | 6.00 | 20.00 | 26.00 | NOTE | |
r-oldrel-macos-x86_64 | 0.1.0 | 7.00 | 27.00 | 34.00 | NOTE | |
r-oldrel-windows-x86_64 | 0.1.0 | 14.00 | 68.00 | 82.00 | NOTE |
Version: 0.1.0
Check: HTML version of manual
Result: NOTE
Found the following HTML validation problems:
knit_print.svg.html:46:1 (knit_print.svg.Rd:10): Warning: missing </ul> before </div>
Flavors: r-devel-linux-x86_64-debian-clang, r-devel-linux-x86_64-debian-gcc
Version: 0.1.0
Check: dependencies in R code
Result: NOTE
Namespace in Imports field not imported from: ‘gt’
All declared Imports should be used.
Flavors: r-devel-linux-x86_64-fedora-clang, r-devel-linux-x86_64-fedora-gcc
Version: 0.1.0
Check: LazyData
Result: NOTE
'LazyData' is specified without a 'data' directory
Flavors: r-oldrel-macos-arm64, r-oldrel-macos-x86_64, r-oldrel-windows-x86_64