Last updated on 2025-10-21 11:53:32 CEST.
Flavor | Version | Tinstall | Tcheck | Ttotal | Status | Flags |
---|---|---|---|---|---|---|
r-devel-linux-x86_64-debian-clang | 0.1.1 | 2.23 | 24.57 | 26.80 | NOTE | |
r-devel-linux-x86_64-debian-gcc | 0.1.1 | 1.65 | 20.80 | 22.45 | NOTE | |
r-devel-linux-x86_64-fedora-clang | 0.1.1 | 39.85 | NOTE | |||
r-devel-linux-x86_64-fedora-gcc | 0.1.1 | 51.00 | NOTE | |||
r-devel-windows-x86_64 | 0.1.1 | 4.00 | 45.00 | 49.00 | OK | |
r-patched-linux-x86_64 | 0.1.1 | 2.43 | 22.70 | 25.13 | OK | |
r-release-linux-x86_64 | 0.1.1 | 1.97 | 22.31 | 24.28 | OK | |
r-release-macos-arm64 | 0.1.1 | 25.00 | OK | |||
r-release-macos-x86_64 | 0.1.1 | 2.00 | 39.00 | 41.00 | OK | |
r-release-windows-x86_64 | 0.1.1 | 5.00 | 44.00 | 49.00 | OK | |
r-oldrel-macos-arm64 | 0.1.1 | 22.00 | OK | |||
r-oldrel-macos-x86_64 | 0.1.1 | 32.00 | OK | |||
r-oldrel-windows-x86_64 | 0.1.1 | 5.00 | 50.00 | 55.00 | OK |
Version: 0.1.1
Check: HTML version of manual
Result: NOTE
Found the following HTML validation problems:
dot-openBankingClient.html:202:1 (dot-openBankingClient.Rd:109): Warning: missing </ul> before </div>
dot-openBankingClient.html:124:1 (dot-openBankingClient.Rd:67): Warning: <h5> anchor "Usage" already defined
dot-openBankingClient.html:130:1 (dot-openBankingClient.Rd:71): Warning: <h5> anchor "Returns" already defined
dot-openBankingClient.html:147:1 (dot-openBankingClient.Rd:80): Warning: <h5> anchor "Usage" already defined
dot-openBankingClient.html:153:1 (dot-openBankingClient.Rd:84): Warning: <h5> anchor "Returns" already defined
dot-openBankingClient.html:170:1 (dot-openBankingClient.Rd:93): Warning: <h5> anchor "Usage" already defined
dot-openBankingClient.html:176:1 (dot-openBankingClient.Rd:97): Warning: <h5> anchor "Arguments" already defined
dot-openBankingClient.html:191:1 (dot-openBankingClient.Rd:106): Warning: <h5> anchor "Returns" already defined
Flavors: r-devel-linux-x86_64-debian-clang, r-devel-linux-x86_64-debian-gcc
Version: 0.1.1
Check: dependencies in R code
Result: NOTE
Namespaces in Imports field not imported from:
‘dplyr’ ‘glue’ ‘httpcode’ ‘httr’ ‘jsonlite’ ‘tidyr’
All declared Imports should be used.
Flavors: r-devel-linux-x86_64-fedora-clang, r-devel-linux-x86_64-fedora-gcc