CRAN Package Check Results for Package optedr

Last updated on 2025-10-21 11:53:32 CEST.

Flavor Version Tinstall Tcheck Ttotal Status Flags
r-devel-linux-x86_64-debian-clang 2.2.0 4.53 64.63 69.16 NOTE
r-devel-linux-x86_64-debian-gcc 2.2.0 3.96 42.85 46.81 NOTE
r-devel-linux-x86_64-fedora-clang 2.2.0 108.86 OK
r-devel-linux-x86_64-fedora-gcc 2.2.0 103.59 OK
r-devel-windows-x86_64 2.2.0 18.00 82.00 100.00 OK
r-patched-linux-x86_64 2.2.0 5.30 59.73 65.03 OK
r-release-linux-x86_64 2.2.0 4.58 59.81 64.39 OK
r-release-macos-arm64 2.2.0 26.00 OK
r-release-macos-x86_64 2.2.0 4.00 45.00 49.00 OK
r-release-windows-x86_64 2.2.0 8.00 82.00 90.00 OK
r-oldrel-macos-arm64 2.2.0 36.00 OK
r-oldrel-macos-x86_64 2.2.0 59.00 OK
r-oldrel-windows-x86_64 2.2.0 10.00 103.00 113.00 OK

Check Details

Version: 2.2.0
Check: HTML version of manual
Result: NOTE Found the following HTML validation problems: check_inputs.html:154:1 (check_inputs.Rd:71): Warning: missing </ul> before </div> Flavors: r-devel-linux-x86_64-debian-clang, r-devel-linux-x86_64-debian-gcc