Last updated on 2025-10-21 17:49:56 CEST.
Flavor | Version | Tinstall | Tcheck | Ttotal | Status | Flags |
---|---|---|---|---|---|---|
r-devel-linux-x86_64-debian-clang | 2024.6.5 | 2.12 | 26.12 | 28.24 | NOTE | |
r-devel-linux-x86_64-debian-gcc | 2024.6.5 | 1.44 | 21.50 | 22.94 | NOTE | |
r-devel-linux-x86_64-fedora-clang | 2024.6.5 | 43.72 | OK | |||
r-devel-linux-x86_64-fedora-gcc | 2024.6.5 | 69.13 | OK | |||
r-devel-windows-x86_64 | 2024.6.5 | 3.00 | 47.00 | 50.00 | OK | |
r-patched-linux-x86_64 | 2024.6.5 | 1.99 | 24.85 | 26.84 | OK | |
r-release-linux-x86_64 | 2024.6.5 | 1.93 | 24.83 | 26.76 | OK | |
r-release-macos-arm64 | 2024.6.5 | 1.00 | 29.00 | 30.00 | OK | |
r-release-macos-x86_64 | 2024.6.5 | 2.00 | 52.00 | 54.00 | OK | |
r-release-windows-x86_64 | 2024.6.5 | 3.00 | 49.00 | 52.00 | OK | |
r-oldrel-macos-arm64 | 2024.6.5 | 1.00 | 33.00 | 34.00 | OK | |
r-oldrel-macos-x86_64 | 2024.6.5 | 3.00 | 75.00 | 78.00 | OK | |
r-oldrel-windows-x86_64 | 2024.6.5 | 3.00 | 54.00 | 57.00 | OK |
Version: 2024.6.5
Check: HTML version of manual
Result: NOTE
Found the following HTML validation problems:
create_project_quarto_external_results.html:50:1 (create_project_quarto_external_results.Rd:12): Warning: missing </ul> before </div>
create_project_quarto_internal_results.html:50:1 (create_project_quarto_internal_results.Rd:12): Warning: missing </ul> before </div>
move_directory.html:54:1 (move_directory.Rd:14): Warning: missing </ul> before </div>
path.html:46:1 (path.Rd:10): Warning: missing </ul> before </div>
Flavors: r-devel-linux-x86_64-debian-clang, r-devel-linux-x86_64-debian-gcc