Last updated on 2025-10-22 11:51:18 CEST.
Flavor | Version | Tinstall | Tcheck | Ttotal | Status | Flags |
---|---|---|---|---|---|---|
r-devel-linux-x86_64-debian-clang | 0.6.8 | 195.48 | 103.73 | 299.21 | NOTE | |
r-devel-linux-x86_64-debian-gcc | 0.6.8 | 127.80 | 84.86 | 212.66 | NOTE | |
r-devel-linux-x86_64-fedora-clang | 0.6.8 | 263.00 | 269.46 | 532.46 | OK | |
r-devel-linux-x86_64-fedora-gcc | 0.6.8 | 229.00 | 289.87 | 518.87 | OK | |
r-devel-windows-x86_64 | 0.6.8 | 211.00 | 126.00 | 337.00 | OK | |
r-patched-linux-x86_64 | 0.6.8 | 200.82 | 97.76 | 298.58 | OK | |
r-release-linux-x86_64 | 0.6.8 | 198.01 | 95.78 | 293.79 | OK | |
r-release-macos-arm64 | 0.6.8 | 83.00 | 103.00 | 186.00 | OK | |
r-release-macos-x86_64 | 0.6.8 | 67.00 | 119.00 | 186.00 | OK | |
r-release-windows-x86_64 | 0.6.8 | 219.00 | 225.00 | 444.00 | OK | |
r-oldrel-macos-arm64 | 0.6.8 | 73.00 | 73.00 | 146.00 | NOTE | |
r-oldrel-macos-x86_64 | 0.6.8 | 56.00 | 74.00 | 130.00 | NOTE | |
r-oldrel-windows-x86_64 | 0.6.8 | 238.00 | 151.00 | 389.00 | OK |
Version: 0.6.8
Check: HTML version of manual
Result: NOTE
Found the following HTML validation problems:
KernelDist_cross.html:50:1 (KernelDist_cross.Rd:12): Warning: missing </ul> before </div>
Flavors: r-devel-linux-x86_64-debian-clang, r-devel-linux-x86_64-debian-gcc
Version: 0.6.8
Check: installed package size
Result: NOTE
installed size is 9.5Mb
sub-directories of 1Mb or more:
libs 9.2Mb
Flavors: r-oldrel-macos-arm64, r-oldrel-macos-x86_64