Last updated on 2025-10-21 17:49:56 CEST.
Flavor | Version | Tinstall | Tcheck | Ttotal | Status | Flags |
---|---|---|---|---|---|---|
r-devel-linux-x86_64-debian-clang | 0.2.9 | 5.66 | 61.30 | 66.96 | NOTE | |
r-devel-linux-x86_64-debian-gcc | 0.2.9 | 4.55 | 45.96 | 50.51 | NOTE | |
r-devel-linux-x86_64-fedora-clang | 0.2.9 | 12.00 | 85.11 | 97.11 | OK | |
r-devel-linux-x86_64-fedora-gcc | 0.2.9 | 11.00 | 98.35 | 109.35 | OK | |
r-devel-windows-x86_64 | 0.2.9 | 8.00 | 76.00 | 84.00 | OK | |
r-patched-linux-x86_64 | 0.2.9 | 6.16 | 54.89 | 61.05 | OK | |
r-release-linux-x86_64 | 0.2.9 | 4.84 | 54.64 | 59.48 | OK | |
r-release-macos-arm64 | 0.2.9 | 4.00 | 48.00 | 52.00 | OK | |
r-release-macos-x86_64 | 0.2.9 | 5.00 | 70.00 | 75.00 | OK | |
r-release-windows-x86_64 | 0.2.9 | 9.00 | 74.00 | 83.00 | OK | |
r-oldrel-macos-arm64 | 0.2.9 | 3.00 | 35.00 | 38.00 | OK | |
r-oldrel-macos-x86_64 | 0.2.9 | 4.00 | 56.00 | 60.00 | OK | |
r-oldrel-windows-x86_64 | 0.2.9 | 10.00 | 89.00 | 99.00 | OK |
Version: 0.2.9
Check: CRAN incoming feasibility
Result: NOTE
Maintainer: ‘Aaron Wolen <aaron@wolen.com>’
Package CITATION file contains call(s) to old-style citEntry(). Please
use bibentry() instead.
Flavors: r-devel-linux-x86_64-debian-clang, r-devel-linux-x86_64-debian-gcc
Version: 0.2.9
Check: HTML version of manual
Result: NOTE
Found the following HTML validation problems:
osf_refresh.html:47:1 (osf_refresh.Rd:10): Warning: missing </ul> before </div>
Flavors: r-devel-linux-x86_64-debian-clang, r-devel-linux-x86_64-debian-gcc