Last updated on 2025-10-24 05:50:49 CEST.
| Flavor | Version | Tinstall | Tcheck | Ttotal | Status | Flags |
|---|---|---|---|---|---|---|
| r-devel-linux-x86_64-debian-clang | 0.9.3 | 7.68 | 61.22 | 68.90 | NOTE | |
| r-devel-linux-x86_64-debian-gcc | 0.9.3 | 6.26 | 43.39 | 49.65 | OK | |
| r-devel-linux-x86_64-fedora-clang | 0.9.3 | 22.00 | 84.93 | 106.93 | OK | |
| r-devel-linux-x86_64-fedora-gcc | 0.9.3 | 20.00 | 99.44 | 119.44 | OK | |
| r-devel-windows-x86_64 | 0.9.3 | 11.00 | 77.00 | 88.00 | OK | |
| r-patched-linux-x86_64 | 0.9.3 | 8.69 | 57.64 | 66.33 | OK | |
| r-release-linux-x86_64 | 0.9.3 | 9.27 | 57.59 | 66.86 | OK | |
| r-release-macos-arm64 | 0.9.3 | 3.00 | 224.00 | 227.00 | OK | |
| r-release-macos-x86_64 | 0.9.3 | 8.00 | 224.00 | 232.00 | OK | |
| r-release-windows-x86_64 | 0.9.3 | 8.00 | 78.00 | 86.00 | OK | |
| r-oldrel-macos-arm64 | 0.9.3 | 5.00 | 215.00 | 220.00 | OK | |
| r-oldrel-macos-x86_64 | 0.9.3 | 7.00 | 232.00 | 239.00 | OK | |
| r-oldrel-windows-x86_64 | 0.9.3 | 13.00 | 101.00 | 114.00 | OK |
Version: 0.9.3
Check: HTML version of manual
Result: NOTE
Found the following HTML validation problems:
install_local.html:59:1 (install_local.Rd:16): Warning: missing </ul> before </div>
packrat-mode.html:83:1 (packrat-mode.Rd:40): Warning: missing </ul> before </div>
repos_create.html:56:1 (repos_create.Rd:15): Warning: missing </ul> before </div>
repos_upload.html:59:1 (repos_upload.Rd:19): Warning: missing </ul> before </div>
snapshotImpl.html:125:1 (snapshotImpl.Rd:66): Warning: missing </ul> before </div>
unbundle.html:59:1 (unbundle.Rd:17): Warning: missing </ul> before </div>
unused_packages.html:51:1 (unused_packages.Rd:12): Warning: missing </ul> before </div>
Flavor: r-devel-linux-x86_64-debian-clang