Last updated on 2025-10-24 05:50:49 CEST.
| Flavor | Version | Tinstall | Tcheck | Ttotal | Status | Flags |
|---|---|---|---|---|---|---|
| r-devel-linux-x86_64-debian-clang | 0.6.0 | 6.51 | 55.45 | 61.96 | NOTE | |
| r-devel-linux-x86_64-debian-gcc | 0.6.0 | 3.80 | 40.82 | 44.62 | OK | |
| r-devel-linux-x86_64-fedora-clang | 0.6.0 | 14.00 | 78.82 | 92.82 | OK | |
| r-devel-linux-x86_64-fedora-gcc | 0.6.0 | 14.00 | 336.26 | 350.26 | OK | |
| r-devel-windows-x86_64 | 0.6.0 | 8.00 | 75.00 | 83.00 | OK | |
| r-patched-linux-x86_64 | 0.6.0 | 6.00 | 51.23 | 57.23 | OK | |
| r-release-linux-x86_64 | 0.6.0 | 5.27 | 51.42 | 56.69 | OK | |
| r-release-macos-arm64 | 0.6.0 | 3.00 | 121.00 | 124.00 | OK | |
| r-release-macos-x86_64 | 0.6.0 | 5.00 | 253.00 | 258.00 | OK | |
| r-release-windows-x86_64 | 0.6.0 | 8.00 | 77.00 | 85.00 | OK | |
| r-oldrel-macos-arm64 | 0.6.0 | 3.00 | 118.00 | 121.00 | OK | |
| r-oldrel-macos-x86_64 | 0.6.0 | 5.00 | 247.00 | 252.00 | OK | |
| r-oldrel-windows-x86_64 | 0.6.0 | 9.00 | 93.00 | 102.00 | OK |
Version: 0.6.0
Check: HTML version of manual
Result: NOTE
Found the following HTML validation problems:
available_packages.html:46:1 (available_packages.Rd:10): Warning: missing </ul> before </div>
read_cran_file.html:58:1 (read_cran_file.Rd:16): Warning: missing </ul> before </div>
standard_args.html:174:1 (standard_args.Rd:83): Warning: missing </ul> before </div>
Flavor: r-devel-linux-x86_64-debian-clang