Last updated on 2025-10-26 11:50:47 CET.
| Flavor | Version | Tinstall | Tcheck | Ttotal | Status | Flags |
|---|---|---|---|---|---|---|
| r-devel-linux-x86_64-debian-clang | 1.0 | 3.17 | 33.07 | 36.24 | OK | |
| r-devel-linux-x86_64-debian-gcc | 1.0 | 2.26 | 26.54 | 28.80 | OK | |
| r-devel-linux-x86_64-fedora-clang | 1.0 | 56.57 | OK | |||
| r-devel-linux-x86_64-fedora-gcc | 1.0 | 67.39 | OK | |||
| r-devel-windows-x86_64 | 1.0 | 5.00 | 54.00 | 59.00 | OK | |
| r-patched-linux-x86_64 | 1.0 | 3.03 | 31.96 | 34.99 | OK | |
| r-release-linux-x86_64 | 1.0 | 2.82 | 31.68 | 34.50 | OK | |
| r-release-macos-arm64 | 1.0 | 2.00 | 36.00 | 38.00 | OK | |
| r-release-macos-x86_64 | 1.0 | 3.00 | 49.00 | 52.00 | OK | |
| r-release-windows-x86_64 | 1.0 | 5.00 | 56.00 | 61.00 | OK | |
| r-oldrel-macos-arm64 | 1.0 | 2.00 | 25.00 | 27.00 | NOTE | |
| r-oldrel-macos-x86_64 | 1.0 | 3.00 | 37.00 | 40.00 | NOTE | |
| r-oldrel-windows-x86_64 | 1.0 | 6.00 | 63.00 | 69.00 | NOTE |
Version: 1.0
Check: LazyData
Result: NOTE
'LazyData' is specified without a 'data' directory
Flavors: r-oldrel-macos-arm64, r-oldrel-macos-x86_64, r-oldrel-windows-x86_64