Last updated on 2025-10-21 23:51:03 CEST.
Flavor | Version | Tinstall | Tcheck | Ttotal | Status | Flags |
---|---|---|---|---|---|---|
r-devel-linux-x86_64-debian-clang | 0.6.2-0 | 7.03 | 73.29 | 80.32 | NOTE | |
r-devel-linux-x86_64-debian-gcc | 0.6.2-0 | 4.85 | 51.80 | 56.65 | NOTE | |
r-devel-linux-x86_64-fedora-clang | 0.6.2-0 | 13.00 | 108.25 | 121.25 | OK | |
r-devel-linux-x86_64-fedora-gcc | 0.6.2-0 | 13.00 | 115.11 | 128.11 | OK | |
r-devel-windows-x86_64 | 0.6.2-0 | 7.00 | 99.00 | 106.00 | OK | |
r-patched-linux-x86_64 | 0.6.2-0 | 6.87 | 70.03 | 76.90 | OK | |
r-release-linux-x86_64 | 0.6.2-0 | 7.12 | 69.88 | 77.00 | OK | |
r-release-macos-arm64 | 0.6.2-0 | 3.00 | 77.00 | 80.00 | OK | |
r-release-macos-x86_64 | 0.6.2-0 | 6.00 | 126.00 | 132.00 | OK | |
r-release-windows-x86_64 | 0.6.2-0 | 8.00 | 197.00 | 205.00 | OK | |
r-oldrel-macos-arm64 | 0.6.2-0 | 3.00 | 46.00 | 49.00 | OK | |
r-oldrel-macos-x86_64 | 0.6.2-0 | 6.00 | 114.00 | 120.00 | OK | |
r-oldrel-windows-x86_64 | 0.6.2-0 | 8.00 | 120.00 | 128.00 | OK |
Version: 0.6.2-0
Check: HTML version of manual
Result: NOTE
Found the following HTML validation problems:
logLik.pers.html:59:1 (logLik.pers.Rd:16): Warning: missing </ul> before </div>
lrtest.pers.html:50:1 (lrtest.pers.Rd:12): Warning: missing </ul> before </div>
plot.grm.html:124:1 (plot.grm.Rd:57): Warning: missing </ul> before </div>
plot.pair.html:104:1 (plot.pair.Rd:45): Warning: missing </ul> before </div>
plot.pairSE.html:114:1 (plot.pairSE.Rd:51): Warning: missing </ul> before </div>
plot.pers.html:109:1 (plot.pers.Rd:48): Warning: missing </ul> before </div>
plot.rfa.html:104:1 (plot.rfa.Rd:45): Warning: missing </ul> before </div>
residuals.pers.html:59:1 (residuals.pers.Rd:16): Warning: missing </ul> before </div>
summary.grm.html:55:1 (summary.grm.Rd:14): Warning: missing </ul> before </div>
summary.pair.html:55:1 (summary.pair.Rd:14): Warning: missing </ul> before </div>
summary.pairS.html:55:1 (summary.pairS.Rd:14): Warning: missing </ul> before </div>
summary.pairSE.html:55:1 (summary.pairSE.Rd:14): Warning: missing </ul> before </div>
summary.pairwiseSepRel.html:51:1 (summary.pairwiseSepRel.Rd:12): Warning: missing </ul> before </div>
summary.pers.html:59:1 (summary.pers.Rd:16): Warning: missing </ul> before </div>
summary.q3.html:55:1 (summary.q3.Rd:14): Warning: missing </ul> before </div>
summary.rfa.html:55:1 (summary.rfa.Rd:14): Warning: missing </ul> before </div>
Flavors: r-devel-linux-x86_64-debian-clang, r-devel-linux-x86_64-debian-gcc