Last updated on 2025-10-23 11:50:22 CEST.
Flavor | Version | Tinstall | Tcheck | Ttotal | Status | Flags |
---|---|---|---|---|---|---|
r-devel-linux-x86_64-debian-clang | 0.5.6 | 14.57 | 115.27 | 129.84 | NOTE | |
r-devel-linux-x86_64-debian-gcc | 0.5.6 | 8.85 | 79.48 | 88.33 | OK | |
r-devel-linux-x86_64-fedora-clang | 0.5.6 | 29.00 | 170.68 | 199.68 | OK | |
r-devel-linux-x86_64-fedora-gcc | 0.5.6 | 29.00 | 158.51 | 187.51 | OK | |
r-devel-windows-x86_64 | 0.5.6 | 17.00 | 120.00 | 137.00 | OK | |
r-patched-linux-x86_64 | 0.5.6 | 14.59 | 109.26 | 123.85 | OK | |
r-release-linux-x86_64 | 0.5.6 | 12.65 | 110.61 | 123.26 | OK | |
r-release-macos-arm64 | 0.5.6 | 6.00 | 42.00 | 48.00 | OK | |
r-release-macos-x86_64 | 0.5.6 | 12.00 | 83.00 | 95.00 | OK | |
r-release-windows-x86_64 | 0.5.6 | 16.00 | 119.00 | 135.00 | OK | |
r-oldrel-macos-arm64 | 0.5.6 | 7.00 | 46.00 | 53.00 | OK | |
r-oldrel-macos-x86_64 | 0.5.6 | 12.00 | 90.00 | 102.00 | OK | |
r-oldrel-windows-x86_64 | 0.5.6 | 20.00 | 151.00 | 171.00 | OK |
Version: 0.5.6
Check: HTML version of manual
Result: NOTE
Found the following HTML validation problems:
coef.pvarfeols.html:51:1 (coef.pvarfeols.Rd:12): Warning: missing </ul> before </div>
coef.pvarhk.html:51:1 (coef.pvarhk.Rd:12): Warning: missing </ul> before </div>
knit_print.pvarfeols.html:51:1 (knit_print.pvarfeols.Rd:12): Warning: missing </ul> before </div>
knit_print.pvargmm.html:51:1 (knit_print.pvargmm.Rd:12): Warning: missing </ul> before </div>
knit_print.pvarhk.html:51:1 (knit_print.pvarhk.Rd:12): Warning: missing </ul> before </div>
knit_print.summary.pvarfeols.html:51:1 (knit_print.summary.pvarfeols.Rd:12): Warning: missing </ul> before </div>
knit_print.summary.pvargmm.html:51:1 (knit_print.summary.pvargmm.Rd:12): Warning: missing </ul> before </div>
knit_print.summary.pvarhk.html:51:1 (knit_print.summary.pvarhk.Rd:12): Warning: missing </ul> before </div>
plot.pvarstability.html:51:1 (plot.pvarstability.Rd:12): Warning: missing </ul> before </div>
print.pvarfeols.html:51:1 (print.pvarfeols.Rd:12): Warning: missing </ul> before </div>
print.pvargmm.html:51:1 (print.pvargmm.Rd:12): Warning: missing </ul> before </div>
print.pvarhk.html:51:1 (print.pvarhk.Rd:12): Warning: missing </ul> before </div>
print.pvarstability.html:51:1 (print.pvarstability.Rd:12): Warning: missing </ul> before </div>
print.summary.pvarfeols.html:51:1 (print.summary.pvarfeols.Rd:12): Warning: missing </ul> before </div>
print.summary.pvargmm.html:51:1 (print.summary.pvargmm.Rd:12): Warning: missing </ul> before </div>
print.summary.pvarhk.html:51:1 (print.summary.pvarhk.Rd:12): Warning: missing </ul> before </div>
summary.pvarfeols.html:51:1 (summary.pvarfeols.Rd:12): Warning: missing </ul> before </div>
summary.pvargmm.html:51:1 (summary.pvargmm.Rd:12): Warning: missing </ul> before </div>
summary.pvarhk.html:51:1 (summary.pvarhk.Rd:12): Warning: missing </ul> before </div>
Flavor: r-devel-linux-x86_64-debian-clang