Last updated on 2025-10-21 17:49:56 CEST.
Flavor | Version | Tinstall | Tcheck | Ttotal | Status | Flags |
---|---|---|---|---|---|---|
r-devel-linux-x86_64-debian-clang | 1.1.0 | 5.31 | 50.40 | 55.71 | NOTE | |
r-devel-linux-x86_64-debian-gcc | 1.1.0 | 3.72 | 37.85 | 41.57 | NOTE | |
r-devel-linux-x86_64-fedora-clang | 1.1.0 | 12.00 | 71.85 | 83.85 | OK | |
r-devel-linux-x86_64-fedora-gcc | 1.1.0 | 91.81 | OK | |||
r-devel-windows-x86_64 | 1.1.0 | 7.00 | 67.00 | 74.00 | OK | |
r-patched-linux-x86_64 | 1.1.0 | 5.12 | 47.18 | 52.30 | OK | |
r-release-linux-x86_64 | 1.1.0 | 5.01 | 46.92 | 51.93 | OK | |
r-release-macos-arm64 | 1.1.0 | 3.00 | 37.00 | 40.00 | OK | |
r-release-macos-x86_64 | 1.1.0 | 4.00 | 62.00 | 66.00 | OK | |
r-release-windows-x86_64 | 1.1.0 | 7.00 | 67.00 | 74.00 | OK | |
r-oldrel-macos-arm64 | 1.1.0 | 2.00 | 30.00 | 32.00 | OK | |
r-oldrel-macos-x86_64 | 1.1.0 | 4.00 | 46.00 | 50.00 | OK | |
r-oldrel-windows-x86_64 | 1.1.0 | 9.00 | 82.00 | 91.00 | OK |
Version: 1.1.0
Check: HTML version of manual
Result: NOTE
Found the following HTML validation problems:
pg_cache_clear-defunct.html:46:1 (pg_cache_clear-defunct.Rd:10): Warning: missing </ul> before </div>
pg_cache_list-defunct.html:46:1 (pg_cache_list-defunct.Rd:10): Warning: missing </ul> before </div>
Flavors: r-devel-linux-x86_64-debian-clang, r-devel-linux-x86_64-debian-gcc