Last updated on 2025-10-24 18:50:02 CEST.
| Flavor | Version | Tinstall | Tcheck | Ttotal | Status | Flags |
|---|---|---|---|---|---|---|
| r-devel-linux-x86_64-debian-clang | 1.4.3 | 151.37 | 32.49 | 183.86 | OK | |
| r-devel-linux-x86_64-debian-gcc | 1.4.3 | 119.38 | 26.42 | 145.80 | OK | |
| r-devel-linux-x86_64-fedora-clang | 1.4.3 | 249.00 | 95.48 | 344.48 | OK | |
| r-devel-linux-x86_64-fedora-gcc | 1.4.3 | 278.00 | 171.04 | 449.04 | OK | |
| r-devel-windows-x86_64 | 1.4.3 | 168.00 | 83.00 | 251.00 | OK | |
| r-patched-linux-x86_64 | 1.4.3 | 169.47 | 31.42 | 200.89 | OK | |
| r-release-linux-x86_64 | 1.4.3 | 168.09 | 31.83 | 199.92 | OK | |
| r-release-macos-arm64 | 1.4.3 | 55.00 | 36.00 | 91.00 | OK | |
| r-release-macos-x86_64 | 1.4.3 | 55.00 | 61.00 | 116.00 | OK | |
| r-release-windows-x86_64 | 1.4.3 | 173.00 | 83.00 | 256.00 | OK | |
| r-oldrel-macos-arm64 | 1.4.3 | 75.00 | 35.00 | 110.00 | NOTE | |
| r-oldrel-macos-x86_64 | 1.4.3 | 89.00 | 81.00 | 170.00 | NOTE | |
| r-oldrel-windows-x86_64 | 1.4.3 | 165.00 | 107.00 | 272.00 | OK |
Version: 1.4.3
Check: installed package size
Result: NOTE
installed size is 16.5Mb
sub-directories of 1Mb or more:
libs 16.1Mb
Flavors: r-oldrel-macos-arm64, r-oldrel-macos-x86_64