Last updated on 2025-10-21 11:53:33 CEST.
Flavor | Version | Tinstall | Tcheck | Ttotal | Status | Flags |
---|---|---|---|---|---|---|
r-devel-linux-x86_64-debian-clang | 2.2.0 | 6.13 | 53.76 | 59.89 | NOTE | |
r-devel-linux-x86_64-debian-gcc | 2.2.0 | 5.27 | 38.85 | 44.12 | NOTE | |
r-devel-linux-x86_64-fedora-clang | 2.2.0 | 87.25 | OK | |||
r-devel-linux-x86_64-fedora-gcc | 2.2.0 | 13.00 | 70.80 | 83.80 | OK | |
r-devel-windows-x86_64 | 2.2.0 | 8.00 | 66.00 | 74.00 | OK | |
r-patched-linux-x86_64 | 2.2.0 | 6.87 | 50.28 | 57.15 | OK | |
r-release-linux-x86_64 | 2.2.0 | 6.32 | 50.48 | 56.80 | OK | |
r-release-macos-arm64 | 2.2.0 | 29.00 | OK | |||
r-release-macos-x86_64 | 2.2.0 | 7.00 | 48.00 | 55.00 | OK | |
r-release-windows-x86_64 | 2.2.0 | 8.00 | 66.00 | 74.00 | OK | |
r-oldrel-macos-arm64 | 2.2.0 | 27.00 | OK | |||
r-oldrel-macos-x86_64 | 2.2.0 | 41.00 | OK | |||
r-oldrel-windows-x86_64 | 2.2.0 | 10.00 | 80.00 | 90.00 | OK |
Version: 2.2.0
Check: HTML version of manual
Result: NOTE
Found the following HTML validation problems:
spectemp.html:70:1 (spectemp.Rd:24): Warning: missing </ul> before </div>
Flavors: r-devel-linux-x86_64-debian-clang, r-devel-linux-x86_64-debian-gcc