Last updated on 2025-10-22 05:51:20 CEST.
Flavor | Version | Tinstall | Tcheck | Ttotal | Status | Flags |
---|---|---|---|---|---|---|
r-devel-linux-x86_64-debian-clang | 0.2.2 | 68.71 | 263.05 | 331.76 | NOTE | |
r-devel-linux-x86_64-debian-gcc | 0.2.2 | 45.48 | 193.36 | 238.84 | NOTE | |
r-devel-linux-x86_64-fedora-clang | 0.2.2 | 97.00 | 424.71 | 521.71 | OK | |
r-devel-linux-x86_64-fedora-gcc | 0.2.2 | 143.00 | 392.84 | 535.84 | OK | |
r-devel-windows-x86_64 | 0.2.2 | 86.00 | 305.00 | 391.00 | OK | |
r-patched-linux-x86_64 | 0.2.2 | 71.58 | 247.76 | 319.34 | OK | |
r-release-linux-x86_64 | 0.2.2 | 69.02 | 249.13 | 318.15 | OK | |
r-release-macos-arm64 | 0.2.2 | 25.00 | 127.00 | 152.00 | OK | |
r-release-macos-x86_64 | 0.2.2 | 25.00 | 250.00 | 275.00 | OK | |
r-release-windows-x86_64 | 0.2.2 | 88.00 | 307.00 | 395.00 | OK | |
r-oldrel-macos-arm64 | 0.2.2 | 26.00 | 120.00 | 146.00 | NOTE | |
r-oldrel-macos-x86_64 | 0.2.2 | 23.00 | 215.00 | 238.00 | NOTE | |
r-oldrel-windows-x86_64 | 0.2.2 | 99.00 | 403.00 | 502.00 | OK |
Version: 0.2.2
Check: HTML version of manual
Result: NOTE
Found the following HTML validation problems:
hits.html:48:1 (hits.Rd:13): Warning: missing </ul> before </div>
print_color.html:52:1 (print_color.Rd:19): Warning: missing </ul> before </div>
print_helpers.html:68:1 (print_helpers.Rd:27): Warning: missing </ul> before </div>
Flavors: r-devel-linux-x86_64-debian-clang, r-devel-linux-x86_64-debian-gcc
Version: 0.2.2
Check: installed package size
Result: NOTE
installed size is 6.0Mb
sub-directories of 1Mb or more:
libs 4.0Mb
Flavors: r-oldrel-macos-arm64, r-oldrel-macos-x86_64