Last updated on 2025-10-24 11:50:53 CEST.
| Flavor | Version | Tinstall | Tcheck | Ttotal | Status | Flags |
|---|---|---|---|---|---|---|
| r-devel-linux-x86_64-debian-clang | 2.1.0 | 26.07 | 28.35 | 54.42 | OK | |
| r-devel-linux-x86_64-debian-gcc | 2.1.0 | 20.59 | 22.84 | 43.43 | OK | |
| r-devel-linux-x86_64-fedora-clang | 2.1.0 | 115.00 | -30.31 | 84.69 | OK | |
| r-devel-linux-x86_64-fedora-gcc | 2.1.0 | 54.00 | 24.59 | 78.59 | OK | |
| r-devel-windows-x86_64 | 2.1.0 | 28.00 | 47.00 | 75.00 | OK | |
| r-patched-linux-x86_64 | 2.1.0 | 25.12 | 27.97 | 53.09 | OK | |
| r-release-linux-x86_64 | 2.1.0 | 25.69 | 27.61 | 53.30 | OK | |
| r-release-macos-arm64 | 2.1.0 | 18.00 | 21.00 | 39.00 | OK | |
| r-release-macos-x86_64 | 2.1.0 | 28.00 | 29.00 | 57.00 | OK | |
| r-release-windows-x86_64 | 2.1.0 | 26.00 | 52.00 | 78.00 | OK | |
| r-oldrel-macos-arm64 | 2.1.0 | 21.00 | 18.00 | 39.00 | NOTE | |
| r-oldrel-macos-x86_64 | 2.1.0 | 20.00 | 21.00 | 41.00 | NOTE | |
| r-oldrel-windows-x86_64 | 2.1.0 | 29.00 | 49.00 | 78.00 | NOTE |
Version: 2.1.0
Check: installed package size
Result: NOTE
installed size is 5.7Mb
sub-directories of 1Mb or more:
R 4.0Mb
data 1.5Mb
Flavors: r-oldrel-macos-arm64, r-oldrel-macos-x86_64, r-oldrel-windows-x86_64