Last updated on 2025-10-21 17:49:56 CEST.
Flavor | Version | Tinstall | Tcheck | Ttotal | Status | Flags |
---|---|---|---|---|---|---|
r-devel-linux-x86_64-debian-clang | 0.9.0 | 16.96 | 78.20 | 95.16 | NOTE | |
r-devel-linux-x86_64-debian-gcc | 0.9.0 | 12.28 | 53.98 | 66.26 | NOTE | |
r-devel-linux-x86_64-fedora-clang | 0.9.0 | 43.00 | 92.12 | 135.12 | OK | |
r-devel-linux-x86_64-fedora-gcc | 0.9.0 | 42.00 | 81.28 | 123.28 | OK | |
r-devel-windows-x86_64 | 0.9.0 | 20.00 | 117.00 | 137.00 | OK | |
r-patched-linux-x86_64 | 0.9.0 | 22.58 | 73.22 | 95.80 | OK | |
r-release-linux-x86_64 | 0.9.0 | 15.51 | 73.89 | 89.40 | OK | |
r-release-macos-arm64 | 0.9.0 | 12.00 | 53.00 | 65.00 | OK | |
r-release-macos-x86_64 | 0.9.0 | 21.00 | 75.00 | 96.00 | OK | |
r-release-windows-x86_64 | 0.9.0 | 20.00 | 116.00 | 136.00 | OK | |
r-oldrel-macos-arm64 | 0.9.0 | 7.00 | 37.00 | 44.00 | OK | |
r-oldrel-macos-x86_64 | 0.9.0 | 26.00 | 91.00 | 117.00 | OK | |
r-oldrel-windows-x86_64 | 0.9.0 | 26.00 | 130.00 | 156.00 | OK |
Version: 0.9.0
Check: HTML version of manual
Result: NOTE
Found the following HTML validation problems:
billing_create_billing_view.html:83:1 (billing_create_billing_view.Rd:35): Warning: missing </ul> before </div>
billing_delete_billing_view.html:49:1 (billing_delete_billing_view.Rd:11): Warning: missing </ul> before </div>
billing_get_billing_view.html:49:1 (billing_get_billing_view.Rd:11): Warning: missing </ul> before </div>
billing_get_resource_policy.html:50:1 (billing_get_resource_policy.Rd:12): Warning: missing </ul> before </div>
billing_list_billing_views.html:80:1 (billing_list_billing_views.Rd:32): Warning: missing </ul> before </div>
billing_list_source_views_for_billing_view.html:63:1 (billing_list_source_views_for_billing_view.Rd:21): Warning: missing </ul> before </div>
billing_list_tags_for_resource.html:48:1 (billing_list_tags_for_resource.Rd:10): Warning: missing </ul> before </div>
billing_tag_resource.html:53:1 (billing_tag_resource.Rd:13): Warning: missing </ul> before </div>
billing_untag_resource.html:52:1 (billing_untag_resource.Rd:12): Warning: missing </ul> before </div>
billing_update_billing_view.html:68:1 (billing_update_billing_view.Rd:24): Warning: missing </ul> before </div>
billingconductor_associate_accounts.html:54:1 (billingconductor_associate_accounts.Rd:14): Warning: missing </ul> before </div>
billingconductor_associate_pricing_rules.html:52:1 (billingconductor_associate_pricing_rules.Rd:12): Warning: missing </ul> before </div>
billingconductor_batch_assoc_resou_to_custo_line_item.html:59:1 (billingconductor_batch_assoc_resou_to_custo_line_item.Rd:18): Warning: missing </ul> before </div>
billingconductor_batch_disas_resou_from_custo_line_item.html:59:1 (billingconductor_batch_disas_resou_from_custo_line_item.Rd:18): Warning: missing </ul> before </div>
billingconductor_create_billing_group.html:86:1 (billingconductor_create_billing_group.Rd:36): Warning: missing </ul> before </div>
billingconductor_create_custom_line_item.html:93:1 (billingconductor_create_custom_line_item.Rd:41): Warning: missing </ul> before </div>
billingconductor_create_pricing_plan.html:75:1 (billingconductor_create_pricing_plan.Rd:29): Warning: missing </ul> before </div>
billingconductor_create_pricing_rule.html:127:1 (billingconductor_create_pricing_rule.Rd:68): Warning: missing </ul> before </div>
billingconductor_delete_billing_group.html:49:1 (billingconductor_delete_billing_group.Rd:11): Warning: missing </ul> before </div>
billingconductor_delete_custom_line_item.html:52:1 (billingconductor_delete_custom_line_item.Rd:13): Warning: missing </ul> before </div>
billingconductor_delete_pricing_plan.html:48:1 (billingconductor_delete_pricing_plan.Rd:10): Warning: missing </ul> before </div>
billingconductor_delete_pricing_rule.html:50:1 (billingconductor_delete_pricing_rule.Rd:12): Warning: missing </ul> before </div>
billingconductor_disassociate_accounts.html:53:1 (billingconductor_disassociate_accounts.Rd:13): Warning: missing </ul> before </div>
billingconductor_disassociate_pricing_rules.html:54:1 (billingconductor_disassociate_pricing_rules.Rd:14): Warning: missing </ul> before </div>
billingconductor_get_billing_group_cost_report.html:77:1 (billingconductor_get_billing_group_cost_report.Rd:31): Warning: missing </ul> before </div>
billingconductor_list_account_associations.html:70:1 (billingconductor_list_account_associations.Rd:28): Warning: missing </ul> before </div>
billingconductor_list_billing_group_cost_reports.html:68:1 (billingconductor_list_billing_group_cost_reports.Rd:24): Warning: missing </ul> before </div>
billingconductor_list_billing_groups.html:68:1 (billingconductor_list_billing_groups.Rd:24): Warning: missing </ul> before </div>
billingconductor_list_custom_line_item_versions.html:67:1 (billingconductor_list_custom_line_item_versions.Rd:23): Warning: missing </ul> before </div>
billingconductor_list_custom_line_items.html:69:1 (billingconductor_list_custom_line_items.Rd:25): Warning: missing </ul> before </div>
billingconductor_list_prici_plans_assoc_with_prici_rule.html:66:1 (billingconductor_list_prici_plans_assoc_with_prici_rule.Rd:22): Warning: missing </ul> before </div>
billingconductor_list_prici_rules_assoc_to_prici_plan.html:67:1 (billingconductor_list_prici_rules_assoc_to_prici_plan.Rd:23): Warning: missing </ul> before </div>
billingconductor_list_pricing_plans.html:67:1 (billingconductor_list_pricing_plans.Rd:23): Warning: missing </ul> before </div>
billingconductor_list_pricing_rules.html:68:1 (billingconductor_list_pricing_rules.Rd:24): Warning: missing </ul> before </div>
billingconductor_list_resou_assoc_to_custo_line_item.html:72:1 (billingconductor_list_resou_assoc_to_custo_line_item.Rd:26): Warning: missing </ul> before </div>
billingconductor_list_tags_for_resource.html:49:1 (billingconductor_list_tags_for_resource.Rd:11): Warning: missing </ul> before </div>
billingconductor_tag_resource.html:53:1 (billingconductor_tag_resource.Rd:13): Warning: missing </ul> before </div>
billingconductor_untag_resource.html:52:1 (billingconductor_untag_resource.Rd:12): Warning: missing </ul> before </div>
billingconductor_update_billing_group.html:79:1 (billingconductor_update_billing_group.Rd:31): Warning: missing </ul> before </div>
billingconductor_update_custom_line_item.html:71:1 (billingconductor_update_custom_line_item.Rd:26): Warning: missing </ul> before </div>
billingconductor_update_pricing_plan.html:57:1 (billingconductor_update_pricing_plan.Rd:15): Warning: missing </ul> before </div>
billingconductor_update_pricing_rule.html:76:1 (billingconductor_update_pricing_rule.Rd:28): Warning: missing </ul> before </div>
budgets_create_budget.html:71:1 (budgets_create_budget.Rd:27): Warning: missing </ul> before </div>
budgets_create_budget_action.html:100:1 (budgets_create_budget_action.Rd:44): Warning: missing </ul> before </div>
budgets_create_notification.html:64:1 (budgets_create_notification.Rd:20): Warning: missing </ul> before </div>
budgets_create_subscriber.html:62:1 (budgets_create_subscriber.Rd:18): Warning: missing </ul> before </div>
budgets_delete_budget.html:53:1 (budgets_delete_budget.Rd:13): Warning: missing </ul> before </div>
budgets_delete_budget_action.html:56:1 (budgets_delete_budget_action.Rd:14): Warning: missing </ul> before </div>
budgets_delete_notification.html:57:1 (budgets_delete_notification.Rd:15): Warning: missing </ul> before </div>
budgets_delete_subscriber.html:61:1 (budgets_delete_subscriber.Rd:17): Warning: missing </ul> before </div>
budgets_describe_budget.html:53:1 (budgets_describe_budget.Rd:13): Warning: missing </ul> before </div>
budgets_describe_budget_action.html:56:1 (budgets_describe_budget_action.Rd:14): Warning: missing </ul> before </div>
budgets_describe_budget_action_histories.html:72:1 (budgets_describe_budget_action_histories.Rd:27): Warning: missing </ul> before </div>
budgets_describe_budget_actions_for_account.html:58:1 (budgets_describe_budget_actions_for_account.Rd:18): Warning: missing </ul> before </div>
budgets_describe_budget_actions_for_budget.html:63:1 (budgets_describe_budget_actions_for_budget.Rd:21): Warning: missing </ul> before </div>
budgets_describe_budget_notifications_for_account.html:61:1 (budgets_describe_budget_notifications_for_account.Rd:20): Warning: missing </ul> before </div>
budgets_describe_budget_performance_history.html:69:1 (budgets_describe_budget_performance_history.Rd:25): Warning: missing </ul> before </div>
budgets_describe_budgets.html:59:1 (budgets_describe_budgets.Rd:17): Warning: missing </ul> before </div>
budgets_describe_notifications_for_budget.html:68:1 (budgets_describe_notifications_for_budget.Rd:24): Warning: missing </ul> before </div>
budgets_describe_subscribers_for_notification.html:73:1 (budgets_describe_subscribers_for_notification.Rd:27): Warning: missing </ul> before </div>
budgets_execute_budget_action.html:60:1 (budgets_execute_budget_action.Rd:16): Warning: missing </ul> before </div>
budgets_list_tags_for_resource.html:48:1 (budgets_list_tags_for_resource.Rd:10): Warning: missing </ul> before </div>
budgets_tag_resource.html:52:1 (budgets_tag_resource.Rd:12): Warning: missing </ul> before </div>
budgets_untag_resource.html:52:1 (budgets_untag_resource.Rd:12): Warning: missing </ul> before </div>
budgets_update_budget.html:53:1 (budgets_update_budget.Rd:13): Warning: missing </ul> before </div>
budgets_update_budget_action.html:87:1 (budgets_update_budget_action.Rd:37): Warning: missing </ul> before </div>
budgets_update_notification.html:66:1 (budgets_update_notification.Rd:22): Warning: missing </ul> before </div>
budgets_update_subscriber.html:71:1 (budgets_update_subscriber.Rd:25): Warning: missing </ul> before </div>
costandusagereportservice_delete_report_definition.html:49:1 (costandusagereportservice_delete_report_definition.Rd:11): Warning: missing </ul> before </div>
costandusagereportservice_describe_report_definitions.html:54:1 (costandusagereportservice_describe_report_definitions.Rd:16): Warning: missing </ul> before </div>
costandusagereportservice_list_tags_for_resource.html:49:1 (costandusagereportservice_list_tags_for_resource.Rd:11): Warning: missing </ul> before </div>
costandusagereportservice_modify_report_definition.html:55:1 (costandusagereportservice_modify_report_definition.Rd:15): Warning: missing </ul> before </div>
costandusagereportservice_put_report_definition.html:53:1 (costandusagereportservice_put_report_definition.Rd:13): Warning: missing </ul> before </div>
costandusagereportservice_tag_resource.html:53:1 (costandusagereportservice_tag_resource.Rd:13): Warning: missing </ul> before </div>
costandusagereportservice_untag_resource.html:53:1 (costandusagereportservice_untag_resource.Rd:13): Warning: missing </ul> before </div>
costexplorer_create_anomaly_monitor.html:87:1 (costexplorer_create_anomaly_monitor.Rd:32): Warning: missing </ul> before </div>
costexplorer_create_anomaly_subscription.html:89:1 (costexplorer_create_anomaly_subscription.Rd:34): Warning: missing </ul> before </div>
costexplorer_create_cost_category_definition.html:119:1 (costexplorer_create_cost_category_definition.Rd:55): Warning: missing </ul> before </div>
costexplorer_delete_anomaly_monitor.html:49:1 (costexplorer_delete_anomaly_monitor.Rd:11): Warning: missing </ul> before </div>
costexplorer_delete_anomaly_subscription.html:49:1 (costexplorer_delete_anomaly_subscription.Rd:11): Warning: missing </ul> before </div>
costexplorer_delete_cost_category_definition.html:48:1 (costexplorer_delete_cost_category_definition.Rd:10): Warning: missing </ul> before </div>
costexplorer_describe_cost_category_definition.html:56:1 (costexplorer_describe_cost_category_definition.Rd:16): Warning: missing </ul> before </div>
costexplorer_get_anomalies.html:83:1 (costexplorer_get_anomalies.Rd:35): Warning: missing </ul> before </div>
costexplorer_get_anomaly_monitors.html:62:1 (costexplorer_get_anomaly_monitors.Rd:20): Warning: missing </ul> before </div>
costexplorer_get_anomaly_subscriptions.html:67:1 (costexplorer_get_anomaly_subscriptions.Rd:23): Warning: missing </ul> before </div>
costexplorer_get_approximate_usage_records.html:65:1 (costexplorer_get_approximate_usage_records.Rd:23): Warning: missing </ul> before </div>
costexplorer_get_commitment_purchase_analysis.html:48:1 (costexplorer_get_commitment_purchase_analysis.Rd:10): Warning: missing </ul> before </div>
costexplorer_get_cost_and_usage.html:132:1 (costexplorer_get_cost_and_usage.Rd:82): Warning: missing </ul> before </div>
costexplorer_get_cost_and_usage_with_resources.html:133:1 (costexplorer_get_cost_and_usage_with_resources.Rd:83): Warning: missing </ul> before </div>
costexplorer_get_cost_categories.html:137:1 (costexplorer_get_cost_categories.Rd:72): Warning: missing </ul> before </div>
costexplorer_get_cost_forecast.html:189:1 (costexplorer_get_cost_forecast.Rd:83): Warning: missing </ul> before </div>
costexplorer_get_dimension_values.html:341:1 (costexplorer_get_dimension_values.Rd:190): Warning: missing </ul> before </div>
costexplorer_get_reservation_coverage.html:234:1 (costexplorer_get_reservation_coverage.Rd:113): Warning: missing </ul> before </div>
costexplorer_get_reservation_purchase_recommendation.html:103:1 (costexplorer_get_reservation_purchase_recommendation.Rd:48): Warning: missing </ul> before </div>
costexplorer_get_reservation_utilization.html:205:1 (costexplorer_get_reservation_utilization.Rd:97): Warning: missing </ul> before </div>
costexplorer_get_rightsizing_recommendation.html:80:1 (costexplorer_get_rightsizing_recommendation.Rd:35): Warning: missing </ul> before </div>
costexplorer_get_saving_plan_purcha_recomm_detail.html:50:1 (costexplorer_get_saving_plan_purcha_recomm_detail.Rd:12): Warning: missing </ul> before </div>
costexplorer_get_savings_plans_coverage.html:151:1 (costexplorer_get_savings_plans_coverage.Rd:75): Warning: missing </ul> before </div>
costexplorer_get_savings_plans_purchase_recommendation.html:104:1 (costexplorer_get_savings_plans_purchase_recommendation.Rd:52): Warning: missing </ul> before </div>
costexplorer_get_savings_plans_utilization.html:124:1 (costexplorer_get_savings_plans_utilization.Rd:56): Warning: missing </ul> before </div>
costexplorer_get_savings_plans_utilization_details.html:135:1 (costexplorer_get_savings_plans_utilization_details.Rd:61): Warning: missing </ul> before </div>
costexplorer_get_tags.html:133:1 (costexplorer_get_tags.Rd:67): Warning: missing </ul> before </div>
costexplorer_get_usage_forecast.html:184:1 (costexplorer_get_usage_forecast.Rd:84): Warning: missing </ul> before </div>
costexplorer_list_commitment_purchase_analyses.html:66:1 (costexplorer_list_commitment_purchase_analyses.Rd:22): Warning: missing </ul> before </div>
costexplorer_list_cost_allocation_tag_backfill_history.html:58:1 (costexplorer_list_cost_allocation_tag_backfill_history.Rd:18): Warning: missing </ul> before </div>
costexplorer_list_cost_allocation_tags.html:78:1 (costexplorer_list_cost_allocation_tags.Rd:32): Warning: missing </ul> before </div>
costexplorer_list_cost_category_definitions.html:63:1 (costexplorer_list_cost_category_definitions.Rd:21): Warning: missing </ul> before </div>
costexplorer_list_saving_plans_purcha_recomm_genera.html:67:1 (costexplorer_list_saving_plans_purcha_recomm_genera.Rd:23): Warning: missing </ul> before </div>
costexplorer_list_tags_for_resource.html:51:1 (costexplorer_list_tags_for_resource.Rd:13): Warning: missing </ul> before </div>
costexplorer_provide_anomaly_feedback.html:53:1 (costexplorer_provide_anomaly_feedback.Rd:13): Warning: missing </ul> before </div>
costexplorer_start_commitment_purchase_analysis.html:51:1 (costexplorer_start_commitment_purchase_analysis.Rd:13): Warning: missing </ul> before </div>
costexplorer_start_cost_allocation_tag_backfill.html:50:1 (costexplorer_start_cost_allocation_tag_backfill.Rd:12): Warning: missing </ul> before </div>
costexplorer_tag_resource.html:86:1 (costexplorer_tag_resource.Rd:31): Warning: missing </ul> before </div>
costexplorer_untag_resource.html:57:1 (costexplorer_untag_resource.Rd:17): Warning: missing </ul> before </div>
costexplorer_update_anomaly_monitor.html:52:1 (costexplorer_update_anomaly_monitor.Rd:12): Warning: missing </ul> before </div>
costexplorer_update_anomaly_subscription.html:122:1 (costexplorer_update_anomaly_subscription.Rd:63): Warning: missing </ul> before </div>
costexplorer_update_cost_allocation_tags_status.html:50:1 (costexplorer_update_cost_allocation_tags_status.Rd:12): Warning: missing </ul> before </div>
costexplorer_update_cost_category_definition.html:81:1 (costexplorer_update_cost_category_definition.Rd:34): Warning: missing </ul> before </div>
marketplacecatalog_batch_describe_entities.html:48:1 (marketplacecatalog_batch_describe_entities.Rd:10): Warning: missing </ul> before </div>
marketplacecatalog_cancel_change_set.html:55:1 (marketplacecatalog_cancel_change_set.Rd:15): Warning: missing </ul> before </div>
marketplacecatalog_delete_resource_policy.html:50:1 (marketplacecatalog_delete_resource_policy.Rd:12): Warning: missing </ul> before </div>
marketplacecatalog_describe_change_set.html:55:1 (marketplacecatalog_describe_change_set.Rd:15): Warning: missing </ul> before </div>
marketplacecatalog_describe_entity.html:53:1 (marketplacecatalog_describe_entity.Rd:13): Warning: missing </ul> before </div>
marketplacecatalog_get_resource_policy.html:50:1 (marketplacecatalog_get_resource_policy.Rd:12): Warning: missing </ul> before </div>
marketplacecatalog_list_change_sets.html:74:1 (marketplacecatalog_list_change_sets.Rd:28): Warning: missing </ul> before </div>
marketplacecatalog_list_entities.html:106:1 (marketplacecatalog_list_entities.Rd:52): Warning: missing </ul> before </div>
marketplacecatalog_list_tags_for_resource.html:50:1 (marketplacecatalog_list_tags_for_resource.Rd:12): Warning: missing </ul> before </div>
marketplacecatalog_put_resource_policy.html:53:1 (marketplacecatalog_put_resource_policy.Rd:13): Warning: missing </ul> before </div>
marketplacecatalog_start_change_set.html:80:1 (marketplacecatalog_start_change_set.Rd:32): Warning: missing </ul> before </div>
marketplacecatalog_tag_resource.html:54:1 (marketplacecatalog_tag_resource.Rd:14): Warning: missing </ul> before </div>
marketplacecatalog_untag_resource.html:55:1 (marketplacecatalog_untag_resource.Rd:15): Warning: missing </ul> before </div>
marketplacecommerceanalytics_generate_data_set.html:242:1 (marketplacecommerceanalytics_generate_data_set.Rd:141): Warning: missing </ul> before </div>
marketplacecommerceanalytics_start_support_data_export.html:116:1 (marketplacecommerceanalytics_start_support_data_export.Rd:61): Warning: missing </ul> before </div>
marketplaceentitlementservice_get_entitlements.html:73:1 (marketplaceentitlementservice_get_entitlements.Rd:29): Warning: missing </ul> before </div>
marketplacemetering_batch_meter_usage.html:57:1 (marketplacemetering_batch_meter_usage.Rd:17): Warning: missing </ul> before </div>
marketplacemetering_meter_usage.html:88:1 (marketplacemetering_meter_usage.Rd:40): Warning: missing </ul> before </div>
marketplacemetering_register_usage.html:61:1 (marketplacemetering_register_usage.Rd:19): Warning: missing </ul> before </div>
marketplacemetering_resolve_customer.html:52:1 (marketplacemetering_resolve_customer.Rd:14): Warning: missing </ul> before </div>
paymentcryptographycontrolplane_create_alias.html:60:1 (paymentcryptographycontrolplane_create_alias.Rd:20): Warning: missing </ul> before </div>
paymentcryptographycontrolplane_create_key.html:100:1 (paymentcryptographycontrolplane_create_key.Rd:54): Warning: missing </ul> before </div>
paymentcryptographycontrolplane_delete_alias.html:50:1 (paymentcryptographycontrolplane_delete_alias.Rd:12): Warning: missing </ul> before </div>
paymentcryptographycontrolplane_delete_key.html:56:1 (paymentcryptographycontrolplane_delete_key.Rd:16): Warning: missing </ul> before </div>
paymentcryptographycontrolplane_export_key.html:62:1 (paymentcryptographycontrolplane_export_key.Rd:20): Warning: missing </ul> before </div>
paymentcryptographycontrolplane_get_alias.html:49:1 (paymentcryptographycontrolplane_get_alias.Rd:11): Warning: missing </ul> before </div>
paymentcryptographycontrolplane_get_key.html:50:1 (paymentcryptographycontrolplane_get_key.Rd:12): Warning: missing </ul> before </div>
paymentcryptographycontrolplane_get_parameters_for_export.html:61:1 (paymentcryptographycontrolplane_get_parameters_for_export.Rd:21): Warning: missing </ul> before </div>
paymentcryptographycontrolplane_get_parameters_for_import.html:68:1 (paymentcryptographycontrolplane_get_parameters_for_import.Rd:28): Warning: missing </ul> before </div>
paymentcryptographycontrolplane_get_public_key_certificate.html:49:1 (paymentcryptographycontrolplane_get_public_key_certificate.Rd:11): Warning: missing </ul> before </div>
paymentcryptographycontrolplane_import_key.html:93:1 (paymentcryptographycontrolplane_import_key.Rd:49): Warning: missing </ul> before </div>
paymentcryptographycontrolplane_list_aliases.html:69:1 (paymentcryptographycontrolplane_list_aliases.Rd:27): Warning: missing </ul> before </div>
paymentcryptographycontrolplane_list_keys.html:69:1 (paymentcryptographycontrolplane_list_keys.Rd:27): Warning: missing </ul> before </div>
paymentcryptographycontrolplane_list_tags_for_resource.html:68:1 (paymentcryptographycontrolplane_list_tags_for_resource.Rd:26): Warning: missing </ul> before </div>
paymentcryptographycontrolplane_restore_key.html:49:1 (paymentcryptographycontrolplane_restore_key.Rd:11): Warning: missing </ul> before </div>
paymentcryptographycontrolplane_start_key_usage.html:50:1 (paymentcryptographycontrolplane_start_key_usage.Rd:12): Warning: missing </ul> before </div>
paymentcryptographycontrolplane_stop_key_usage.html:49:1 (paymentcryptographycontrolplane_stop_key_usage.Rd:11): Warning: missing </ul> before </div>
paymentcryptographycontrolplane_tag_resource.html:69:1 (paymentcryptographycontrolplane_tag_resource.Rd:29): Warning: missing </ul> before </div>
paymentcryptographycontrolplane_untag_resource.html:59:1 (paymentcryptographycontrolplane_untag_resource.Rd:19): Warning: missing </ul> before </div>
paymentcryptographycontrolplane_update_alias.html:54:1 (paymentcryptographycontrolplane_update_alias.Rd:14): Warning: missing </ul> before </div>
paymentcryptographydataplane_decrypt_data.html:72:1 (paymentcryptographydataplane_decrypt_data.Rd:28): Warning: missing </ul> before </div>
paymentcryptographydataplane_encrypt_data.html:78:1 (paymentcryptographydataplane_encrypt_data.Rd:34): Warning: missing </ul> before </div>
paymentcryptographydataplane_generate_card_validation_data.html:71:1 (paymentcryptographydataplane_generate_card_validation_data.Rd:27): Warning: missing </ul> before </div>
paymentcryptographydataplane_generate_mac.html:68:1 (paymentcryptographydataplane_generate_mac.Rd:24): Warning: missing </ul> before </div>
paymentcryptographydataplane_generate_mac_emv_pin_change.html:88:1 (paymentcryptographydataplane_generate_mac_emv_pin_change.Rd:38): Warning: missing </ul> before </div>
paymentcryptographydataplane_generate_pin_data.html:94:1 (paymentcryptographydataplane_generate_pin_data.Rd:45): Warning: missing </ul> before </div>
paymentcryptographydataplane_re_encrypt_data.html:89:1 (paymentcryptographydataplane_re_encrypt_data.Rd:39): Warning: missing </ul> before </div>
paymentcryptographydataplane_translate_pin_data.html:104:1 (paymentcryptographydataplane_translate_pin_data.Rd:50): Warning: missing </ul> before </div>
paymentcryptographydataplane_verify_auth_request_cryptogram.html:89:1 (paymentcryptographydataplane_verify_auth_request_cryptogram.Rd:41): Warning: missing </ul> before </div>
paymentcryptographydataplane_verify_card_validation_data.html:72:1 (paymentcryptographydataplane_verify_card_validation_data.Rd:28): Warning: missing </ul> before </div>
paymentcryptographydataplane_verify_mac.html:73:1 (paymentcryptographydataplane_verify_mac.Rd:27): Warning: missing </ul> before </div>
paymentcryptographydataplane_verify_pin_data.html:103:1 (paymentcryptographydataplane_verify_pin_data.Rd:50): Warning: missing </ul> before </div>
pricing_describe_services.html:72:1 (pricing_describe_services.Rd:28): Warning: missing </ul> before </div>
pricing_get_attribute_values.html:68:1 (pricing_get_attribute_values.Rd:24): Warning: missing </ul> before </div>
pricing_get_price_list_file_url.html:56:1 (pricing_get_price_list_file_url.Rd:16): Warning: missing </ul> before </div>
pricing_get_products.html:74:1 (pricing_get_products.Rd:28): Warning: missing </ul> before </div>
pricing_list_price_lists.html:92:1 (pricing_list_price_lists.Rd:44): Warning: missing </ul> before </div>
savingsplans_create_savings_plan.html:81:1 (savingsplans_create_savings_plan.Rd:33): Warning: missing </ul> before </div>
savingsplans_delete_queued_savings_plan.html:48:1 (savingsplans_delete_queued_savings_plan.Rd:10): Warning: missing </ul> before </div>
savingsplans_describe_savings_plan_rates.html:66:1 (savingsplans_describe_savings_plan_rates.Rd:22): Warning: missing </ul> before </div>
savingsplans_describe_savings_plans.html:76:1 (savingsplans_describe_savings_plans.Rd:28): Warning: missing </ul> before </div>
savingsplans_describe_savings_plans_offering_rates.html:97:1 (savingsplans_describe_savings_plans_offering_rates.Rd:41): Warning: missing </ul> before </div>
savingsplans_describe_savings_plans_offerings.html:112:1 (savingsplans_describe_savings_plans_offerings.Rd:50): Warning: missing </ul> before </div>
savingsplans_list_tags_for_resource.html:48:1 (savingsplans_list_tags_for_resource.Rd:10): Warning: missing </ul> before </div>
savingsplans_return_savings_plan.html:53:1 (savingsplans_return_savings_plan.Rd:13): Warning: missing </ul> before </div>
savingsplans_tag_resource.html:53:1 (savingsplans_tag_resource.Rd:13): Warning: missing </ul> before </div>
savingsplans_untag_resource.html:52:1 (savingsplans_untag_resource.Rd:12): Warning: missing </ul> before </div>
Flavors: r-devel-linux-x86_64-debian-clang, r-devel-linux-x86_64-debian-gcc