CRAN Package Check Results for Package paws.customer.engagement

Last updated on 2025-10-21 11:53:33 CEST.

Flavor Version Tinstall Tcheck Ttotal Status Flags
r-devel-linux-x86_64-debian-clang 0.9.0 75.37 211.99 287.36 NOTE
r-devel-linux-x86_64-debian-gcc 0.9.0 45.83 141.53 187.36 NOTE
r-devel-linux-x86_64-fedora-clang 0.9.0 418.05 OK
r-devel-linux-x86_64-fedora-gcc 0.9.0 160.00 216.11 376.11 OK
r-devel-windows-x86_64 0.9.0 79.00 363.00 442.00 OK
r-patched-linux-x86_64 0.9.0 95.93 194.21 290.14 OK
r-release-linux-x86_64 0.9.0 68.85 195.01 263.86 OK
r-release-macos-arm64 0.9.0 149.00 OK
r-release-macos-x86_64 0.9.0 95.00 149.00 244.00 OK
r-release-windows-x86_64 0.9.0 82.00 361.00 443.00 OK
r-oldrel-macos-arm64 0.9.0 101.00 OK
r-oldrel-macos-x86_64 0.9.0 240.00 OK
r-oldrel-windows-x86_64 0.9.0 108.00 392.00 500.00 OK

Check Details

Version: 0.9.0
Check: CRAN incoming feasibility
Result: NOTE Maintainer: ‘Dyfan Jones <dyfan.r.jones@gmail.com>’ Found the following (possibly) invalid URLs: URL: https://docs.aws.amazon.com/connect/latest/adminguide/historical-metrics-definitions.html##average-non-talk-time-historical From: man/connect_get_metric_data_v2.Rd Message: Invalid URL: '#' not allowed in fragment Flavors: r-devel-linux-x86_64-debian-clang, r-devel-linux-x86_64-debian-gcc

Version: 0.9.0
Check: HTML version of manual
Result: NOTE Found the following HTML validation problems: connect_activate_evaluation_form.html:62:1 (connect_activate_evaluation_form.Rd:20): Warning: missing </ul> before </div> connect_associate_analytics_data_set.html:65:1 (connect_associate_analytics_data_set.Rd:23): Warning: missing </ul> before </div> connect_associate_approved_origin.html:61:1 (connect_associate_approved_origin.Rd:19): Warning: missing </ul> before </div> connect_associate_bot.html:69:1 (connect_associate_bot.Rd:26): Warning: missing </ul> before </div> connect_associate_default_vocabulary.html:63:1 (connect_associate_default_vocabulary.Rd:21): Warning: missing </ul> before </div> connect_associate_flow.html:72:1 (connect_associate_flow.Rd:23): Warning: missing </ul> before </div> connect_associate_instance_storage_config.html:89:1 (connect_associate_instance_storage_config.Rd:40): Warning: missing </ul> before </div> connect_associate_lambda_function.html:62:1 (connect_associate_lambda_function.Rd:20): Warning: missing </ul> before </div> connect_associate_lex_bot.html:61:1 (connect_associate_lex_bot.Rd:19): Warning: missing </ul> before </div> connect_associate_phone_number_contact_flow.html:62:1 (connect_associate_phone_number_contact_flow.Rd:20): Warning: missing </ul> before </div> connect_associate_queue_quick_connects.html:58:1 (connect_associate_queue_quick_connects.Rd:16): Warning: missing </ul> before </div> connect_associate_routing_profile_queues.html:61:1 (connect_associate_routing_profile_queues.Rd:19): Warning: missing </ul> before </div> connect_associate_security_key.html:61:1 (connect_associate_security_key.Rd:19): Warning: missing </ul> before </div> connect_associate_traffic_distribution_group_user.html:63:1 (connect_associate_traffic_distribution_group_user.Rd:21): Warning: missing </ul> before </div> connect_associate_user_proficiencies.html:57:1 (connect_associate_user_proficiencies.Rd:15): Warning: missing </ul> before </div> connect_batch_associate_analytics_data_set.html:65:1 (connect_batch_associate_analytics_data_set.Rd:23): Warning: missing </ul> before </div> connect_batch_disassociate_analytics_data_set.html:65:1 (connect_batch_disassociate_analytics_data_set.Rd:23): Warning: missing </ul> before </div> connect_batch_get_attached_file_metadata.html:67:1 (connect_batch_get_attached_file_metadata.Rd:25): Warning: missing </ul> before </div> connect_batch_get_flow_association.html:72:1 (connect_batch_get_flow_association.Rd:25): Warning: missing </ul> before </div> connect_batch_put_contact.html:65:1 (connect_batch_put_contact.Rd:23): Warning: missing </ul> before </div> connect_claim_phone_number.html:89:1 (connect_claim_phone_number.Rd:41): Warning: missing </ul> before </div> connect_complete_attached_file_upload.html:67:1 (connect_complete_attached_file_upload.Rd:25): Warning: missing </ul> before </div> connect_create_agent_status.html:78:1 (connect_create_agent_status.Rd:30): Warning: missing </ul> before </div> connect_create_contact.html:143:1 (connect_create_contact.Rd:81): Warning: missing </ul> before </div> connect_create_contact_flow.html:89:1 (connect_create_contact_flow.Rd:39): Warning: missing </ul> before </div> connect_create_contact_flow_module.html:81:1 (connect_create_contact_flow_module.Rd:33): Warning: missing </ul> before </div> connect_create_contact_flow_version.html:80:1 (connect_create_contact_flow_version.Rd:30): Warning: missing </ul> before </div> connect_create_email_address.html:81:1 (connect_create_email_address.Rd:33): Warning: missing </ul> before </div> connect_create_evaluation_form.html:81:1 (connect_create_evaluation_form.Rd:33): Warning: missing </ul> before </div> connect_create_hours_of_operation.html:79:1 (connect_create_hours_of_operation.Rd:31): Warning: missing </ul> before </div> connect_create_hours_of_operation_override.html:82:1 (connect_create_hours_of_operation_override.Rd:32): Warning: missing </ul> before </div> connect_create_instance.html:82:1 (connect_create_instance.Rd:32): Warning: missing </ul> before </div> connect_create_integration_association.html:90:1 (connect_create_integration_association.Rd:40): Warning: missing </ul> before </div> connect_create_participant.html:74:1 (connect_create_participant.Rd:30): Warning: missing </ul> before </div> connect_create_persistent_contact_association.html:174:1 (connect_create_persistent_contact_association.Rd:92): Warning: missing </ul> before </div> connect_create_predefined_attribute.html:58:1 (connect_create_predefined_attribute.Rd:16): Warning: missing </ul> before </div> connect_create_prompt.html:69:1 (connect_create_prompt.Rd:23): Warning: missing </ul> before </div> connect_create_push_notification_registration.html:80:1 (connect_create_push_notification_registration.Rd:32): Warning: missing </ul> before </div> connect_create_queue.html:93:1 (connect_create_queue.Rd:39): Warning: missing </ul> before </div> connect_create_quick_connect.html:72:1 (connect_create_quick_connect.Rd:26): Warning: missing </ul> before </div> connect_create_routing_profile.html:97:1 (connect_create_routing_profile.Rd:45): Warning: missing </ul> before </div> connect_create_rule.html:84:1 (connect_create_rule.Rd:34): Warning: missing </ul> before </div> connect_create_security_profile.html:106:1 (connect_create_security_profile.Rd:50): Warning: missing </ul> before </div> connect_create_task_template.html:105:1 (connect_create_task_template.Rd:49): Warning: missing </ul> before </div> connect_create_traffic_distribution_group.html:76:1 (connect_create_traffic_distribution_group.Rd:30): Warning: missing </ul> before </div> connect_create_use_case.html:68:1 (connect_create_use_case.Rd:24): Warning: missing </ul> before </div> connect_create_user.html:126:1 (connect_create_user.Rd:63): Warning: missing </ul> before </div> connect_create_user_hierarchy_group.html:69:1 (connect_create_user_hierarchy_group.Rd:25): Warning: missing </ul> before </div> connect_create_view.html:89:1 (connect_create_view.Rd:39): Warning: missing </ul> before </div> connect_create_view_version.html:66:1 (connect_create_view_version.Rd:22): Warning: missing </ul> before </div> connect_create_vocabulary.html:88:1 (connect_create_vocabulary.Rd:40): Warning: missing </ul> before </div> connect_deactivate_evaluation_form.html:62:1 (connect_deactivate_evaluation_form.Rd:20): Warning: missing </ul> before </div> connect_delete_attached_file.html:60:1 (connect_delete_attached_file.Rd:18): Warning: missing </ul> before </div> connect_delete_contact_evaluation.html:53:1 (connect_delete_contact_evaluation.Rd:13): Warning: missing </ul> before </div> connect_delete_contact_flow.html:53:1 (connect_delete_contact_flow.Rd:13): Warning: missing </ul> before </div> connect_delete_contact_flow_module.html:53:1 (connect_delete_contact_flow_module.Rd:13): Warning: missing </ul> before </div> connect_delete_contact_flow_version.html:61:1 (connect_delete_contact_flow_version.Rd:19): Warning: missing </ul> before </div> connect_delete_email_address.html:53:1 (connect_delete_email_address.Rd:13): Warning: missing </ul> before </div> connect_delete_evaluation_form.html:61:1 (connect_delete_evaluation_form.Rd:19): Warning: missing </ul> before </div> connect_delete_hours_of_operation.html:54:1 (connect_delete_hours_of_operation.Rd:14): Warning: missing </ul> before </div> connect_delete_hours_of_operation_override.html:61:1 (connect_delete_hours_of_operation_override.Rd:19): Warning: missing </ul> before </div> connect_delete_instance.html:57:1 (connect_delete_instance.Rd:17): Warning: missing </ul> before </div> connect_delete_integration_association.html:54:1 (connect_delete_integration_association.Rd:14): Warning: missing </ul> before </div> connect_delete_predefined_attribute.html:54:1 (connect_delete_predefined_attribute.Rd:14): Warning: missing </ul> before </div> connect_delete_prompt.html:53:1 (connect_delete_prompt.Rd:13): Warning: missing </ul> before </div> connect_delete_push_notification_registration.html:61:1 (connect_delete_push_notification_registration.Rd:19): Warning: missing </ul> before </div> connect_delete_queue.html:53:1 (connect_delete_queue.Rd:13): Warning: missing </ul> before </div> connect_delete_quick_connect.html:53:1 (connect_delete_quick_connect.Rd:13): Warning: missing </ul> before </div> connect_delete_routing_profile.html:53:1 (connect_delete_routing_profile.Rd:13): Warning: missing </ul> before </div> connect_delete_rule.html:53:1 (connect_delete_rule.Rd:13): Warning: missing </ul> before </div> connect_delete_security_profile.html:53:1 (connect_delete_security_profile.Rd:13): Warning: missing </ul> before </div> connect_delete_task_template.html:53:1 (connect_delete_task_template.Rd:13): Warning: missing </ul> before </div> connect_delete_traffic_distribution_group.html:49:1 (connect_delete_traffic_distribution_group.Rd:11): Warning: missing </ul> before </div> connect_delete_use_case.html:57:1 (connect_delete_use_case.Rd:15): Warning: missing </ul> before </div> connect_delete_user.html:53:1 (connect_delete_user.Rd:13): Warning: missing </ul> before </div> connect_delete_user_hierarchy_group.html:53:1 (connect_delete_user_hierarchy_group.Rd:13): Warning: missing </ul> before </div> connect_delete_view.html:53:1 (connect_delete_view.Rd:13): Warning: missing </ul> before </div> connect_delete_view_version.html:57:1 (connect_delete_view_version.Rd:15): Warning: missing </ul> before </div> connect_delete_vocabulary.html:53:1 (connect_delete_vocabulary.Rd:13): Warning: missing </ul> before </div> connect_describe_agent_status.html:54:1 (connect_describe_agent_status.Rd:14): Warning: missing </ul> before </div> connect_describe_authentication_profile.html:54:1 (connect_describe_authentication_profile.Rd:14): Warning: missing </ul> before </div> connect_describe_contact.html:54:1 (connect_describe_contact.Rd:14): Warning: missing </ul> before </div> connect_describe_contact_evaluation.html:53:1 (connect_describe_contact_evaluation.Rd:13): Warning: missing </ul> before </div> connect_describe_contact_flow.html:52:1 (connect_describe_contact_flow.Rd:12): Warning: missing </ul> before </div> connect_describe_contact_flow_module.html:53:1 (connect_describe_contact_flow_module.Rd:13): Warning: missing </ul> before </div> connect_describe_email_address.html:53:1 (connect_describe_email_address.Rd:13): Warning: missing </ul> before </div> connect_describe_evaluation_form.html:61:1 (connect_describe_evaluation_form.Rd:19): Warning: missing </ul> before </div> connect_describe_hours_of_operation.html:54:1 (connect_describe_hours_of_operation.Rd:14): Warning: missing </ul> before </div> connect_describe_hours_of_operation_override.html:60:1 (connect_describe_hours_of_operation_override.Rd:18): Warning: missing </ul> before </div> connect_describe_instance.html:50:1 (connect_describe_instance.Rd:12): Warning: missing </ul> before </div> connect_describe_instance_attribute.html:54:1 (connect_describe_instance_attribute.Rd:14): Warning: missing </ul> before </div> connect_describe_instance_storage_config.html:63:1 (connect_describe_instance_storage_config.Rd:21): Warning: missing </ul> before </div> connect_describe_phone_number.html:49:1 (connect_describe_phone_number.Rd:11): Warning: missing </ul> before </div> connect_describe_predefined_attribute.html:54:1 (connect_describe_predefined_attribute.Rd:14): Warning: missing </ul> before </div> connect_describe_prompt.html:53:1 (connect_describe_prompt.Rd:13): Warning: missing </ul> before </div> connect_describe_queue.html:54:1 (connect_describe_queue.Rd:14): Warning: missing </ul> before </div> connect_describe_quick_connect.html:53:1 (connect_describe_quick_connect.Rd:13): Warning: missing </ul> before </div> connect_describe_routing_profile.html:53:1 (connect_describe_routing_profile.Rd:13): Warning: missing </ul> before </div> connect_describe_rule.html:53:1 (connect_describe_rule.Rd:13): Warning: missing </ul> before </div> connect_describe_security_profile.html:53:1 (connect_describe_security_profile.Rd:13): Warning: missing </ul> before </div> connect_describe_traffic_distribution_group.html:51:1 (connect_describe_traffic_distribution_group.Rd:13): Warning: missing </ul> before </div> connect_describe_user.html:53:1 (connect_describe_user.Rd:13): Warning: missing </ul> before </div> connect_describe_user_hierarchy_group.html:53:1 (connect_describe_user_hierarchy_group.Rd:13): Warning: missing </ul> before </div> connect_describe_user_hierarchy_structure.html:50:1 (connect_describe_user_hierarchy_structure.Rd:12): Warning: missing </ul> before </div> connect_describe_view.html:55:1 (connect_describe_view.Rd:15): Warning: missing </ul> before </div> connect_describe_vocabulary.html:53:1 (connect_describe_vocabulary.Rd:13): Warning: missing </ul> before </div> connect_disassociate_analytics_data_set.html:64:1 (connect_disassociate_analytics_data_set.Rd:22): Warning: missing </ul> before </div> connect_disassociate_approved_origin.html:61:1 (connect_disassociate_approved_origin.Rd:19): Warning: missing </ul> before </div> connect_disassociate_bot.html:69:1 (connect_disassociate_bot.Rd:26): Warning: missing </ul> before </div> connect_disassociate_flow.html:68:1 (connect_disassociate_flow.Rd:21): Warning: missing </ul> before </div> connect_disassociate_instance_storage_config.html:71:1 (connect_disassociate_instance_storage_config.Rd:27): Warning: missing </ul> before </div> connect_disassociate_lambda_function.html:66:1 (connect_disassociate_lambda_function.Rd:24): Warning: missing </ul> before </div> connect_disassociate_lex_bot.html:71:1 (connect_disassociate_lex_bot.Rd:27): Warning: missing </ul> before </div> connect_disassociate_phone_number_contact_flow.html:54:1 (connect_disassociate_phone_number_contact_flow.Rd:14): Warning: missing </ul> before </div> connect_disassociate_queue_quick_connects.html:58:1 (connect_disassociate_queue_quick_connects.Rd:16): Warning: missing </ul> before </div> connect_disassociate_routing_profile_queues.html:61:1 (connect_disassociate_routing_profile_queues.Rd:19): Warning: missing </ul> before </div> connect_disassociate_security_key.html:66:1 (connect_disassociate_security_key.Rd:24): Warning: missing </ul> before </div> connect_disassociate_traffic_distribution_group_user.html:62:1 (connect_disassociate_traffic_distribution_group_user.Rd:20): Warning: missing </ul> before </div> connect_disassociate_user_proficiencies.html:57:1 (connect_disassociate_user_proficiencies.Rd:15): Warning: missing </ul> before </div> connect_dismiss_user_contact.html:58:1 (connect_dismiss_user_contact.Rd:16): Warning: missing </ul> before </div> connect_get_attached_file.html:72:1 (connect_get_attached_file.Rd:28): Warning: missing </ul> before </div> connect_get_contact_attributes.html:52:1 (connect_get_contact_attributes.Rd:12): Warning: missing </ul> before </div> connect_get_current_metric_data.html:257:1 (connect_get_current_metric_data.Rd:186): Warning: missing </ul> before </div> connect_get_current_user_data.html:95:1 (connect_get_current_user_data.Rd:40): Warning: missing </ul> before </div> connect_get_effective_hours_of_operations.html:65:1 (connect_get_effective_hours_of_operations.Rd:21): Warning: missing </ul> before </div> connect_get_federation_token.html:49:1 (connect_get_federation_token.Rd:11): Warning: missing </ul> before </div> connect_get_flow_association.html:68:1 (connect_get_flow_association.Rd:21): Warning: missing </ul> before </div> connect_get_metric_data.html:281:1 (connect_get_metric_data.Rd:229): Warning: missing </ul> before </div> connect_get_metric_data_v2.html:1457:1 (connect_get_metric_data_v2.Rd:1355): Warning: missing </ul> before </div> connect_get_prompt_file.html:53:1 (connect_get_prompt_file.Rd:13): Warning: missing </ul> before </div> connect_get_task_template.html:59:1 (connect_get_task_template.Rd:17): Warning: missing </ul> before </div> connect_get_traffic_distribution.html:52:1 (connect_get_traffic_distribution.Rd:14): Warning: missing </ul> before </div> connect_import_phone_number.html:79:1 (connect_import_phone_number.Rd:33): Warning: missing </ul> before </div> connect_list_agent_statuses.html:69:1 (connect_list_agent_statuses.Rd:25): Warning: missing </ul> before </div> connect_list_analytics_data_associations.html:69:1 (connect_list_analytics_data_associations.Rd:25): Warning: missing </ul> before </div> connect_list_analytics_data_lake_data_sets.html:64:1 (connect_list_analytics_data_lake_data_sets.Rd:22): Warning: missing </ul> before </div> connect_list_approved_origins.html:60:1 (connect_list_approved_origins.Rd:18): Warning: missing </ul> before </div> connect_list_associated_contacts.html:74:1 (connect_list_associated_contacts.Rd:30): Warning: missing </ul> before </div> connect_list_authentication_profiles.html:64:1 (connect_list_authentication_profiles.Rd:22): Warning: missing </ul> before </div> connect_list_bots.html:64:1 (connect_list_bots.Rd:20): Warning: missing </ul> before </div> connect_list_contact_evaluations.html:62:1 (connect_list_contact_evaluations.Rd:20): Warning: missing </ul> before </div> connect_list_contact_flow_modules.html:69:1 (connect_list_contact_flow_modules.Rd:25): Warning: missing </ul> before </div> connect_list_contact_flow_versions.html:69:1 (connect_list_contact_flow_versions.Rd:25): Warning: missing </ul> before </div> connect_list_contact_flows.html:70:1 (connect_list_contact_flows.Rd:26): Warning: missing </ul> before </div> connect_list_contact_references.html:72:1 (connect_list_contact_references.Rd:28): Warning: missing </ul> before </div> connect_list_default_vocabularies.html:69:1 (connect_list_default_vocabularies.Rd:25): Warning: missing </ul> before </div> connect_list_evaluation_form_versions.html:69:1 (connect_list_evaluation_form_versions.Rd:25): Warning: missing </ul> before </div> connect_list_evaluation_forms.html:59:1 (connect_list_evaluation_forms.Rd:17): Warning: missing </ul> before </div> connect_list_flow_associations.html:68:1 (connect_list_flow_associations.Rd:24): Warning: missing </ul> before </div> connect_list_hours_of_operation_overrides.html:68:1 (connect_list_hours_of_operation_overrides.Rd:24): Warning: missing </ul> before </div> connect_list_hours_of_operations.html:65:1 (connect_list_hours_of_operations.Rd:23): Warning: missing </ul> before </div> connect_list_instance_attributes.html:64:1 (connect_list_instance_attributes.Rd:22): Warning: missing </ul> before </div> connect_list_instance_storage_configs.html:69:1 (connect_list_instance_storage_configs.Rd:25): Warning: missing </ul> before </div> connect_list_instances.html:55:1 (connect_list_instances.Rd:15): Warning: missing </ul> before </div> connect_list_integration_associations.html:74:1 (connect_list_integration_associations.Rd:28): Warning: missing </ul> before </div> connect_list_lambda_functions.html:60:1 (connect_list_lambda_functions.Rd:18): Warning: missing </ul> before </div> connect_list_lex_bots.html:61:1 (connect_list_lex_bots.Rd:19): Warning: missing </ul> before </div> connect_list_phone_numbers.html:81:1 (connect_list_phone_numbers.Rd:35): Warning: missing </ul> before </div> connect_list_phone_numbers_v2.html:93:1 (connect_list_phone_numbers_v2.Rd:43): Warning: missing </ul> before </div> connect_list_predefined_attributes.html:63:1 (connect_list_predefined_attributes.Rd:21): Warning: missing </ul> before </div> connect_list_prompts.html:60:1 (connect_list_prompts.Rd:18): Warning: missing </ul> before </div> connect_list_queue_quick_connects.html:70:1 (connect_list_queue_quick_connects.Rd:26): Warning: missing </ul> before </div> connect_list_queues.html:70:1 (connect_list_queues.Rd:26): Warning: missing </ul> before </div> connect_list_quick_connects.html:72:1 (connect_list_quick_connects.Rd:28): Warning: missing </ul> before </div> connect_list_realtime_contact_analysis_segments_v2.html:81:1 (connect_list_realtime_contact_analysis_segments_v2.Rd:33): Warning: missing </ul> before </div> connect_list_routing_profile_queues.html:69:1 (connect_list_routing_profile_queues.Rd:25): Warning: missing </ul> before </div> connect_list_routing_profiles.html:61:1 (connect_list_routing_profiles.Rd:19): Warning: missing </ul> before </div> connect_list_rules.html:73:1 (connect_list_rules.Rd:27): Warning: missing </ul> before </div> connect_list_security_keys.html:60:1 (connect_list_security_keys.Rd:18): Warning: missing </ul> before </div> connect_list_security_profile_applications.html:69:1 (connect_list_security_profile_applications.Rd:25): Warning: missing </ul> before </div> connect_list_security_profile_permissions.html:68:1 (connect_list_security_profile_permissions.Rd:24): Warning: missing </ul> before </div> connect_list_security_profiles.html:61:1 (connect_list_security_profiles.Rd:19): Warning: missing </ul> before </div> connect_list_tags_for_resource.html:50:1 (connect_list_tags_for_resource.Rd:12): Warning: missing </ul> before </div> connect_list_task_templates.html:81:1 (connect_list_task_templates.Rd:35): Warning: missing </ul> before </div> connect_list_traffic_distribution_group_users.html:65:1 (connect_list_traffic_distribution_group_users.Rd:23): Warning: missing </ul> before </div> connect_list_traffic_distribution_groups.html:63:1 (connect_list_traffic_distribution_groups.Rd:21): Warning: missing </ul> before </div> connect_list_use_cases.html:68:1 (connect_list_use_cases.Rd:24): Warning: missing </ul> before </div> connect_list_user_hierarchy_groups.html:65:1 (connect_list_user_hierarchy_groups.Rd:23): Warning: missing </ul> before </div> connect_list_user_proficiencies.html:68:1 (connect_list_user_proficiencies.Rd:24): Warning: missing </ul> before </div> connect_list_users.html:61:1 (connect_list_users.Rd:19): Warning: missing </ul> before </div> connect_list_view_versions.html:70:1 (connect_list_view_versions.Rd:26): Warning: missing </ul> before </div> connect_list_views.html:69:1 (connect_list_views.Rd:25): Warning: missing </ul> before </div> connect_monitor_contact.html:76:1 (connect_monitor_contact.Rd:30): Warning: missing </ul> before </div> connect_pause_contact.html:57:1 (connect_pause_contact.Rd:15): Warning: missing </ul> before </div> connect_put_user_status.html:57:1 (connect_put_user_status.Rd:15): Warning: missing </ul> before </div> connect_release_phone_number.html:56:1 (connect_release_phone_number.Rd:16): Warning: missing </ul> before </div> connect_replicate_instance.html:74:1 (connect_replicate_instance.Rd:30): Warning: missing </ul> before </div> connect_resume_contact.html:57:1 (connect_resume_contact.Rd:15): Warning: missing </ul> before </div> connect_resume_contact_recording.html:69:1 (connect_resume_contact_recording.Rd:25): Warning: missing </ul> before </div> connect_search_agent_statuses.html:74:1 (connect_search_agent_statuses.Rd:28): Warning: missing </ul> before </div> connect_search_available_phone_numbers.html:89:1 (connect_search_available_phone_numbers.Rd:39): Warning: missing </ul> before </div> connect_search_contact_flow_modules.html:78:1 (connect_search_contact_flow_modules.Rd:32): Warning: missing </ul> before </div> connect_search_contact_flows.html:78:1 (connect_search_contact_flows.Rd:32): Warning: missing </ul> before </div> connect_search_contacts.html:78:1 (connect_search_contacts.Rd:30): Warning: missing </ul> before </div> connect_search_email_addresses.html:73:1 (connect_search_email_addresses.Rd:27): Warning: missing </ul> before </div> connect_search_hours_of_operation_overrides.html:73:1 (connect_search_hours_of_operation_overrides.Rd:28): Warning: missing </ul> before </div> connect_search_hours_of_operations.html:74:1 (connect_search_hours_of_operations.Rd:28): Warning: missing </ul> before </div> connect_search_predefined_attributes.html:68:1 (connect_search_predefined_attributes.Rd:24): Warning: missing </ul> before </div> connect_search_prompts.html:73:1 (connect_search_prompts.Rd:27): Warning: missing </ul> before </div> connect_search_queues.html:77:1 (connect_search_queues.Rd:31): Warning: missing </ul> before </div> connect_search_quick_connects.html:74:1 (connect_search_quick_connects.Rd:28): Warning: missing </ul> before </div> connect_search_resource_tags.html:111:1 (connect_search_resource_tags.Rd:44): Warning: missing </ul> before </div> connect_search_routing_profiles.html:78:1 (connect_search_routing_profiles.Rd:32): Warning: missing </ul> before </div> connect_search_security_profiles.html:80:1 (connect_search_security_profiles.Rd:34): Warning: missing </ul> before </div> connect_search_user_hierarchy_groups.html:74:1 (connect_search_user_hierarchy_groups.Rd:28): Warning: missing </ul> before </div> connect_search_users.html:72:1 (connect_search_users.Rd:27): Warning: missing </ul> before </div> connect_search_vocabularies.html:80:1 (connect_search_vocabularies.Rd:32): Warning: missing </ul> before </div> connect_send_chat_integration_event.html:81:1 (connect_send_chat_integration_event.Rd:35): Warning: missing </ul> before </div> connect_send_outbound_email.html:89:1 (connect_send_outbound_email.Rd:37): Warning: missing </ul> before </div> connect_start_attached_file_upload.html:104:1 (connect_start_attached_file_upload.Rd:50): Warning: missing </ul> before </div> connect_start_chat_contact.html:158:1 (connect_start_chat_contact.Rd:98): Warning: missing </ul> before </div> connect_start_contact_evaluation.html:70:1 (connect_start_contact_evaluation.Rd:26): Warning: missing </ul> before </div> connect_start_contact_recording.html:67:1 (connect_start_contact_recording.Rd:23): Warning: missing </ul> before </div> connect_start_contact_streaming.html:70:1 (connect_start_contact_streaming.Rd:26): Warning: missing </ul> before </div> connect_start_email_contact.html:153:1 (connect_start_email_contact.Rd:89): Warning: missing </ul> before </div> connect_start_outbound_chat_contact.html:167:1 (connect_start_outbound_chat_contact.Rd:85): Warning: missing </ul> before </div> connect_start_outbound_email_contact.html:85:1 (connect_start_outbound_email_contact.Rd:35): Warning: missing </ul> before </div> connect_start_outbound_voice_contact.html:152:1 (connect_start_outbound_voice_contact.Rd:88): Warning: missing </ul> before </div> connect_start_screen_sharing.html:60:1 (connect_start_screen_sharing.Rd:18): Warning: missing </ul> before </div> connect_start_task_contact.html:164:1 (connect_start_task_contact.Rd:102): Warning: missing </ul> before </div> connect_start_web_rtc_contact.html:116:1 (connect_start_web_rtc_contact.Rd:62): Warning: missing </ul> before </div> connect_stop_contact.html:58:1 (connect_stop_contact.Rd:16): Warning: missing </ul> before </div> connect_stop_contact_recording.html:67:1 (connect_stop_contact_recording.Rd:23): Warning: missing </ul> before </div> connect_stop_contact_streaming.html:58:1 (connect_stop_contact_streaming.Rd:16): Warning: missing </ul> before </div> connect_submit_contact_evaluation.html:66:1 (connect_submit_contact_evaluation.Rd:22): Warning: missing </ul> before </div> connect_suspend_contact_recording.html:68:1 (connect_suspend_contact_recording.Rd:24): Warning: missing </ul> before </div> connect_tag_contact.html:60:1 (connect_tag_contact.Rd:18): Warning: missing </ul> before </div> connect_tag_resource.html:53:1 (connect_tag_resource.Rd:13): Warning: missing </ul> before </div> connect_transfer_contact.html:80:1 (connect_transfer_contact.Rd:32): Warning: missing </ul> before </div> connect_untag_contact.html:58:1 (connect_untag_contact.Rd:16): Warning: missing </ul> before </div> connect_untag_resource.html:52:1 (connect_untag_resource.Rd:12): Warning: missing </ul> before </div> connect_update_agent_status.html:82:1 (connect_update_agent_status.Rd:32): Warning: missing </ul> before </div> connect_update_authentication_profile.html:92:1 (connect_update_authentication_profile.Rd:42): Warning: missing </ul> before </div> connect_update_contact.html:124:1 (connect_update_contact.Rd:68): Warning: missing </ul> before </div> connect_update_contact_attributes.html:83:1 (connect_update_contact_attributes.Rd:36): Warning: missing </ul> before </div> connect_update_contact_evaluation.html:67:1 (connect_update_contact_evaluation.Rd:23): Warning: missing </ul> before </div> connect_update_contact_flow_content.html:59:1 (connect_update_contact_flow_content.Rd:17): Warning: missing </ul> before </div> connect_update_contact_flow_metadata.html:71:1 (connect_update_contact_flow_metadata.Rd:25): Warning: missing </ul> before </div> connect_update_contact_flow_module_content.html:62:1 (connect_update_contact_flow_module_content.Rd:20): Warning: missing </ul> before </div> connect_update_contact_flow_module_metadata.html:71:1 (connect_update_contact_flow_module_metadata.Rd:25): Warning: missing </ul> before </div> connect_update_contact_flow_name.html:65:1 (connect_update_contact_flow_name.Rd:21): Warning: missing </ul> before </div> connect_update_contact_routing_data.html:79:1 (connect_update_contact_routing_data.Rd:33): Warning: missing </ul> before </div> connect_update_contact_schedule.html:59:1 (connect_update_contact_schedule.Rd:17): Warning: missing </ul> before </div> connect_update_email_address_metadata.html:74:1 (connect_update_email_address_metadata.Rd:28): Warning: missing </ul> before </div> connect_update_evaluation_form.html:97:1 (connect_update_evaluation_form.Rd:43): Warning: missing </ul> before </div> connect_update_hours_of_operation.html:77:1 (connect_update_hours_of_operation.Rd:29): Warning: missing </ul> before </div> connect_update_hours_of_operation_override.html:86:1 (connect_update_hours_of_operation_override.Rd:34): Warning: missing </ul> before </div> connect_update_instance_attribute.html:73:1 (connect_update_instance_attribute.Rd:29): Warning: missing </ul> before </div> connect_update_instance_storage_config.html:76:1 (connect_update_instance_storage_config.Rd:30): Warning: missing </ul> before </div> connect_update_participant_authentication.html:76:1 (connect_update_participant_authentication.Rd:30): Warning: missing </ul> before </div> connect_update_participant_role_config.html:63:1 (connect_update_participant_role_config.Rd:21): Warning: missing </ul> before </div> connect_update_phone_number.html:76:1 (connect_update_phone_number.Rd:32): Warning: missing </ul> before </div> connect_update_phone_number_metadata.html:63:1 (connect_update_phone_number_metadata.Rd:21): Warning: missing </ul> before </div> connect_update_predefined_attribute.html:57:1 (connect_update_predefined_attribute.Rd:15): Warning: missing </ul> before </div> connect_update_prompt.html:74:1 (connect_update_prompt.Rd:28): Warning: missing </ul> before </div> connect_update_queue_hours_of_operation.html:62:1 (connect_update_queue_hours_of_operation.Rd:20): Warning: missing </ul> before </div> connect_update_queue_max_contacts.html:59:1 (connect_update_queue_max_contacts.Rd:17): Warning: missing </ul> before </div> connect_update_queue_name.html:62:1 (connect_update_queue_name.Rd:18): Warning: missing </ul> before </div> connect_update_queue_outbound_caller_config.html:62:1 (connect_update_queue_outbound_caller_config.Rd:20): Warning: missing </ul> before </div> connect_update_queue_outbound_email_config.html:61:1 (connect_update_queue_outbound_email_config.Rd:19): Warning: missing </ul> before </div> connect_update_queue_status.html:58:1 (connect_update_queue_status.Rd:16): Warning: missing </ul> before </div> connect_update_quick_connect_config.html:61:1 (connect_update_quick_connect_config.Rd:19): Warning: missing </ul> before </div> connect_update_quick_connect_name.html:66:1 (connect_update_quick_connect_name.Rd:22): Warning: missing </ul> before </div> connect_update_routing_profile_agent_availability_timer.html:65:1 (connect_update_routing_profile_agent_availability_timer.Rd:23): Warning: missing </ul> before </div> connect_update_routing_profile_concurrency.html:62:1 (connect_update_routing_profile_concurrency.Rd:20): Warning: missing </ul> before </div> connect_update_routing_profile_default_outbound_queue.html:61:1 (connect_update_routing_profile_default_outbound_queue.Rd:19): Warning: missing </ul> before </div> connect_update_routing_profile_name.html:67:1 (connect_update_routing_profile_name.Rd:23): Warning: missing </ul> before </div> connect_update_routing_profile_queues.html:64:1 (connect_update_routing_profile_queues.Rd:22): Warning: missing </ul> before </div> connect_update_rule.html:72:1 (connect_update_rule.Rd:24): Warning: missing </ul> before </div> connect_update_security_profile.html:97:1 (connect_update_security_profile.Rd:43): Warning: missing </ul> before </div> connect_update_task_template.html:103:1 (connect_update_task_template.Rd:47): Warning: missing </ul> before </div> connect_update_traffic_distribution.html:70:1 (connect_update_traffic_distribution.Rd:26): Warning: missing </ul> before </div> connect_update_user_hierarchy.html:57:1 (connect_update_user_hierarchy.Rd:15): Warning: missing </ul> before </div> connect_update_user_hierarchy_group_name.html:57:1 (connect_update_user_hierarchy_group_name.Rd:15): Warning: missing </ul> before </div> connect_update_user_hierarchy_structure.html:54:1 (connect_update_user_hierarchy_structure.Rd:14): Warning: missing </ul> before </div> connect_update_user_identity_info.html:57:1 (connect_update_user_identity_info.Rd:15): Warning: missing </ul> before </div> connect_update_user_phone_config.html:57:1 (connect_update_user_phone_config.Rd:15): Warning: missing </ul> before </div> connect_update_user_proficiencies.html:59:1 (connect_update_user_proficiencies.Rd:17): Warning: missing </ul> before </div> connect_update_user_routing_profile.html:57:1 (connect_update_user_routing_profile.Rd:15): Warning: missing </ul> before </div> connect_update_user_security_profiles.html:57:1 (connect_update_user_security_profiles.Rd:15): Warning: missing </ul> before </div> connect_update_view_content.html:67:1 (connect_update_view_content.Rd:23): Warning: missing </ul> before </div> connect_update_view_metadata.html:66:1 (connect_update_view_metadata.Rd:22): Warning: missing </ul> before </div> connectcampaignservice_create_campaign.html:69:1 (connectcampaignservice_create_campaign.Rd:24): Warning: missing </ul> before </div> connectcampaignservice_delete_campaign.html:48:1 (connectcampaignservice_delete_campaign.Rd:10): Warning: missing </ul> before </div> connectcampaignservice_delete_connect_instance_config.html:48:1 (connectcampaignservice_delete_connect_instance_config.Rd:10): Warning: missing </ul> before </div> connectcampaignservice_delete_instance_onboarding_job.html:49:1 (connectcampaignservice_delete_instance_onboarding_job.Rd:11): Warning: missing </ul> before </div> connectcampaignservice_describe_campaign.html:48:1 (connectcampaignservice_describe_campaign.Rd:10): Warning: missing </ul> before </div> connectcampaignservice_get_campaign_state.html:48:1 (connectcampaignservice_get_campaign_state.Rd:10): Warning: missing </ul> before </div> connectcampaignservice_get_campaign_state_batch.html:48:1 (connectcampaignservice_get_campaign_state_batch.Rd:10): Warning: missing </ul> before </div> connectcampaignservice_get_connect_instance_config.html:48:1 (connectcampaignservice_get_connect_instance_config.Rd:10): Warning: missing </ul> before </div> connectcampaignservice_get_instance_onboarding_job_status.html:48:1 (connectcampaignservice_get_instance_onboarding_job_status.Rd:10): Warning: missing </ul> before </div> connectcampaignservice_list_campaigns.html:58:1 (connectcampaignservice_list_campaigns.Rd:19): Warning: missing </ul> before </div> connectcampaignservice_list_tags_for_resource.html:48:1 (connectcampaignservice_list_tags_for_resource.Rd:10): Warning: missing </ul> before </div> connectcampaignservice_pause_campaign.html:48:1 (connectcampaignservice_pause_campaign.Rd:10): Warning: missing </ul> before </div> connectcampaignservice_put_dial_request_batch.html:52:1 (connectcampaignservice_put_dial_request_batch.Rd:12): Warning: missing </ul> before </div> connectcampaignservice_resume_campaign.html:48:1 (connectcampaignservice_resume_campaign.Rd:10): Warning: missing </ul> before </div> connectcampaignservice_start_campaign.html:48:1 (connectcampaignservice_start_campaign.Rd:10): Warning: missing </ul> before </div> connectcampaignservice_start_instance_onboarding_job.html:55:1 (connectcampaignservice_start_instance_onboarding_job.Rd:15): Warning: missing </ul> before </div> connectcampaignservice_stop_campaign.html:48:1 (connectcampaignservice_stop_campaign.Rd:10): Warning: missing </ul> before </div> connectcampaignservice_tag_resource.html:52:1 (connectcampaignservice_tag_resource.Rd:12): Warning: missing </ul> before </div> connectcampaignservice_untag_resource.html:52:1 (connectcampaignservice_untag_resource.Rd:12): Warning: missing </ul> before </div> connectcampaignservice_update_campaign_dialer_config.html:52:1 (connectcampaignservice_update_campaign_dialer_config.Rd:12): Warning: missing </ul> before </div> connectcampaignservice_update_campaign_name.html:52:1 (connectcampaignservice_update_campaign_name.Rd:12): Warning: missing </ul> before </div> connectcampaignservice_update_campaign_outbound_call_config.html:62:1 (connectcampaignservice_update_campaign_outbound_call_config.Rd:21): Warning: missing </ul> before </div> connectcampaignservicev2_create_campaign.html:84:1 (connectcampaignservicev2_create_campaign.Rd:36): Warning: missing </ul> before </div> connectcampaignservicev2_dele_camp_chan_subt_conf.html:55:1 (connectcampaignservicev2_dele_camp_chan_subt_conf.Rd:15): Warning: missing </ul> before </div> connectcampaignservicev2_delet_campa_commu_limit.html:52:1 (connectcampaignservicev2_delet_campa_commu_limit.Rd:12): Warning: missing </ul> before </div> connectcampaignservicev2_delete_campaign.html:48:1 (connectcampaignservicev2_delete_campaign.Rd:10): Warning: missing </ul> before </div> connectcampaignservicev2_delete_campaign_communication_time.html:52:1 (connectcampaignservicev2_delete_campaign_communication_time.Rd:12): Warning: missing </ul> before </div> connectcampaignservicev2_delete_connect_instance_config.html:54:1 (connectcampaignservicev2_delete_connect_instance_config.Rd:15): Warning: missing </ul> before </div> connectcampaignservicev2_delete_connect_instance_integration.html:55:1 (connectcampaignservicev2_delete_connect_instance_integration.Rd:15): Warning: missing </ul> before </div> connectcampaignservicev2_delete_instance_onboarding_job.html:49:1 (connectcampaignservicev2_delete_instance_onboarding_job.Rd:11): Warning: missing </ul> before </div> connectcampaignservicev2_describe_campaign.html:48:1 (connectcampaignservicev2_describe_campaign.Rd:10): Warning: missing </ul> before </div> connectcampaignservicev2_get_campaign_state.html:48:1 (connectcampaignservicev2_get_campaign_state.Rd:10): Warning: missing </ul> before </div> connectcampaignservicev2_get_campaign_state_batch.html:48:1 (connectcampaignservicev2_get_campaign_state_batch.Rd:10): Warning: missing </ul> before </div> connectcampaignservicev2_get_connect_instance_config.html:48:1 (connectcampaignservicev2_get_connect_instance_config.Rd:10): Warning: missing </ul> before </div> connectcampaignservicev2_get_instance_onboarding_job_status.html:48:1 (connectcampaignservicev2_get_instance_onboarding_job_status.Rd:10): Warning: missing </ul> before </div> connectcampaignservicev2_list_campaigns.html:58:1 (connectcampaignservicev2_list_campaigns.Rd:19): Warning: missing </ul> before </div> connectcampaignservicev2_list_connect_instance_integrations.html:59:1 (connectcampaignservicev2_list_connect_instance_integrations.Rd:19): Warning: missing </ul> before </div> connectcampaignservicev2_list_tags_for_resource.html:48:1 (connectcampaignservicev2_list_tags_for_resource.Rd:10): Warning: missing </ul> before </div> connectcampaignservicev2_pause_campaign.html:48:1 (connectcampaignservicev2_pause_campaign.Rd:10): Warning: missing </ul> before </div> connectcampaignservicev2_put_connect_instance_integration.html:55:1 (connectcampaignservicev2_put_connect_instance_integration.Rd:15): Warning: missing </ul> before </div> connectcampaignservicev2_put_outbound_request_batch.html:53:1 (connectcampaignservicev2_put_outbound_request_batch.Rd:13): Warning: missing </ul> before </div> connectcampaignservicev2_put_profile_outbound_request_batch.html:56:1 (connectcampaignservicev2_put_profile_outbound_request_batch.Rd:16): Warning: missing </ul> before </div> connectcampaignservicev2_resume_campaign.html:48:1 (connectcampaignservicev2_resume_campaign.Rd:10): Warning: missing </ul> before </div> connectcampaignservicev2_start_campaign.html:48:1 (connectcampaignservicev2_start_campaign.Rd:10): Warning: missing </ul> before </div> connectcampaignservicev2_start_instance_onboarding_job.html:55:1 (connectcampaignservicev2_start_instance_onboarding_job.Rd:15): Warning: missing </ul> before </div> connectcampaignservicev2_stop_campaign.html:48:1 (connectcampaignservicev2_stop_campaign.Rd:10): Warning: missing </ul> before </div> connectcampaignservicev2_tag_resource.html:52:1 (connectcampaignservicev2_tag_resource.Rd:12): Warning: missing </ul> before </div> connectcampaignservicev2_untag_resource.html:52:1 (connectcampaignservicev2_untag_resource.Rd:12): Warning: missing </ul> before </div> connectcampaignservicev2_upda_camp_chan_subt_conf.html:55:1 (connectcampaignservicev2_upda_camp_chan_subt_conf.Rd:15): Warning: missing </ul> before </div> connectcampaignservicev2_updat_campa_commu_limit.html:55:1 (connectcampaignservicev2_updat_campa_commu_limit.Rd:15): Warning: missing </ul> before </div> connectcampaignservicev2_update_campaign_communication_time.html:55:1 (connectcampaignservicev2_update_campaign_communication_time.Rd:15): Warning: missing </ul> before </div> connectcampaignservicev2_update_campaign_flow_association.html:55:1 (connectcampaignservicev2_update_campaign_flow_association.Rd:15): Warning: missing </ul> before </div> connectcampaignservicev2_update_campaign_name.html:52:1 (connectcampaignservicev2_update_campaign_name.Rd:12): Warning: missing </ul> before </div> connectcampaignservicev2_update_campaign_schedule.html:52:1 (connectcampaignservicev2_update_campaign_schedule.Rd:12): Warning: missing </ul> before </div> connectcampaignservicev2_update_campaign_source.html:52:1 (connectcampaignservicev2_update_campaign_source.Rd:12): Warning: missing </ul> before </div> connectcases_batch_get_case_rule.html:52:1 (connectcases_batch_get_case_rule.Rd:12): Warning: missing </ul> before </div> connectcases_batch_get_field.html:52:1 (connectcases_batch_get_field.Rd:12): Warning: missing </ul> before </div> connectcases_batch_put_field_options.html:57:1 (connectcases_batch_put_field_options.Rd:15): Warning: missing </ul> before </div> connectcases_create_case.html:73:1 (connectcases_create_case.Rd:28): Warning: missing </ul> before </div> connectcases_create_case_rule.html:60:1 (connectcases_create_case_rule.Rd:16): Warning: missing </ul> before </div> connectcases_create_domain.html:50:1 (connectcases_create_domain.Rd:12): Warning: missing </ul> before </div> connectcases_create_field.html:61:1 (connectcases_create_field.Rd:17): Warning: missing </ul> before </div> connectcases_create_layout.html:57:1 (connectcases_create_layout.Rd:15): Warning: missing </ul> before </div> connectcases_create_related_item.html:71:1 (connectcases_create_related_item.Rd:25): Warning: missing </ul> before </div> connectcases_create_template.html:82:1 (connectcases_create_template.Rd:32): Warning: missing </ul> before </div> connectcases_delete_case_rule.html:52:1 (connectcases_delete_case_rule.Rd:12): Warning: missing </ul> before </div> connectcases_delete_domain.html:48:1 (connectcases_delete_domain.Rd:10): Warning: missing </ul> before </div> connectcases_delete_field.html:52:1 (connectcases_delete_field.Rd:12): Warning: missing </ul> before </div> connectcases_delete_layout.html:52:1 (connectcases_delete_layout.Rd:12): Warning: missing </ul> before </div> connectcases_delete_template.html:52:1 (connectcases_delete_template.Rd:12): Warning: missing </ul> before </div> connectcases_get_case.html:62:1 (connectcases_get_case.Rd:18): Warning: missing </ul> before </div> connectcases_get_case_audit_events.html:69:1 (connectcases_get_case_audit_events.Rd:25): Warning: missing </ul> before </div> connectcases_get_case_event_configuration.html:48:1 (connectcases_get_case_event_configuration.Rd:10): Warning: missing </ul> before </div> connectcases_get_domain.html:48:1 (connectcases_get_domain.Rd:10): Warning: missing </ul> before </div> connectcases_get_layout.html:52:1 (connectcases_get_layout.Rd:12): Warning: missing </ul> before </div> connectcases_get_template.html:52:1 (connectcases_get_template.Rd:12): Warning: missing </ul> before </div> connectcases_list_case_rules.html:58:1 (connectcases_list_case_rules.Rd:16): Warning: missing </ul> before </div> connectcases_list_cases_for_contact.html:67:1 (connectcases_list_cases_for_contact.Rd:23): Warning: missing </ul> before </div> connectcases_list_domains.html:54:1 (connectcases_list_domains.Rd:14): Warning: missing </ul> before </div> connectcases_list_field_options.html:73:1 (connectcases_list_field_options.Rd:27): Warning: missing </ul> before </div> connectcases_list_fields.html:58:1 (connectcases_list_fields.Rd:16): Warning: missing </ul> before </div> connectcases_list_layouts.html:58:1 (connectcases_list_layouts.Rd:16): Warning: missing </ul> before </div> connectcases_list_tags_for_resource.html:48:1 (connectcases_list_tags_for_resource.Rd:10): Warning: missing </ul> before </div> connectcases_list_templates.html:67:1 (connectcases_list_templates.Rd:23): Warning: missing </ul> before </div> connectcases_put_case_event_configuration.html:53:1 (connectcases_put_case_event_configuration.Rd:13): Warning: missing </ul> before </div> connectcases_search_cases.html:85:1 (connectcases_search_cases.Rd:35): Warning: missing </ul> before </div> connectcases_search_related_items.html:73:1 (connectcases_search_related_items.Rd:27): Warning: missing </ul> before </div> connectcases_tag_resource.html:53:1 (connectcases_tag_resource.Rd:13): Warning: missing </ul> before </div> connectcases_untag_resource.html:52:1 (connectcases_untag_resource.Rd:12): Warning: missing </ul> before </div> connectcases_update_case.html:61:1 (connectcases_update_case.Rd:18): Warning: missing </ul> before </div> connectcases_update_case_rule.html:70:1 (connectcases_update_case_rule.Rd:24): Warning: missing </ul> before </div> connectcases_update_field.html:60:1 (connectcases_update_field.Rd:16): Warning: missing </ul> before </div> connectcases_update_layout.html:61:1 (connectcases_update_layout.Rd:17): Warning: missing </ul> before </div> connectcases_update_template.html:87:1 (connectcases_update_template.Rd:35): Warning: missing </ul> before </div> connectcontactlens_list_realtime_contact_analysis_segments.html:67:1 (connectcontactlens_list_realtime_contact_analysis_segments.Rd:23): Warning: missing </ul> before </div> connectparticipant_cancel_participant_authentication.html:55:1 (connectparticipant_cancel_participant_authentication.Rd:15): Warning: missing </ul> before </div> connectparticipant_complete_attachment_upload.html:64:1 (connectparticipant_complete_attachment_upload.Rd:22): Warning: missing </ul> before </div> connectparticipant_create_participant_connection.html:68:1 (connectparticipant_create_participant_connection.Rd:26): Warning: missing </ul> before </div> connectparticipant_describe_view.html:53:1 (connectparticipant_describe_view.Rd:13): Warning: missing </ul> before </div> connectparticipant_disconnect_participant.html:55:1 (connectparticipant_disconnect_participant.Rd:15): Warning: missing </ul> before </div> connectparticipant_get_attachment.html:62:1 (connectparticipant_get_attachment.Rd:20): Warning: missing </ul> before </div> connectparticipant_get_authentication_url.html:62:1 (connectparticipant_get_authentication_url.Rd:20): Warning: missing </ul> before </div> connectparticipant_get_transcript.html:85:1 (connectparticipant_get_transcript.Rd:35): Warning: missing </ul> before </div> connectparticipant_send_event.html:89:1 (connectparticipant_send_event.Rd:36): Warning: missing </ul> before </div> connectparticipant_send_message.html:86:1 (connectparticipant_send_message.Rd:35): Warning: missing </ul> before </div> connectparticipant_start_attachment_upload.html:76:1 (connectparticipant_start_attachment_upload.Rd:30): Warning: missing </ul> before </div> connectwisdomservice_create_assistant.html:89:1 (connectwisdomservice_create_assistant.Rd:41): Warning: missing </ul> before </div> connectwisdomservice_create_assistant_association.html:75:1 (connectwisdomservice_create_assistant_association.Rd:29): Warning: missing </ul> before </div> connectwisdomservice_create_content.html:100:1 (connectwisdomservice_create_content.Rd:48): Warning: missing </ul> before </div> connectwisdomservice_create_knowledge_base.html:99:1 (connectwisdomservice_create_knowledge_base.Rd:47): Warning: missing </ul> before </div> connectwisdomservice_create_quick_response.html:126:1 (connectwisdomservice_create_quick_response.Rd:61): Warning: missing </ul> before </div> connectwisdomservice_create_session.html:74:1 (connectwisdomservice_create_session.Rd:28): Warning: missing </ul> before </div> connectwisdomservice_delete_assistant.html:49:1 (connectwisdomservice_delete_assistant.Rd:11): Warning: missing </ul> before </div> connectwisdomservice_delete_assistant_association.html:57:1 (connectwisdomservice_delete_assistant_association.Rd:17): Warning: missing </ul> before </div> connectwisdomservice_delete_content.html:56:1 (connectwisdomservice_delete_content.Rd:16): Warning: missing </ul> before </div> connectwisdomservice_delete_import_job.html:54:1 (connectwisdomservice_delete_import_job.Rd:14): Warning: missing </ul> before </div> connectwisdomservice_delete_knowledge_base.html:49:1 (connectwisdomservice_delete_knowledge_base.Rd:11): Warning: missing </ul> before </div> connectwisdomservice_delete_quick_response.html:54:1 (connectwisdomservice_delete_quick_response.Rd:14): Warning: missing </ul> before </div> connectwisdomservice_get_assistant.html:49:1 (connectwisdomservice_get_assistant.Rd:11): Warning: missing </ul> before </div> connectwisdomservice_get_assistant_association.html:57:1 (connectwisdomservice_get_assistant_association.Rd:17): Warning: missing </ul> before </div> connectwisdomservice_get_content.html:56:1 (connectwisdomservice_get_content.Rd:16): Warning: missing </ul> before </div> connectwisdomservice_get_content_summary.html:56:1 (connectwisdomservice_get_content_summary.Rd:16): Warning: missing </ul> before </div> connectwisdomservice_get_import_job.html:52:1 (connectwisdomservice_get_import_job.Rd:12): Warning: missing </ul> before </div> connectwisdomservice_get_knowledge_base.html:51:1 (connectwisdomservice_get_knowledge_base.Rd:13): Warning: missing </ul> before </div> connectwisdomservice_get_quick_response.html:53:1 (connectwisdomservice_get_quick_response.Rd:13): Warning: missing </ul> before </div> connectwisdomservice_get_recommendations.html:71:1 (connectwisdomservice_get_recommendations.Rd:27): Warning: missing </ul> before </div> connectwisdomservice_get_session.html:54:1 (connectwisdomservice_get_session.Rd:14): Warning: missing </ul> before </div> connectwisdomservice_list_assistant_associations.html:63:1 (connectwisdomservice_list_assistant_associations.Rd:21): Warning: missing </ul> before </div> connectwisdomservice_list_assistants.html:54:1 (connectwisdomservice_list_assistants.Rd:14): Warning: missing </ul> before </div> connectwisdomservice_list_contents.html:65:1 (connectwisdomservice_list_contents.Rd:23): Warning: missing </ul> before </div> connectwisdomservice_list_import_jobs.html:65:1 (connectwisdomservice_list_import_jobs.Rd:23): Warning: missing </ul> before </div> connectwisdomservice_list_knowledge_bases.html:54:1 (connectwisdomservice_list_knowledge_bases.Rd:14): Warning: missing </ul> before </div> connectwisdomservice_list_quick_responses.html:65:1 (connectwisdomservice_list_quick_responses.Rd:23): Warning: missing </ul> before </div> connectwisdomservice_list_tags_for_resource.html:48:1 (connectwisdomservice_list_tags_for_resource.Rd:10): Warning: missing </ul> before </div> connectwisdomservice_notify_recommendations_received.html:63:1 (connectwisdomservice_notify_recommendations_received.Rd:21): Warning: missing </ul> before </div> connectwisdomservice_query_assistant.html:68:1 (connectwisdomservice_query_assistant.Rd:24): Warning: missing </ul> before </div> connectwisdomservice_remove_knowledge_base_template_uri.html:51:1 (connectwisdomservice_remove_knowledge_base_template_uri.Rd:13): Warning: missing </ul> before </div> connectwisdomservice_search_content.html:70:1 (connectwisdomservice_search_content.Rd:26): Warning: missing </ul> before </div> connectwisdomservice_search_quick_responses.html:75:1 (connectwisdomservice_search_quick_responses.Rd:29): Warning: missing </ul> before </div> connectwisdomservice_search_sessions.html:68:1 (connectwisdomservice_search_sessions.Rd:24): Warning: missing </ul> before </div> connectwisdomservice_start_content_upload.html:64:1 (connectwisdomservice_start_content_upload.Rd:22): Warning: missing </ul> before </div> connectwisdomservice_start_import_job.html:95:1 (connectwisdomservice_start_import_job.Rd:41): Warning: missing </ul> before </div> connectwisdomservice_tag_resource.html:52:1 (connectwisdomservice_tag_resource.Rd:12): Warning: missing </ul> before </div> connectwisdomservice_untag_resource.html:52:1 (connectwisdomservice_untag_resource.Rd:12): Warning: missing </ul> before </div> connectwisdomservice_update_content.html:102:1 (connectwisdomservice_update_content.Rd:50): Warning: missing </ul> before </div> connectwisdomservice_update_knowledge_base_template_uri.html:58:1 (connectwisdomservice_update_knowledge_base_template_uri.Rd:18): Warning: missing </ul> before </div> connectwisdomservice_update_quick_response.html:133:1 (connectwisdomservice_update_quick_response.Rd:64): Warning: missing </ul> before </div> customerprofiles_add_profile_key.html:67:1 (customerprofiles_add_profile_key.Rd:23): Warning: missing </ul> before </div> customerprofiles_batch_get_calculated_attribute_for_profile.html:66:1 (customerprofiles_batch_get_calculated_attribute_for_profile.Rd:22): Warning: missing </ul> before </div> customerprofiles_batch_get_profile.html:52:1 (customerprofiles_batch_get_profile.Rd:12): Warning: missing </ul> before </div> customerprofiles_create_calculated_attribute_definition.html:93:1 (customerprofiles_create_calculated_attribute_definition.Rd:39): Warning: missing </ul> before </div> customerprofiles_create_domain.html:105:1 (customerprofiles_create_domain.Rd:55): Warning: missing </ul> before </div> customerprofiles_create_event_stream.html:68:1 (customerprofiles_create_event_stream.Rd:24): Warning: missing </ul> before </div> customerprofiles_create_event_trigger.html:90:1 (customerprofiles_create_event_trigger.Rd:38): Warning: missing </ul> before </div> customerprofiles_create_integration_workflow.html:77:1 (customerprofiles_create_integration_workflow.Rd:29): Warning: missing </ul> before </div> customerprofiles_create_profile.html:168:1 (customerprofiles_create_profile.Rd:84): Warning: missing </ul> before </div> customerprofiles_create_segment_definition.html:76:1 (customerprofiles_create_segment_definition.Rd:28): Warning: missing </ul> before </div> customerprofiles_create_segment_estimate.html:52:1 (customerprofiles_create_segment_estimate.Rd:12): Warning: missing </ul> before </div> customerprofiles_create_segment_snapshot.html:80:1 (customerprofiles_create_segment_snapshot.Rd:32): Warning: missing </ul> before </div> customerprofiles_delete_calculated_attribute_definition.html:55:1 (customerprofiles_delete_calculated_attribute_definition.Rd:15): Warning: missing </ul> before </div> customerprofiles_delete_domain.html:49:1 (customerprofiles_delete_domain.Rd:11): Warning: missing </ul> before </div> customerprofiles_delete_event_stream.html:52:1 (customerprofiles_delete_event_stream.Rd:12): Warning: missing </ul> before </div> customerprofiles_delete_event_trigger.html:52:1 (customerprofiles_delete_event_trigger.Rd:12): Warning: missing </ul> before </div> customerprofiles_delete_integration.html:52:1 (customerprofiles_delete_integration.Rd:12): Warning: missing </ul> before </div> customerprofiles_delete_profile.html:53:1 (customerprofiles_delete_profile.Rd:13): Warning: missing </ul> before </div> customerprofiles_delete_profile_key.html:60:1 (customerprofiles_delete_profile_key.Rd:16): Warning: missing </ul> before </div> customerprofiles_delete_profile_object.html:65:1 (customerprofiles_delete_profile_object.Rd:21): Warning: missing </ul> before </div> customerprofiles_delete_profile_object_type.html:53:1 (customerprofiles_delete_profile_object_type.Rd:13): Warning: missing </ul> before </div> customerprofiles_delete_segment_definition.html:52:1 (customerprofiles_delete_segment_definition.Rd:12): Warning: missing </ul> before </div> customerprofiles_delete_workflow.html:52:1 (customerprofiles_delete_workflow.Rd:12): Warning: missing </ul> before </div> customerprofiles_detect_profile_object_type.html:53:1 (customerprofiles_detect_profile_object_type.Rd:13): Warning: missing </ul> before </div> customerprofiles_get_auto_merging_preview.html:68:1 (customerprofiles_get_auto_merging_preview.Rd:24): Warning: missing </ul> before </div> customerprofiles_get_calculated_attribute_definition.html:56:1 (customerprofiles_get_calculated_attribute_definition.Rd:16): Warning: missing </ul> before </div> customerprofiles_get_calculated_attribute_for_profile.html:60:1 (customerprofiles_get_calculated_attribute_for_profile.Rd:18): Warning: missing </ul> before </div> customerprofiles_get_domain.html:48:1 (customerprofiles_get_domain.Rd:10): Warning: missing </ul> before </div> customerprofiles_get_event_stream.html:53:1 (customerprofiles_get_event_stream.Rd:13): Warning: missing </ul> before </div> customerprofiles_get_event_trigger.html:52:1 (customerprofiles_get_event_trigger.Rd:12): Warning: missing </ul> before </div> customerprofiles_get_identity_resolution_job.html:53:1 (customerprofiles_get_identity_resolution_job.Rd:13): Warning: missing </ul> before </div> customerprofiles_get_integration.html:52:1 (customerprofiles_get_integration.Rd:12): Warning: missing </ul> before </div> customerprofiles_get_matches.html:59:1 (customerprofiles_get_matches.Rd:17): Warning: missing </ul> before </div> customerprofiles_get_profile_object_type.html:52:1 (customerprofiles_get_profile_object_type.Rd:12): Warning: missing </ul> before </div> customerprofiles_get_profile_object_type_template.html:48:1 (customerprofiles_get_profile_object_type_template.Rd:10): Warning: missing </ul> before </div> customerprofiles_get_segment_definition.html:52:1 (customerprofiles_get_segment_definition.Rd:12): Warning: missing </ul> before </div> customerprofiles_get_segment_estimate.html:54:1 (customerprofiles_get_segment_estimate.Rd:14): Warning: missing </ul> before </div> customerprofiles_get_segment_membership.html:61:1 (customerprofiles_get_segment_membership.Rd:19): Warning: missing </ul> before </div> customerprofiles_get_segment_snapshot.html:60:1 (customerprofiles_get_segment_snapshot.Rd:18): Warning: missing </ul> before </div> customerprofiles_get_similar_profiles.html:78:1 (customerprofiles_get_similar_profiles.Rd:30): Warning: missing </ul> before </div> customerprofiles_get_workflow.html:52:1 (customerprofiles_get_workflow.Rd:12): Warning: missing </ul> before </div> customerprofiles_get_workflow_steps.html:67:1 (customerprofiles_get_workflow_steps.Rd:23): Warning: missing </ul> before </div> customerprofiles_list_account_integrations.html:67:1 (customerprofiles_list_account_integrations.Rd:23): Warning: missing </ul> before </div> customerprofiles_list_calculated_attribute_definitions.html:62:1 (customerprofiles_list_calculated_attribute_definitions.Rd:20): Warning: missing </ul> before </div> customerprofiles_list_calculated_attributes_for_profile.html:66:1 (customerprofiles_list_calculated_attributes_for_profile.Rd:22): Warning: missing </ul> before </div> customerprofiles_list_domains.html:53:1 (customerprofiles_list_domains.Rd:13): Warning: missing </ul> before </div> customerprofiles_list_event_streams.html:60:1 (customerprofiles_list_event_streams.Rd:18): Warning: missing </ul> before </div> customerprofiles_list_event_triggers.html:60:1 (customerprofiles_list_event_triggers.Rd:18): Warning: missing </ul> before </div> customerprofiles_list_identity_resolution_jobs.html:62:1 (customerprofiles_list_identity_resolution_jobs.Rd:20): Warning: missing </ul> before </div> customerprofiles_list_integrations.html:66:1 (customerprofiles_list_integrations.Rd:22): Warning: missing </ul> before </div> customerprofiles_list_object_type_attributes.html:65:1 (customerprofiles_list_object_type_attributes.Rd:21): Warning: missing </ul> before </div> customerprofiles_list_profile_attribute_values.html:52:1 (customerprofiles_list_profile_attribute_values.Rd:12): Warning: missing </ul> before </div> customerprofiles_list_profile_object_type_templates.html:55:1 (customerprofiles_list_profile_object_type_templates.Rd:15): Warning: missing </ul> before </div> customerprofiles_list_profile_object_types.html:60:1 (customerprofiles_list_profile_object_types.Rd:18): Warning: missing </ul> before </div> customerprofiles_list_profile_objects.html:77:1 (customerprofiles_list_profile_objects.Rd:29): Warning: missing </ul> before </div> customerprofiles_list_rule_based_matches.html:62:1 (customerprofiles_list_rule_based_matches.Rd:20): Warning: missing </ul> before </div> customerprofiles_list_segment_definitions.html:60:1 (customerprofiles_list_segment_definitions.Rd:18): Warning: missing </ul> before </div> customerprofiles_list_tags_for_resource.html:49:1 (customerprofiles_list_tags_for_resource.Rd:11): Warning: missing </ul> before </div> customerprofiles_list_workflows.html:82:1 (customerprofiles_list_workflows.Rd:32): Warning: missing </ul> before </div> customerprofiles_merge_profiles.html:68:1 (customerprofiles_merge_profiles.Rd:24): Warning: missing </ul> before </div> customerprofiles_put_integration.html:95:1 (customerprofiles_put_integration.Rd:43): Warning: missing </ul> before </div> customerprofiles_put_profile_object.html:56:1 (customerprofiles_put_profile_object.Rd:14): Warning: missing </ul> before </div> customerprofiles_put_profile_object_type.html:119:1 (customerprofiles_put_profile_object_type.Rd:59): Warning: missing </ul> before </div> customerprofiles_search_profiles.html:115:1 (customerprofiles_search_profiles.Rd:60): Warning: missing </ul> before </div> customerprofiles_tag_resource.html:53:1 (customerprofiles_tag_resource.Rd:13): Warning: missing </ul> before </div> customerprofiles_untag_resource.html:53:1 (customerprofiles_untag_resource.Rd:13): Warning: missing </ul> before </div> customerprofiles_update_calculated_attribute_definition.html:71:1 (customerprofiles_update_calculated_attribute_definition.Rd:25): Warning: missing </ul> before </div> customerprofiles_update_domain.html:106:1 (customerprofiles_update_domain.Rd:56): Warning: missing </ul> before </div> customerprofiles_update_event_trigger.html:84:1 (customerprofiles_update_event_trigger.Rd:34): Warning: missing </ul> before </div> customerprofiles_update_profile.html:173:1 (customerprofiles_update_profile.Rd:87): Warning: missing </ul> before </div> pinpoint_create_app.html:48:1 (pinpoint_create_app.Rd:10): Warning: missing </ul> before </div> pinpoint_create_campaign.html:54:1 (pinpoint_create_campaign.Rd:14): Warning: missing </ul> before </div> pinpoint_create_email_template.html:56:1 (pinpoint_create_email_template.Rd:16): Warning: missing </ul> before </div> pinpoint_create_export_job.html:53:1 (pinpoint_create_export_job.Rd:13): Warning: missing </ul> before </div> pinpoint_create_import_job.html:53:1 (pinpoint_create_import_job.Rd:13): Warning: missing </ul> before </div> pinpoint_create_in_app_template.html:56:1 (pinpoint_create_in_app_template.Rd:16): Warning: missing </ul> before </div> pinpoint_create_journey.html:53:1 (pinpoint_create_journey.Rd:13): Warning: missing </ul> before </div> pinpoint_create_push_template.html:56:1 (pinpoint_create_push_template.Rd:16): Warning: missing </ul> before </div> pinpoint_create_recommender_configuration.html:48:1 (pinpoint_create_recommender_configuration.Rd:10): Warning: missing </ul> before </div> pinpoint_create_segment.html:55:1 (pinpoint_create_segment.Rd:15): Warning: missing </ul> before </div> pinpoint_create_sms_template.html:56:1 (pinpoint_create_sms_template.Rd:16): Warning: missing </ul> before </div> pinpoint_create_voice_template.html:56:1 (pinpoint_create_voice_template.Rd:16): Warning: missing </ul> before </div> pinpoint_delete_adm_channel.html:50:1 (pinpoint_delete_adm_channel.Rd:12): Warning: missing </ul> before </div> pinpoint_delete_apns_channel.html:50:1 (pinpoint_delete_apns_channel.Rd:12): Warning: missing </ul> before </div> pinpoint_delete_apns_sandbox_channel.html:50:1 (pinpoint_delete_apns_sandbox_channel.Rd:12): Warning: missing </ul> before </div> pinpoint_delete_apns_voip_channel.html:50:1 (pinpoint_delete_apns_voip_channel.Rd:12): Warning: missing </ul> before </div> pinpoint_delete_apns_voip_sandbox_channel.html:50:1 (pinpoint_delete_apns_voip_sandbox_channel.Rd:12): Warning: missing </ul> before </div> pinpoint_delete_app.html:49:1 (pinpoint_delete_app.Rd:11): Warning: missing </ul> before </div> pinpoint_delete_baidu_channel.html:50:1 (pinpoint_delete_baidu_channel.Rd:12): Warning: missing </ul> before </div> pinpoint_delete_campaign.html:53:1 (pinpoint_delete_campaign.Rd:13): Warning: missing </ul> before </div> pinpoint_delete_email_channel.html:50:1 (pinpoint_delete_email_channel.Rd:12): Warning: missing </ul> before </div> pinpoint_delete_email_template.html:83:1 (pinpoint_delete_email_template.Rd:36): Warning: missing </ul> before </div> pinpoint_delete_endpoint.html:54:1 (pinpoint_delete_endpoint.Rd:14): Warning: missing </ul> before </div> pinpoint_delete_event_stream.html:49:1 (pinpoint_delete_event_stream.Rd:11): Warning: missing </ul> before </div> pinpoint_delete_gcm_channel.html:50:1 (pinpoint_delete_gcm_channel.Rd:12): Warning: missing </ul> before </div> pinpoint_delete_in_app_template.html:83:1 (pinpoint_delete_in_app_template.Rd:36): Warning: missing </ul> before </div> pinpoint_delete_journey.html:53:1 (pinpoint_delete_journey.Rd:13): Warning: missing </ul> before </div> pinpoint_delete_push_template.html:83:1 (pinpoint_delete_push_template.Rd:36): Warning: missing </ul> before </div> pinpoint_delete_recommender_configuration.html:50:1 (pinpoint_delete_recommender_configuration.Rd:12): Warning: missing </ul> before </div> pinpoint_delete_segment.html:53:1 (pinpoint_delete_segment.Rd:13): Warning: missing </ul> before </div> pinpoint_delete_sms_channel.html:50:1 (pinpoint_delete_sms_channel.Rd:12): Warning: missing </ul> before </div> pinpoint_delete_sms_template.html:83:1 (pinpoint_delete_sms_template.Rd:36): Warning: missing </ul> before </div> pinpoint_delete_user_endpoints.html:53:1 (pinpoint_delete_user_endpoints.Rd:13): Warning: missing </ul> before </div> pinpoint_delete_voice_channel.html:50:1 (pinpoint_delete_voice_channel.Rd:12): Warning: missing </ul> before </div> pinpoint_delete_voice_template.html:83:1 (pinpoint_delete_voice_template.Rd:36): Warning: missing </ul> before </div> pinpoint_get_adm_channel.html:50:1 (pinpoint_get_adm_channel.Rd:12): Warning: missing </ul> before </div> pinpoint_get_apns_channel.html:50:1 (pinpoint_get_apns_channel.Rd:12): Warning: missing </ul> before </div> pinpoint_get_apns_sandbox_channel.html:50:1 (pinpoint_get_apns_sandbox_channel.Rd:12): Warning: missing </ul> before </div> pinpoint_get_apns_voip_channel.html:50:1 (pinpoint_get_apns_voip_channel.Rd:12): Warning: missing </ul> before </div> pinpoint_get_apns_voip_sandbox_channel.html:50:1 (pinpoint_get_apns_voip_sandbox_channel.Rd:12): Warning: missing </ul> before </div> pinpoint_get_app.html:49:1 (pinpoint_get_app.Rd:11): Warning: missing </ul> before </div> pinpoint_get_application_date_range_kpi.html:93:1 (pinpoint_get_application_date_range_kpi.Rd:45): Warning: missing </ul> before </div> pinpoint_get_application_settings.html:49:1 (pinpoint_get_application_settings.Rd:11): Warning: missing </ul> before </div> pinpoint_get_apps.html:56:1 (pinpoint_get_apps.Rd:16): Warning: missing </ul> before </div> pinpoint_get_baidu_channel.html:50:1 (pinpoint_get_baidu_channel.Rd:12): Warning: missing </ul> before </div> pinpoint_get_campaign.html:54:1 (pinpoint_get_campaign.Rd:14): Warning: missing </ul> before </div> pinpoint_get_campaign_activities.html:69:1 (pinpoint_get_campaign_activities.Rd:25): Warning: missing </ul> before </div> pinpoint_get_campaign_date_range_kpi.html:98:1 (pinpoint_get_campaign_date_range_kpi.Rd:48): Warning: missing </ul> before </div> pinpoint_get_campaign_version.html:58:1 (pinpoint_get_campaign_version.Rd:16): Warning: missing </ul> before </div> pinpoint_get_campaign_versions.html:70:1 (pinpoint_get_campaign_versions.Rd:26): Warning: missing </ul> before </div> pinpoint_get_campaigns.html:61:1 (pinpoint_get_campaigns.Rd:19): Warning: missing </ul> before </div> pinpoint_get_channels.html:50:1 (pinpoint_get_channels.Rd:12): Warning: missing </ul> before </div> pinpoint_get_email_channel.html:50:1 (pinpoint_get_email_channel.Rd:12): Warning: missing </ul> before </div> pinpoint_get_email_template.html:83:1 (pinpoint_get_email_template.Rd:36): Warning: missing </ul> before </div> pinpoint_get_endpoint.html:55:1 (pinpoint_get_endpoint.Rd:15): Warning: missing </ul> before </div> pinpoint_get_event_stream.html:49:1 (pinpoint_get_event_stream.Rd:11): Warning: missing </ul> before </div> pinpoint_get_export_job.html:54:1 (pinpoint_get_export_job.Rd:14): Warning: missing </ul> before </div> pinpoint_get_export_jobs.html:61:1 (pinpoint_get_export_jobs.Rd:19): Warning: missing </ul> before </div> pinpoint_get_gcm_channel.html:50:1 (pinpoint_get_gcm_channel.Rd:12): Warning: missing </ul> before </div> pinpoint_get_import_job.html:54:1 (pinpoint_get_import_job.Rd:14): Warning: missing </ul> before </div> pinpoint_get_import_jobs.html:61:1 (pinpoint_get_import_jobs.Rd:19): Warning: missing </ul> before </div> pinpoint_get_in_app_messages.html:53:1 (pinpoint_get_in_app_messages.Rd:13): Warning: missing </ul> before </div> pinpoint_get_in_app_template.html:83:1 (pinpoint_get_in_app_template.Rd:36): Warning: missing </ul> before </div> pinpoint_get_journey.html:54:1 (pinpoint_get_journey.Rd:14): Warning: missing </ul> before </div> pinpoint_get_journey_date_range_kpi.html:98:1 (pinpoint_get_journey_date_range_kpi.Rd:48): Warning: missing </ul> before </div> pinpoint_get_journey_execution_activity_metrics.html:76:1 (pinpoint_get_journey_execution_activity_metrics.Rd:30): Warning: missing </ul> before </div> pinpoint_get_journey_execution_metrics.html:71:1 (pinpoint_get_journey_execution_metrics.Rd:27): Warning: missing </ul> before </div> pinpoint_get_journey_run_execution_activity_metrics.html:81:1 (pinpoint_get_journey_run_execution_activity_metrics.Rd:33): Warning: missing </ul> before </div> pinpoint_get_journey_run_execution_metrics.html:76:1 (pinpoint_get_journey_run_execution_metrics.Rd:30): Warning: missing </ul> before </div> pinpoint_get_journey_runs.html:69:1 (pinpoint_get_journey_runs.Rd:25): Warning: missing </ul> before </div> pinpoint_get_push_template.html:83:1 (pinpoint_get_push_template.Rd:36): Warning: missing </ul> before </div> pinpoint_get_recommender_configuration.html:51:1 (pinpoint_get_recommender_configuration.Rd:13): Warning: missing </ul> before </div> pinpoint_get_recommender_configurations.html:56:1 (pinpoint_get_recommender_configurations.Rd:16): Warning: missing </ul> before </div> pinpoint_get_segment.html:54:1 (pinpoint_get_segment.Rd:14): Warning: missing </ul> before </div> pinpoint_get_segment_export_jobs.html:70:1 (pinpoint_get_segment_export_jobs.Rd:26): Warning: missing </ul> before </div> pinpoint_get_segment_import_jobs.html:70:1 (pinpoint_get_segment_import_jobs.Rd:26): Warning: missing </ul> before </div> pinpoint_get_segment_version.html:59:1 (pinpoint_get_segment_version.Rd:17): Warning: missing </ul> before </div> pinpoint_get_segment_versions.html:71:1 (pinpoint_get_segment_versions.Rd:27): Warning: missing </ul> before </div> pinpoint_get_segments.html:61:1 (pinpoint_get_segments.Rd:19): Warning: missing </ul> before </div> pinpoint_get_sms_channel.html:50:1 (pinpoint_get_sms_channel.Rd:12): Warning: missing </ul> before </div> pinpoint_get_sms_template.html:83:1 (pinpoint_get_sms_template.Rd:36): Warning: missing </ul> before </div> pinpoint_get_user_endpoints.html:54:1 (pinpoint_get_user_endpoints.Rd:14): Warning: missing </ul> before </div> pinpoint_get_voice_channel.html:50:1 (pinpoint_get_voice_channel.Rd:12): Warning: missing </ul> before </div> pinpoint_get_voice_template.html:83:1 (pinpoint_get_voice_template.Rd:36): Warning: missing </ul> before </div> pinpoint_list_journeys.html:61:1 (pinpoint_list_journeys.Rd:19): Warning: missing </ul> before </div> pinpoint_list_tags_for_resource.html:49:1 (pinpoint_list_tags_for_resource.Rd:11): Warning: missing </ul> before </div> pinpoint_list_template_versions.html:74:1 (pinpoint_list_template_versions.Rd:30): Warning: missing </ul> before </div> pinpoint_list_templates.html:74:1 (pinpoint_list_templates.Rd:30): Warning: missing </ul> before </div> pinpoint_phone_number_validate.html:48:1 (pinpoint_phone_number_validate.Rd:10): Warning: missing </ul> before </div> pinpoint_put_event_stream.html:54:1 (pinpoint_put_event_stream.Rd:14): Warning: missing </ul> before </div> pinpoint_put_events.html:54:1 (pinpoint_put_events.Rd:14): Warning: missing </ul> before </div> pinpoint_remove_attributes.html:80:1 (pinpoint_remove_attributes.Rd:31): Warning: missing </ul> before </div> pinpoint_send_messages.html:53:1 (pinpoint_send_messages.Rd:13): Warning: missing </ul> before </div> pinpoint_send_otp_message.html:52:1 (pinpoint_send_otp_message.Rd:12): Warning: missing </ul> before </div> pinpoint_send_users_messages.html:53:1 (pinpoint_send_users_messages.Rd:13): Warning: missing </ul> before </div> pinpoint_tag_resource.html:53:1 (pinpoint_tag_resource.Rd:13): Warning: missing </ul> before </div> pinpoint_untag_resource.html:55:1 (pinpoint_untag_resource.Rd:15): Warning: missing </ul> before </div> pinpoint_update_adm_channel.html:54:1 (pinpoint_update_adm_channel.Rd:14): Warning: missing </ul> before </div> pinpoint_update_apns_channel.html:54:1 (pinpoint_update_apns_channel.Rd:14): Warning: missing </ul> before </div> pinpoint_update_apns_sandbox_channel.html:54:1 (pinpoint_update_apns_sandbox_channel.Rd:14): Warning: missing </ul> before </div> pinpoint_update_apns_voip_channel.html:54:1 (pinpoint_update_apns_voip_channel.Rd:14): Warning: missing </ul> before </div> pinpoint_update_apns_voip_sandbox_channel.html:57:1 (pinpoint_update_apns_voip_sandbox_channel.Rd:17): Warning: missing </ul> before </div> pinpoint_update_application_settings.html:56:1 (pinpoint_update_application_settings.Rd:16): Warning: missing </ul> before </div> pinpoint_update_baidu_channel.html:54:1 (pinpoint_update_baidu_channel.Rd:14): Warning: missing </ul> before </div> pinpoint_update_campaign.html:57:1 (pinpoint_update_campaign.Rd:15): Warning: missing </ul> before </div> pinpoint_update_email_channel.html:54:1 (pinpoint_update_email_channel.Rd:14): Warning: missing </ul> before </div> pinpoint_update_email_template.html:104:1 (pinpoint_update_email_template.Rd:53): Warning: missing </ul> before </div> pinpoint_update_endpoint.html:59:1 (pinpoint_update_endpoint.Rd:17): Warning: missing </ul> before </div> pinpoint_update_endpoints_batch.html:55:1 (pinpoint_update_endpoints_batch.Rd:15): Warning: missing </ul> before </div> pinpoint_update_gcm_channel.html:54:1 (pinpoint_update_gcm_channel.Rd:14): Warning: missing </ul> before </div> pinpoint_update_in_app_template.html:104:1 (pinpoint_update_in_app_template.Rd:53): Warning: missing </ul> before </div> pinpoint_update_journey.html:57:1 (pinpoint_update_journey.Rd:15): Warning: missing </ul> before </div> pinpoint_update_journey_state.html:57:1 (pinpoint_update_journey_state.Rd:15): Warning: missing </ul> before </div> pinpoint_update_push_template.html:104:1 (pinpoint_update_push_template.Rd:53): Warning: missing </ul> before </div> pinpoint_update_recommender_configuration.html:57:1 (pinpoint_update_recommender_configuration.Rd:17): Warning: missing </ul> before </div> pinpoint_update_segment.html:59:1 (pinpoint_update_segment.Rd:17): Warning: missing </ul> before </div> pinpoint_update_sms_channel.html:54:1 (pinpoint_update_sms_channel.Rd:14): Warning: missing </ul> before </div> pinpoint_update_sms_template.html:104:1 (pinpoint_update_sms_template.Rd:53): Warning: missing </ul> before </div> pinpoint_update_template_active_version.html:64:1 (pinpoint_update_template_active_version.Rd:22): Warning: missing </ul> before </div> pinpoint_update_voice_channel.html:54:1 (pinpoint_update_voice_channel.Rd:14): Warning: missing </ul> before </div> pinpoint_update_voice_template.html:104:1 (pinpoint_update_voice_template.Rd:53): Warning: missing </ul> before </div> pinpoint_verify_otp_message.html:52:1 (pinpoint_verify_otp_message.Rd:12): Warning: missing </ul> before </div> pinpointemail_create_configuration_set.html:81:1 (pinpointemail_create_configuration_set.Rd:33): Warning: missing </ul> before </div> pinpointemail_create_configuration_set_event_destination.html:62:1 (pinpointemail_create_configuration_set_event_destination.Rd:20): Warning: missing </ul> before </div> pinpointemail_create_dedicated_ip_pool.html:53:1 (pinpointemail_create_dedicated_ip_pool.Rd:13): Warning: missing </ul> before </div> pinpointemail_create_deliverability_test_report.html:69:1 (pinpointemail_create_deliverability_test_report.Rd:25): Warning: missing </ul> before </div> pinpointemail_create_email_identity.html:53:1 (pinpointemail_create_email_identity.Rd:13): Warning: missing </ul> before </div> pinpointemail_delete_configuration_set.html:48:1 (pinpointemail_delete_configuration_set.Rd:10): Warning: missing </ul> before </div> pinpointemail_delete_configuration_set_event_destination.html:56:1 (pinpointemail_delete_configuration_set_event_destination.Rd:16): Warning: missing </ul> before </div> pinpointemail_delete_dedicated_ip_pool.html:48:1 (pinpointemail_delete_dedicated_ip_pool.Rd:10): Warning: missing </ul> before </div> pinpointemail_delete_email_identity.html:50:1 (pinpointemail_delete_email_identity.Rd:12): Warning: missing </ul> before </div> pinpointemail_get_blacklist_reports.html:51:1 (pinpointemail_get_blacklist_reports.Rd:13): Warning: missing </ul> before </div> pinpointemail_get_configuration_set.html:51:1 (pinpointemail_get_configuration_set.Rd:13): Warning: missing </ul> before </div> pinpointemail_get_configuration_set_event_destinations.html:49:1 (pinpointemail_get_configuration_set_event_destinations.Rd:11): Warning: missing </ul> before </div> pinpointemail_get_dedicated_ip.html:52:1 (pinpointemail_get_dedicated_ip.Rd:14): Warning: missing </ul> before </div> pinpointemail_get_dedicated_ips.html:67:1 (pinpointemail_get_dedicated_ips.Rd:25): Warning: missing </ul> before </div> pinpointemail_get_deliverability_test_report.html:48:1 (pinpointemail_get_deliverability_test_report.Rd:10): Warning: missing </ul> before </div> pinpointemail_get_domain_deliverability_campaign.html:52:1 (pinpointemail_get_domain_deliverability_campaign.Rd:14): Warning: missing </ul> before </div> pinpointemail_get_domain_statistics_report.html:60:1 (pinpointemail_get_domain_statistics_report.Rd:18): Warning: missing </ul> before </div> pinpointemail_get_email_identity.html:50:1 (pinpointemail_get_email_identity.Rd:12): Warning: missing </ul> before </div> pinpointemail_list_configuration_sets.html:59:1 (pinpointemail_list_configuration_sets.Rd:19): Warning: missing </ul> before </div> pinpointemail_list_dedicated_ip_pools.html:59:1 (pinpointemail_list_dedicated_ip_pools.Rd:19): Warning: missing </ul> before </div> pinpointemail_list_deliverability_test_reports.html:66:1 (pinpointemail_list_deliverability_test_reports.Rd:26): Warning: missing </ul> before </div> pinpointemail_list_domain_deliverability_campaigns.html:82:1 (pinpointemail_list_domain_deliverability_campaigns.Rd:36): Warning: missing </ul> before </div> pinpointemail_list_email_identities.html:62:1 (pinpointemail_list_email_identities.Rd:22): Warning: missing </ul> before </div> pinpointemail_list_tags_for_resource.html:50:1 (pinpointemail_list_tags_for_resource.Rd:12): Warning: missing </ul> before </div> pinpointemail_put_account_dedicated_ip_warmup_attributes.html:54:1 (pinpointemail_put_account_dedicated_ip_warmup_attributes.Rd:16): Warning: missing </ul> before </div> pinpointemail_put_account_sending_attributes.html:52:1 (pinpointemail_put_account_sending_attributes.Rd:14): Warning: missing </ul> before </div> pinpointemail_put_configuration_set_delivery_options.html:66:1 (pinpointemail_put_configuration_set_delivery_options.Rd:24): Warning: missing </ul> before </div> pinpointemail_put_configuration_set_reputation_options.html:59:1 (pinpointemail_put_configuration_set_reputation_options.Rd:19): Warning: missing </ul> before </div> pinpointemail_put_configuration_set_sending_options.html:58:1 (pinpointemail_put_configuration_set_sending_options.Rd:18): Warning: missing </ul> before </div> pinpointemail_put_configuration_set_tracking_options.html:57:1 (pinpointemail_put_configuration_set_tracking_options.Rd:17): Warning: missing </ul> before </div> pinpointemail_put_dedicated_ip_in_pool.html:55:1 (pinpointemail_put_dedicated_ip_in_pool.Rd:15): Warning: missing </ul> before </div> pinpointemail_put_dedicated_ip_warmup_attributes.html:54:1 (pinpointemail_put_dedicated_ip_warmup_attributes.Rd:14): Warning: missing </ul> before </div> pinpointemail_put_deliverability_dashboard_option.html:58:1 (pinpointemail_put_deliverability_dashboard_option.Rd:18): Warning: missing </ul> before </div> pinpointemail_put_email_identity_dkim_attributes.html:60:1 (pinpointemail_put_email_identity_dkim_attributes.Rd:20): Warning: missing </ul> before </div> pinpointemail_put_email_identity_feedback_attributes.html:69:1 (pinpointemail_put_email_identity_feedback_attributes.Rd:29): Warning: missing </ul> before </div> pinpointemail_put_email_identity_mail_from_attributes.html:84:1 (pinpointemail_put_email_identity_mail_from_attributes.Rd:35): Warning: missing </ul> before </div> pinpointemail_send_email.html:88:1 (pinpointemail_send_email.Rd:38): Warning: missing </ul> before </div> pinpointemail_tag_resource.html:56:1 (pinpointemail_tag_resource.Rd:16): Warning: missing </ul> before </div> pinpointemail_untag_resource.html:60:1 (pinpointemail_untag_resource.Rd:20): Warning: missing </ul> before </div> pinpointemail_update_configuration_set_event_destination.html:61:1 (pinpointemail_update_configuration_set_event_destination.Rd:19): Warning: missing </ul> before </div> pinpointsmsvoice_create_configuration_set.html:48:1 (pinpointsmsvoice_create_configuration_set.Rd:10): Warning: missing </ul> before </div> pinpointsmsvoice_create_configuration_set_event_destination.html:59:1 (pinpointsmsvoice_create_configuration_set_event_destination.Rd:18): Warning: missing </ul> before </div> pinpointsmsvoice_delete_configuration_set.html:48:1 (pinpointsmsvoice_delete_configuration_set.Rd:10): Warning: missing </ul> before </div> pinpointsmsvoice_delete_configuration_set_event_destination.html:55:1 (pinpointsmsvoice_delete_configuration_set_event_destination.Rd:15): Warning: missing </ul> before </div> pinpointsmsvoice_get_configuration_set_event_destinations.html:50:1 (pinpointsmsvoice_get_configuration_set_event_destinations.Rd:12): Warning: missing </ul> before </div> pinpointsmsvoice_list_configuration_sets.html:55:1 (pinpointsmsvoice_list_configuration_sets.Rd:15): Warning: missing </ul> before </div> pinpointsmsvoice_send_voice_message.html:74:1 (pinpointsmsvoice_send_voice_message.Rd:29): Warning: missing </ul> before </div> pinpointsmsvoice_update_configuration_set_event_destination.html:59:1 (pinpointsmsvoice_update_configuration_set_event_destination.Rd:18): Warning: missing </ul> before </div> pinpointsmsvoicev2_associate_origination_identity.html:81:1 (pinpointsmsvoicev2_associate_origination_identity.Rd:37): Warning: missing </ul> before </div> pinpointsmsvoicev2_associate_protect_configuration.html:55:1 (pinpointsmsvoicev2_associate_protect_configuration.Rd:15): Warning: missing </ul> before </div> pinpointsmsvoicev2_create_configuration_set.html:63:1 (pinpointsmsvoicev2_create_configuration_set.Rd:21): Warning: missing </ul> before </div> pinpointsmsvoicev2_create_event_destination.html:92:1 (pinpointsmsvoicev2_create_event_destination.Rd:42): Warning: missing </ul> before </div> pinpointsmsvoicev2_create_opt_out_list.html:63:1 (pinpointsmsvoicev2_create_opt_out_list.Rd:21): Warning: missing </ul> before </div> pinpointsmsvoicev2_create_pool.html:96:1 (pinpointsmsvoicev2_create_pool.Rd:48): Warning: missing </ul> before </div> pinpointsmsvoicev2_create_protect_configuration.html:64:1 (pinpointsmsvoicev2_create_protect_configuration.Rd:22): Warning: missing </ul> before </div> pinpointsmsvoicev2_create_registration.html:66:1 (pinpointsmsvoicev2_create_registration.Rd:24): Warning: missing </ul> before </div> pinpointsmsvoicev2_create_registration_association.html:54:1 (pinpointsmsvoicev2_create_registration_association.Rd:14): Warning: missing </ul> before </div> pinpointsmsvoicev2_create_registration_attachment.html:71:1 (pinpointsmsvoicev2_create_registration_attachment.Rd:27): Warning: missing </ul> before </div> pinpointsmsvoicev2_create_registration_version.html:48:1 (pinpointsmsvoicev2_create_registration_version.Rd:10): Warning: missing </ul> before </div> pinpointsmsvoicev2_create_verified_destination_number.html:64:1 (pinpointsmsvoicev2_create_verified_destination_number.Rd:22): Warning: missing </ul> before </div> pinpointsmsvoicev2_dele_prot_conf_rule_set_numb_over.html:55:1 (pinpointsmsvoicev2_dele_prot_conf_rule_set_numb_over.Rd:15): Warning: missing </ul> before </div> pinpointsmsvoicev2_delete_configuration_set.html:52:1 (pinpointsmsvoicev2_delete_configuration_set.Rd:14): Warning: missing </ul> before </div> pinpointsmsvoicev2_delete_default_message_type.html:52:1 (pinpointsmsvoicev2_delete_default_message_type.Rd:14): Warning: missing </ul> before </div> pinpointsmsvoicev2_delete_default_sender_id.html:52:1 (pinpointsmsvoicev2_delete_default_sender_id.Rd:14): Warning: missing </ul> before </div> pinpointsmsvoicev2_delete_event_destination.html:59:1 (pinpointsmsvoicev2_delete_event_destination.Rd:19): Warning: missing </ul> before </div> pinpointsmsvoicev2_delete_keyword.html:60:1 (pinpointsmsvoicev2_delete_keyword.Rd:20): Warning: missing </ul> before </div> pinpointsmsvoicev2_delete_opt_out_list.html:54:1 (pinpointsmsvoicev2_delete_opt_out_list.Rd:16): Warning: missing </ul> before </div> pinpointsmsvoicev2_delete_opted_out_number.html:56:1 (pinpointsmsvoicev2_delete_opted_out_number.Rd:16): Warning: missing </ul> before </div> pinpointsmsvoicev2_delete_pool.html:53:1 (pinpointsmsvoicev2_delete_pool.Rd:15): Warning: missing </ul> before </div> pinpointsmsvoicev2_delete_protect_configuration.html:48:1 (pinpointsmsvoicev2_delete_protect_configuration.Rd:10): Warning: missing </ul> before </div> pinpointsmsvoicev2_delete_registration.html:48:1 (pinpointsmsvoicev2_delete_registration.Rd:10): Warning: missing </ul> before </div> pinpointsmsvoicev2_delete_registration_attachment.html:48:1 (pinpointsmsvoicev2_delete_registration_attachment.Rd:10): Warning: missing </ul> before </div> pinpointsmsvoicev2_delete_registration_field_value.html:54:1 (pinpointsmsvoicev2_delete_registration_field_value.Rd:14): Warning: missing </ul> before </div> pinpointsmsvoicev2_delete_resource_policy.html:50:1 (pinpointsmsvoicev2_delete_resource_policy.Rd:12): Warning: missing </ul> before </div> pinpointsmsvoicev2_delete_verified_destination_number.html:50:1 (pinpointsmsvoicev2_delete_verified_destination_number.Rd:12): Warning: missing </ul> before </div> pinpointsmsvoicev2_describe_account_attributes.html:56:1 (pinpointsmsvoicev2_describe_account_attributes.Rd:16): Warning: missing </ul> before </div> pinpointsmsvoicev2_describe_account_limits.html:54:1 (pinpointsmsvoicev2_describe_account_limits.Rd:14): Warning: missing </ul> before </div> pinpointsmsvoicev2_describe_configuration_sets.html:67:1 (pinpointsmsvoicev2_describe_configuration_sets.Rd:23): Warning: missing </ul> before </div> pinpointsmsvoicev2_describe_keywords.html:80:1 (pinpointsmsvoicev2_describe_keywords.Rd:34): Warning: missing </ul> before </div> pinpointsmsvoicev2_describe_opt_out_lists.html:73:1 (pinpointsmsvoicev2_describe_opt_out_lists.Rd:29): Warning: missing </ul> before </div> pinpointsmsvoicev2_describe_opted_out_numbers.html:80:1 (pinpointsmsvoicev2_describe_opted_out_numbers.Rd:34): Warning: missing </ul> before </div> pinpointsmsvoicev2_describe_phone_numbers.html:79:1 (pinpointsmsvoicev2_describe_phone_numbers.Rd:33): Warning: missing </ul> before </div> pinpointsmsvoicev2_describe_pools.html:78:1 (pinpointsmsvoicev2_describe_pools.Rd:32): Warning: missing </ul> before </div> pinpointsmsvoicev2_describe_protect_configurations.html:66:1 (pinpointsmsvoicev2_describe_protect_configurations.Rd:22): Warning: missing </ul> before </div> pinpointsmsvoicev2_describe_registration_attachments.html:68:1 (pinpointsmsvoicev2_describe_registration_attachments.Rd:24): Warning: missing </ul> before </div> pinpointsmsvoicev2_describe_registration_field_definitions.html:74:1 (pinpointsmsvoicev2_describe_registration_field_definitions.Rd:28): Warning: missing </ul> before </div> pinpointsmsvoicev2_describe_registration_field_values.html:76:1 (pinpointsmsvoicev2_describe_registration_field_values.Rd:28): Warning: missing </ul> before </div> pinpointsmsvoicev2_describe_registration_section_definitions.html:69:1 (pinpointsmsvoicev2_describe_registration_section_definitions.Rd:25): Warning: missing </ul> before </div> pinpointsmsvoicev2_describe_registration_type_definitions.html:69:1 (pinpointsmsvoicev2_describe_registration_type_definitions.Rd:25): Warning: missing </ul> before </div> pinpointsmsvoicev2_describe_registration_versions.html:71:1 (pinpointsmsvoicev2_describe_registration_versions.Rd:25): Warning: missing </ul> before </div> pinpointsmsvoicev2_describe_registrations.html:66:1 (pinpointsmsvoicev2_describe_registrations.Rd:22): Warning: missing </ul> before </div> pinpointsmsvoicev2_describe_sender_ids.html:77:1 (pinpointsmsvoicev2_describe_sender_ids.Rd:31): Warning: missing </ul> before </div> pinpointsmsvoicev2_describe_spend_limits.html:54:1 (pinpointsmsvoicev2_describe_spend_limits.Rd:14): Warning: missing </ul> before </div> pinpointsmsvoicev2_describe_verified_destination_numbers.html:72:1 (pinpointsmsvoicev2_describe_verified_destination_numbers.Rd:26): Warning: missing </ul> before </div> pinpointsmsvoicev2_disassociate_origination_identity.html:80:1 (pinpointsmsvoicev2_disassociate_origination_identity.Rd:36): Warning: missing </ul> before </div> pinpointsmsvoicev2_disassociate_protect_configuration.html:55:1 (pinpointsmsvoicev2_disassociate_protect_configuration.Rd:15): Warning: missing </ul> before </div> pinpointsmsvoicev2_discard_registration_version.html:48:1 (pinpointsmsvoicev2_discard_registration_version.Rd:10): Warning: missing </ul> before </div> pinpointsmsvoicev2_get_prote_confi_count_rule_set.html:57:1 (pinpointsmsvoicev2_get_prote_confi_count_rule_set.Rd:17): Warning: missing </ul> before </div> pinpointsmsvoicev2_get_resource_policy.html:50:1 (pinpointsmsvoicev2_get_resource_policy.Rd:12): Warning: missing </ul> before </div> pinpointsmsvoicev2_list_pool_origination_identities.html:71:1 (pinpointsmsvoicev2_list_pool_origination_identities.Rd:27): Warning: missing </ul> before </div> pinpointsmsvoicev2_list_prot_conf_rule_set_numb_over.html:68:1 (pinpointsmsvoicev2_list_prot_conf_rule_set_numb_over.Rd:24): Warning: missing </ul> before </div> pinpointsmsvoicev2_list_registration_associations.html:68:1 (pinpointsmsvoicev2_list_registration_associations.Rd:24): Warning: missing </ul> before </div> pinpointsmsvoicev2_list_tags_for_resource.html:48:1 (pinpointsmsvoicev2_list_tags_for_resource.Rd:10): Warning: missing </ul> before </div> pinpointsmsvoicev2_put_keyword.html:86:1 (pinpointsmsvoicev2_put_keyword.Rd:35): Warning: missing </ul> before </div> pinpointsmsvoicev2_put_message_feedback.html:53:1 (pinpointsmsvoicev2_put_message_feedback.Rd:13): Warning: missing </ul> before </div> pinpointsmsvoicev2_put_opted_out_number.html:55:1 (pinpointsmsvoicev2_put_opted_out_number.Rd:15): Warning: missing </ul> before </div> pinpointsmsvoicev2_put_prot_conf_rule_set_numb_over.html:75:1 (pinpointsmsvoicev2_put_prot_conf_rule_set_numb_over.Rd:29): Warning: missing </ul> before </div> pinpointsmsvoicev2_put_registration_field_value.html:72:1 (pinpointsmsvoicev2_put_registration_field_value.Rd:26): Warning: missing </ul> before </div> pinpointsmsvoicev2_put_resource_policy.html:55:1 (pinpointsmsvoicev2_put_resource_policy.Rd:15): Warning: missing </ul> before </div> pinpointsmsvoicev2_release_phone_number.html:54:1 (pinpointsmsvoicev2_release_phone_number.Rd:16): Warning: missing </ul> before </div> pinpointsmsvoicev2_release_sender_id.html:53:1 (pinpointsmsvoicev2_release_sender_id.Rd:13): Warning: missing </ul> before </div> pinpointsmsvoicev2_request_phone_number.html:112:1 (pinpointsmsvoicev2_request_phone_number.Rd:56): Warning: missing </ul> before </div> pinpointsmsvoicev2_request_sender_id.html:81:1 (pinpointsmsvoicev2_request_sender_id.Rd:33): Warning: missing </ul> before </div> pinpointsmsvoicev2_send_destination_number_verification_code.html:90:1 (pinpointsmsvoicev2_send_destination_number_verification_code.Rd:40): Warning: missing </ul> before </div> pinpointsmsvoicev2_send_media_message.html:119:1 (pinpointsmsvoicev2_send_media_message.Rd:61): Warning: missing </ul> before </div> pinpointsmsvoicev2_send_text_message.html:150:1 (pinpointsmsvoicev2_send_text_message.Rd:83): Warning: missing </ul> before </div> pinpointsmsvoicev2_send_voice_message.html:126:1 (pinpointsmsvoicev2_send_voice_message.Rd:61): Warning: missing </ul> before </div> pinpointsmsvoicev2_set_account_default_protect_configuration.html:50:1 (pinpointsmsvoicev2_set_account_default_protect_configuration.Rd:12): Warning: missing </ul> before </div> pinpointsmsvoicev2_set_default_message_feedback_enabled.html:56:1 (pinpointsmsvoicev2_set_default_message_feedback_enabled.Rd:16): Warning: missing </ul> before </div> pinpointsmsvoicev2_set_default_message_type.html:55:1 (pinpointsmsvoicev2_set_default_message_type.Rd:15): Warning: missing </ul> before </div> pinpointsmsvoicev2_set_default_sender_id.html:59:1 (pinpointsmsvoicev2_set_default_sender_id.Rd:19): Warning: missing </ul> before </div> pinpointsmsvoicev2_set_media_message_spend_limit_override.html:49:1 (pinpointsmsvoicev2_set_media_message_spend_limit_override.Rd:11): Warning: missing </ul> before </div> pinpointsmsvoicev2_set_text_message_spend_limit_override.html:49:1 (pinpointsmsvoicev2_set_text_message_spend_limit_override.Rd:11): Warning: missing </ul> before </div> pinpointsmsvoicev2_set_voice_message_spend_limit_override.html:49:1 (pinpointsmsvoicev2_set_voice_message_spend_limit_override.Rd:11): Warning: missing </ul> before </div> pinpointsmsvoicev2_submit_registration_version.html:48:1 (pinpointsmsvoicev2_submit_registration_version.Rd:10): Warning: missing </ul> before </div> pinpointsmsvoicev2_tag_resource.html:53:1 (pinpointsmsvoicev2_tag_resource.Rd:13): Warning: missing </ul> before </div> pinpointsmsvoicev2_untag_resource.html:52:1 (pinpointsmsvoicev2_untag_resource.Rd:12): Warning: missing </ul> before </div> pinpointsmsvoicev2_updat_prote_confi_count_rule_set.html:65:1 (pinpointsmsvoicev2_updat_prote_confi_count_rule_set.Rd:23): Warning: missing </ul> before </div> pinpointsmsvoicev2_update_event_destination.html:86:1 (pinpointsmsvoicev2_update_event_destination.Rd:36): Warning: missing </ul> before </div> pinpointsmsvoicev2_update_phone_number.html:93:1 (pinpointsmsvoicev2_update_phone_number.Rd:43): Warning: missing </ul> before </div> pinpointsmsvoicev2_update_pool.html:100:1 (pinpointsmsvoicev2_update_pool.Rd:48): Warning: missing </ul> before </div> pinpointsmsvoicev2_update_protect_configuration.html:56:1 (pinpointsmsvoicev2_update_protect_configuration.Rd:16): Warning: missing </ul> before </div> pinpointsmsvoicev2_update_sender_id.html:62:1 (pinpointsmsvoicev2_update_sender_id.Rd:20): Warning: missing </ul> before </div> pinpointsmsvoicev2_verify_destination_number.html:58:1 (pinpointsmsvoicev2_verify_destination_number.Rd:18): Warning: missing </ul> before </div> ses_clone_receipt_rule_set.html:66:1 (ses_clone_receipt_rule_set.Rd:19): Warning: missing </ul> before </div> ses_create_configuration_set.html:48:1 (ses_create_configuration_set.Rd:10): Warning: missing </ul> before </div> ses_create_configuration_set_event_destination.html:57:1 (ses_create_configuration_set_event_destination.Rd:17): Warning: missing </ul> before </div> ses_create_configuration_set_tracking_options.html:57:1 (ses_create_configuration_set_tracking_options.Rd:17): Warning: missing </ul> before </div> ses_create_custom_verification_email_template.html:80:1 (ses_create_custom_verification_email_template.Rd:32): Warning: missing </ul> before </div> ses_create_receipt_filter.html:50:1 (ses_create_receipt_filter.Rd:12): Warning: missing </ul> before </div> ses_create_receipt_rule.html:59:1 (ses_create_receipt_rule.Rd:17): Warning: missing </ul> before </div> ses_create_receipt_rule_set.html:62:1 (ses_create_receipt_rule_set.Rd:17): Warning: missing </ul> before </div> ses_create_template.html:49:1 (ses_create_template.Rd:11): Warning: missing </ul> before </div> ses_delete_configuration_set.html:48:1 (ses_delete_configuration_set.Rd:10): Warning: missing </ul> before </div> ses_delete_configuration_set_event_destination.html:56:1 (ses_delete_configuration_set_event_destination.Rd:16): Warning: missing </ul> before </div> ses_delete_configuration_set_tracking_options.html:49:1 (ses_delete_configuration_set_tracking_options.Rd:11): Warning: missing </ul> before </div> ses_delete_custom_verification_email_template.html:48:1 (ses_delete_custom_verification_email_template.Rd:10): Warning: missing </ul> before </div> ses_delete_identity.html:50:1 (ses_delete_identity.Rd:12): Warning: missing </ul> before </div> ses_delete_identity_policy.html:58:1 (ses_delete_identity_policy.Rd:18): Warning: missing </ul> before </div> ses_delete_receipt_filter.html:48:1 (ses_delete_receipt_filter.Rd:10): Warning: missing </ul> before </div> ses_delete_receipt_rule.html:53:1 (ses_delete_receipt_rule.Rd:13): Warning: missing </ul> before </div> ses_delete_receipt_rule_set.html:49:1 (ses_delete_receipt_rule_set.Rd:11): Warning: missing </ul> before </div> ses_delete_template.html:48:1 (ses_delete_template.Rd:10): Warning: missing </ul> before </div> ses_delete_verified_email_address.html:48:1 (ses_delete_verified_email_address.Rd:10): Warning: missing </ul> before </div> ses_describe_configuration_set.html:55:1 (ses_describe_configuration_set.Rd:15): Warning: missing </ul> before </div> ses_describe_receipt_rule.html:52:1 (ses_describe_receipt_rule.Rd:12): Warning: missing </ul> before </div> ses_describe_receipt_rule_set.html:48:1 (ses_describe_receipt_rule_set.Rd:10): Warning: missing </ul> before </div> ses_get_custom_verification_email_template.html:49:1 (ses_get_custom_verification_email_template.Rd:11): Warning: missing </ul> before </div> ses_get_identity_dkim_attributes.html:49:1 (ses_get_identity_dkim_attributes.Rd:11): Warning: missing </ul> before </div> ses_get_identity_mail_from_domain_attributes.html:49:1 (ses_get_identity_mail_from_domain_attributes.Rd:11): Warning: missing </ul> before </div> ses_get_identity_notification_attributes.html:52:1 (ses_get_identity_notification_attributes.Rd:14): Warning: missing </ul> before </div> ses_get_identity_policies.html:61:1 (ses_get_identity_policies.Rd:21): Warning: missing </ul> before </div> ses_get_identity_verification_attributes.html:50:1 (ses_get_identity_verification_attributes.Rd:12): Warning: missing </ul> before </div> ses_get_template.html:49:1 (ses_get_template.Rd:11): Warning: missing </ul> before </div> ses_list_configuration_sets.html:55:1 (ses_list_configuration_sets.Rd:15): Warning: missing </ul> before </div> ses_list_custom_verification_email_templates.html:60:1 (ses_list_custom_verification_email_templates.Rd:20): Warning: missing </ul> before </div> ses_list_identities.html:61:1 (ses_list_identities.Rd:19): Warning: missing </ul> before </div> ses_list_identity_policies.html:55:1 (ses_list_identity_policies.Rd:17): Warning: missing </ul> before </div> ses_list_receipt_rule_sets.html:51:1 (ses_list_receipt_rule_sets.Rd:13): Warning: missing </ul> before </div> ses_list_templates.html:58:1 (ses_list_templates.Rd:18): Warning: missing </ul> before </div> ses_put_configuration_set_delivery_options.html:56:1 (ses_put_configuration_set_delivery_options.Rd:16): Warning: missing </ul> before </div> ses_put_identity_policy.html:68:1 (ses_put_identity_policy.Rd:26): Warning: missing </ul> before </div> ses_reorder_receipt_rule_set.html:52:1 (ses_reorder_receipt_rule_set.Rd:12): Warning: missing </ul> before </div> ses_send_bounce.html:86:1 (ses_send_bounce.Rd:38): Warning: missing </ul> before </div> ses_send_bulk_templated_email.html:162:1 (ses_send_bulk_templated_email.Rd:104): Warning: missing </ul> before </div> ses_send_custom_verification_email.html:63:1 (ses_send_custom_verification_email.Rd:21): Warning: missing </ul> before </div> ses_send_email.html:145:1 (ses_send_email.Rd:91): Warning: missing </ul> before </div> ses_send_raw_email.html:189:1 (ses_send_raw_email.Rd:122): Warning: missing </ul> before </div> ses_send_templated_email.html:159:1 (ses_send_templated_email.Rd:101): Warning: missing </ul> before </div> ses_set_active_receipt_rule_set.html:49:1 (ses_set_active_receipt_rule_set.Rd:11): Warning: missing </ul> before </div> ses_set_identity_dkim_enabled.html:53:1 (ses_set_identity_dkim_enabled.Rd:13): Warning: missing </ul> before </div> ses_set_identity_feedback_forwarding_enabled.html:60:1 (ses_set_identity_feedback_forwarding_enabled.Rd:20): Warning: missing </ul> before </div> ses_set_identity_headers_in_notifications_enabled.html:71:1 (ses_set_identity_headers_in_notifications_enabled.Rd:29): Warning: missing </ul> before </div> ses_set_identity_mail_from_domain.html:74:1 (ses_set_identity_mail_from_domain.Rd:32): Warning: missing </ul> before </div> ses_set_identity_notification_topic.html:71:1 (ses_set_identity_notification_topic.Rd:29): Warning: missing </ul> before </div> ses_set_receipt_rule_position.html:58:1 (ses_set_receipt_rule_position.Rd:16): Warning: missing </ul> before </div> ses_test_render_template.html:55:1 (ses_test_render_template.Rd:15): Warning: missing </ul> before </div> ses_update_account_sending_enabled.html:50:1 (ses_update_account_sending_enabled.Rd:12): Warning: missing </ul> before </div> ses_update_configuration_set_event_destination.html:55:1 (ses_update_configuration_set_event_destination.Rd:15): Warning: missing </ul> before </div> ses_update_configuration_set_reputation_metrics_enabled.html:58:1 (ses_update_configuration_set_reputation_metrics_enabled.Rd:18): Warning: missing </ul> before </div> ses_update_configuration_set_sending_enabled.html:54:1 (ses_update_configuration_set_sending_enabled.Rd:14): Warning: missing </ul> before </div> ses_update_configuration_set_tracking_options.html:56:1 (ses_update_configuration_set_tracking_options.Rd:16): Warning: missing </ul> before </div> ses_update_custom_verification_email_template.html:80:1 (ses_update_custom_verification_email_template.Rd:32): Warning: missing </ul> before </div> ses_update_receipt_rule.html:52:1 (ses_update_receipt_rule.Rd:12): Warning: missing </ul> before </div> ses_update_template.html:48:1 (ses_update_template.Rd:10): Warning: missing </ul> before </div> ses_verify_domain_dkim.html:48:1 (ses_verify_domain_dkim.Rd:10): Warning: missing </ul> before </div> ses_verify_domain_identity.html:49:1 (ses_verify_domain_identity.Rd:11): Warning: missing </ul> before </div> ses_verify_email_address.html:48:1 (ses_verify_email_address.Rd:10): Warning: missing </ul> before </div> ses_verify_email_identity.html:50:1 (ses_verify_email_identity.Rd:12): Warning: missing </ul> before </div> sesv2_batch_get_metric_data.html:49:1 (sesv2_batch_get_metric_data.Rd:11): Warning: missing </ul> before </div> sesv2_cancel_export_job.html:48:1 (sesv2_cancel_export_job.Rd:10): Warning: missing </ul> before </div> sesv2_create_configuration_set.html:98:1 (sesv2_create_configuration_set.Rd:45): Warning: missing </ul> before </div> sesv2_create_configuration_set_event_destination.html:61:1 (sesv2_create_configuration_set_event_destination.Rd:19): Warning: missing </ul> before </div> sesv2_create_contact.html:72:1 (sesv2_create_contact.Rd:26): Warning: missing </ul> before </div> sesv2_create_contact_list.html:66:1 (sesv2_create_contact_list.Rd:22): Warning: missing </ul> before </div> sesv2_create_custom_verification_email_template.html:80:1 (sesv2_create_custom_verification_email_template.Rd:32): Warning: missing </ul> before </div> sesv2_create_dedicated_ip_pool.html:57:1 (sesv2_create_dedicated_ip_pool.Rd:15): Warning: missing </ul> before </div> sesv2_create_deliverability_test_report.html:69:1 (sesv2_create_deliverability_test_report.Rd:25): Warning: missing </ul> before </div> sesv2_create_email_identity.html:73:1 (sesv2_create_email_identity.Rd:29): Warning: missing </ul> before </div> sesv2_create_email_identity_policy.html:63:1 (sesv2_create_email_identity_policy.Rd:21): Warning: missing </ul> before </div> sesv2_create_email_template.html:53:1 (sesv2_create_email_template.Rd:13): Warning: missing </ul> before </div> sesv2_create_export_job.html:52:1 (sesv2_create_export_job.Rd:12): Warning: missing </ul> before </div> sesv2_create_import_job.html:52:1 (sesv2_create_import_job.Rd:12): Warning: missing </ul> before </div> sesv2_create_multi_region_endpoint.html:58:1 (sesv2_create_multi_region_endpoint.Rd:16): Warning: missing </ul> before </div> sesv2_delete_configuration_set.html:48:1 (sesv2_delete_configuration_set.Rd:10): Warning: missing </ul> before </div> sesv2_delete_configuration_set_event_destination.html:56:1 (sesv2_delete_configuration_set_event_destination.Rd:16): Warning: missing </ul> before </div> sesv2_delete_contact.html:52:1 (sesv2_delete_contact.Rd:12): Warning: missing </ul> before </div> sesv2_delete_contact_list.html:48:1 (sesv2_delete_contact_list.Rd:10): Warning: missing </ul> before </div> sesv2_delete_custom_verification_email_template.html:49:1 (sesv2_delete_custom_verification_email_template.Rd:11): Warning: missing </ul> before </div> sesv2_delete_dedicated_ip_pool.html:48:1 (sesv2_delete_dedicated_ip_pool.Rd:10): Warning: missing </ul> before </div> sesv2_delete_email_identity.html:48:1 (sesv2_delete_email_identity.Rd:10): Warning: missing </ul> before </div> sesv2_delete_email_identity_policy.html:56:1 (sesv2_delete_email_identity_policy.Rd:16): Warning: missing </ul> before </div> sesv2_delete_email_template.html:48:1 (sesv2_delete_email_template.Rd:10): Warning: missing </ul> before </div> sesv2_delete_multi_region_endpoint.html:48:1 (sesv2_delete_multi_region_endpoint.Rd:10): Warning: missing </ul> before </div> sesv2_delete_suppressed_destination.html:49:1 (sesv2_delete_suppressed_destination.Rd:11): Warning: missing </ul> before </div> sesv2_get_blacklist_reports.html:51:1 (sesv2_get_blacklist_reports.Rd:13): Warning: missing </ul> before </div> sesv2_get_configuration_set.html:50:1 (sesv2_get_configuration_set.Rd:12): Warning: missing </ul> before </div> sesv2_get_configuration_set_event_destinations.html:49:1 (sesv2_get_configuration_set_event_destinations.Rd:11): Warning: missing </ul> before </div> sesv2_get_contact.html:52:1 (sesv2_get_contact.Rd:12): Warning: missing </ul> before </div> sesv2_get_contact_list.html:48:1 (sesv2_get_contact_list.Rd:10): Warning: missing </ul> before </div> sesv2_get_custom_verification_email_template.html:50:1 (sesv2_get_custom_verification_email_template.Rd:12): Warning: missing </ul> before </div> sesv2_get_dedicated_ip.html:52:1 (sesv2_get_dedicated_ip.Rd:14): Warning: missing </ul> before </div> sesv2_get_dedicated_ip_pool.html:48:1 (sesv2_get_dedicated_ip_pool.Rd:10): Warning: missing </ul> before </div> sesv2_get_dedicated_ips.html:63:1 (sesv2_get_dedicated_ips.Rd:21): Warning: missing </ul> before </div> sesv2_get_deliverability_test_report.html:48:1 (sesv2_get_deliverability_test_report.Rd:10): Warning: missing </ul> before </div> sesv2_get_domain_deliverability_campaign.html:49:1 (sesv2_get_domain_deliverability_campaign.Rd:11): Warning: missing </ul> before </div> sesv2_get_domain_statistics_report.html:60:1 (sesv2_get_domain_statistics_report.Rd:18): Warning: missing </ul> before </div> sesv2_get_email_identity.html:50:1 (sesv2_get_email_identity.Rd:12): Warning: missing </ul> before </div> sesv2_get_email_identity_policies.html:49:1 (sesv2_get_email_identity_policies.Rd:11): Warning: missing </ul> before </div> sesv2_get_email_template.html:49:1 (sesv2_get_email_template.Rd:11): Warning: missing </ul> before </div> sesv2_get_export_job.html:48:1 (sesv2_get_export_job.Rd:10): Warning: missing </ul> before </div> sesv2_get_import_job.html:48:1 (sesv2_get_import_job.Rd:10): Warning: missing </ul> before </div> sesv2_get_message_insights.html:51:1 (sesv2_get_message_insights.Rd:13): Warning: missing </ul> before </div> sesv2_get_multi_region_endpoint.html:48:1 (sesv2_get_multi_region_endpoint.Rd:10): Warning: missing </ul> before </div> sesv2_get_suppressed_destination.html:49:1 (sesv2_get_suppressed_destination.Rd:11): Warning: missing </ul> before </div> sesv2_list_configuration_sets.html:59:1 (sesv2_list_configuration_sets.Rd:19): Warning: missing </ul> before </div> sesv2_list_contact_lists.html:58:1 (sesv2_list_contact_lists.Rd:18): Warning: missing </ul> before </div> sesv2_list_contacts.html:73:1 (sesv2_list_contacts.Rd:29): Warning: missing </ul> before </div> sesv2_list_custom_verification_email_templates.html:65:1 (sesv2_list_custom_verification_email_templates.Rd:25): Warning: missing </ul> before </div> sesv2_list_dedicated_ip_pools.html:59:1 (sesv2_list_dedicated_ip_pools.Rd:19): Warning: missing </ul> before </div> sesv2_list_deliverability_test_reports.html:63:1 (sesv2_list_deliverability_test_reports.Rd:23): Warning: missing </ul> before </div> sesv2_list_domain_deliverability_campaigns.html:81:1 (sesv2_list_domain_deliverability_campaigns.Rd:35): Warning: missing </ul> before </div> sesv2_list_email_identities.html:62:1 (sesv2_list_email_identities.Rd:22): Warning: missing </ul> before </div> sesv2_list_email_templates.html:61:1 (sesv2_list_email_templates.Rd:21): Warning: missing </ul> before </div> sesv2_list_export_jobs.html:72:1 (sesv2_list_export_jobs.Rd:28): Warning: missing </ul> before </div> sesv2_list_import_jobs.html:68:1 (sesv2_list_import_jobs.Rd:26): Warning: missing </ul> before </div> sesv2_list_multi_region_endpoints.html:59:1 (sesv2_list_multi_region_endpoints.Rd:19): Warning: missing </ul> before </div> sesv2_list_recommendations.html:67:1 (sesv2_list_recommendations.Rd:25): Warning: missing </ul> before </div> sesv2_list_suppressed_destinations.html:79:1 (sesv2_list_suppressed_destinations.Rd:33): Warning: missing </ul> before </div> sesv2_list_tags_for_resource.html:50:1 (sesv2_list_tags_for_resource.Rd:12): Warning: missing </ul> before </div> sesv2_put_account_dedicated_ip_warmup_attributes.html:52:1 (sesv2_put_account_dedicated_ip_warmup_attributes.Rd:14): Warning: missing </ul> before </div> sesv2_put_account_details.html:87:1 (sesv2_put_account_details.Rd:39): Warning: missing </ul> before </div> sesv2_put_account_sending_attributes.html:52:1 (sesv2_put_account_sending_attributes.Rd:14): Warning: missing </ul> before </div> sesv2_put_account_suppression_attributes.html:63:1 (sesv2_put_account_suppression_attributes.Rd:20): Warning: missing </ul> before </div> sesv2_put_account_vdm_attributes.html:48:1 (sesv2_put_account_vdm_attributes.Rd:10): Warning: missing </ul> before </div> sesv2_put_configuration_set_archiving_options.html:57:1 (sesv2_put_configuration_set_archiving_options.Rd:17): Warning: missing </ul> before </div> sesv2_put_configuration_set_delivery_options.html:73:1 (sesv2_put_configuration_set_delivery_options.Rd:29): Warning: missing </ul> before </div> sesv2_put_configuration_set_reputation_options.html:59:1 (sesv2_put_configuration_set_reputation_options.Rd:19): Warning: missing </ul> before </div> sesv2_put_configuration_set_sending_options.html:58:1 (sesv2_put_configuration_set_sending_options.Rd:18): Warning: missing </ul> before </div> sesv2_put_configuration_set_suppression_options.html:71:1 (sesv2_put_configuration_set_suppression_options.Rd:26): Warning: missing </ul> before </div> sesv2_put_configuration_set_tracking_options.html:60:1 (sesv2_put_configuration_set_tracking_options.Rd:19): Warning: missing </ul> before </div> sesv2_put_configuration_set_vdm_options.html:56:1 (sesv2_put_configuration_set_vdm_options.Rd:16): Warning: missing </ul> before </div> sesv2_put_dedicated_ip_in_pool.html:55:1 (sesv2_put_dedicated_ip_in_pool.Rd:15): Warning: missing </ul> before </div> sesv2_put_dedicated_ip_pool_scaling_attributes.html:54:1 (sesv2_put_dedicated_ip_pool_scaling_attributes.Rd:14): Warning: missing </ul> before </div> sesv2_put_dedicated_ip_warmup_attributes.html:54:1 (sesv2_put_dedicated_ip_warmup_attributes.Rd:14): Warning: missing </ul> before </div> sesv2_put_deliverability_dashboard_option.html:57:1 (sesv2_put_deliverability_dashboard_option.Rd:17): Warning: missing </ul> before </div> sesv2_put_email_identity_configuration_set_attributes.html:55:1 (sesv2_put_email_identity_configuration_set_attributes.Rd:15): Warning: missing </ul> before </div> sesv2_put_email_identity_dkim_attributes.html:56:1 (sesv2_put_email_identity_dkim_attributes.Rd:16): Warning: missing </ul> before </div> sesv2_put_email_identity_dkim_signing_attributes.html:75:1 (sesv2_put_email_identity_dkim_signing_attributes.Rd:28): Warning: missing </ul> before </div> sesv2_put_email_identity_feedback_attributes.html:65:1 (sesv2_put_email_identity_feedback_attributes.Rd:25): Warning: missing </ul> before </div> sesv2_put_email_identity_mail_from_attributes.html:83:1 (sesv2_put_email_identity_mail_from_attributes.Rd:34): Warning: missing </ul> before </div> sesv2_put_suppressed_destination.html:54:1 (sesv2_put_suppressed_destination.Rd:14): Warning: missing </ul> before </div> sesv2_send_bulk_email.html:126:1 (sesv2_send_bulk_email.Rd:70): Warning: missing </ul> before </div> sesv2_send_custom_verification_email.html:63:1 (sesv2_send_custom_verification_email.Rd:21): Warning: missing </ul> before </div> sesv2_send_email.html:136:1 (sesv2_send_email.Rd:78): Warning: missing </ul> before </div> sesv2_tag_resource.html:56:1 (sesv2_tag_resource.Rd:16): Warning: missing </ul> before </div> sesv2_test_render_email_template.html:55:1 (sesv2_test_render_email_template.Rd:15): Warning: missing </ul> before </div> sesv2_untag_resource.html:60:1 (sesv2_untag_resource.Rd:20): Warning: missing </ul> before </div> sesv2_update_configuration_set_event_destination.html:61:1 (sesv2_update_configuration_set_event_destination.Rd:19): Warning: missing </ul> before </div> sesv2_update_contact.html:71:1 (sesv2_update_contact.Rd:25): Warning: missing </ul> before </div> sesv2_update_contact_list.html:57:1 (sesv2_update_contact_list.Rd:15): Warning: missing </ul> before </div> sesv2_update_custom_verification_email_template.html:81:1 (sesv2_update_custom_verification_email_template.Rd:33): Warning: missing </ul> before </div> sesv2_update_email_identity_policy.html:63:1 (sesv2_update_email_identity_policy.Rd:21): Warning: missing </ul> before </div> sesv2_update_email_template.html:53:1 (sesv2_update_email_template.Rd:13): Warning: missing </ul> before </div> Flavors: r-devel-linux-x86_64-debian-clang, r-devel-linux-x86_64-debian-gcc