Last updated on 2024-05-26 21:49:24 CEST.
Flavor | Version | Tinstall | Tcheck | Ttotal | Status | Flags |
---|---|---|---|---|---|---|
r-devel-linux-x86_64-debian-clang | 0.3-5 | 201.84 | 56.85 | 258.69 | OK | |
r-devel-linux-x86_64-debian-gcc | 0.3-5 | 134.54 | 45.23 | 179.77 | OK | |
r-devel-linux-x86_64-fedora-clang | 0.3-5 | 317.81 | OK | |||
r-devel-linux-x86_64-fedora-gcc | 0.3-5 | 364.09 | OK | |||
r-devel-windows-x86_64 | 0.3-5 | 215.00 | 82.00 | 297.00 | NOTE | |
r-patched-linux-x86_64 | 0.3-5 | 160.89 | 55.63 | 216.52 | OK | |
r-release-linux-x86_64 | 0.3-5 | 157.21 | 56.47 | 213.68 | OK | |
r-release-macos-arm64 | 0.3-5 | 6.00 | ERROR | |||
r-release-macos-x86_64 | 0.3-5 | 9.00 | ERROR | |||
r-release-windows-x86_64 | 0.3-5 | 215.00 | 80.00 | 295.00 | NOTE | |
r-oldrel-macos-arm64 | 0.3-5 | 10.00 | ERROR | |||
r-oldrel-macos-x86_64 | 0.3-5 | 14.00 | ERROR | |||
r-oldrel-windows-x86_64 | 0.3-5 | 230.00 | 83.00 | 313.00 | NOTE |
Version: 0.3-5
Check: installed package size
Result: NOTE
installed size is 5.6Mb
sub-directories of 1Mb or more:
lib 2.9Mb
libs 2.5Mb
Flavors: r-devel-windows-x86_64, r-release-windows-x86_64, r-oldrel-windows-x86_64
Version: 0.3-5
Check: package dependencies
Result: ERROR
Package required but not available: ‘pbdMPI’
See section ‘The DESCRIPTION file’ in the ‘Writing R Extensions’
manual.
Flavors: r-release-macos-arm64, r-release-macos-x86_64, r-oldrel-macos-arm64, r-oldrel-macos-x86_64