Last updated on 2025-10-21 17:49:56 CEST.
Flavor | Version | Tinstall | Tcheck | Ttotal | Status | Flags |
---|---|---|---|---|---|---|
r-devel-linux-x86_64-debian-clang | 1.0-4 | 8.08 | 53.21 | 61.29 | NOTE | |
r-devel-linux-x86_64-debian-gcc | 1.0-4 | 5.20 | 38.34 | 43.54 | NOTE | |
r-devel-linux-x86_64-fedora-clang | 1.0-4 | 15.00 | 73.90 | 88.90 | OK | |
r-devel-linux-x86_64-fedora-gcc | 1.0-4 | 14.00 | 70.95 | 84.95 | OK | |
r-devel-windows-x86_64 | 1.0-4 | 11.00 | 79.00 | 90.00 | OK | |
r-patched-linux-x86_64 | 1.0-4 | 8.15 | 50.32 | 58.47 | OK | |
r-release-linux-x86_64 | 1.0-4 | 6.85 | 50.42 | 57.27 | OK | |
r-release-macos-arm64 | 1.0-4 | 5.00 | 27.00 | 32.00 | OK | |
r-release-macos-x86_64 | 1.0-4 | 7.00 | 50.00 | 57.00 | OK | |
r-release-windows-x86_64 | 1.0-4 | 11.00 | 74.00 | 85.00 | OK | |
r-oldrel-macos-arm64 | 1.0-4 | 4.00 | 24.00 | 28.00 | OK | |
r-oldrel-macos-x86_64 | 1.0-4 | 6.00 | 36.00 | 42.00 | OK | |
r-oldrel-windows-x86_64 | 1.0-4 | 16.00 | 84.00 | 100.00 | OK |
Version: 1.0-4
Check: CRAN incoming feasibility
Result: NOTE
Maintainer: ‘Menardi Giovanna <menardi@stat.unipd.it>’
Package CITATION file contains call(s) to old-style personList() or
as.personList(). Please use c() on person objects instead.
Package CITATION file contains call(s) to old-style citEntry(). Please
use bibentry() instead.
Flavors: r-devel-linux-x86_64-debian-clang, r-devel-linux-x86_64-debian-gcc