Last updated on 2024-05-26 21:49:24 CEST.
Flavor | Version | Tinstall | Tcheck | Ttotal | Status | Flags |
---|---|---|---|---|---|---|
r-devel-linux-x86_64-debian-clang | 0.2.29.1 | 67.93 | 419.14 | 487.07 | NOTE | |
r-devel-linux-x86_64-debian-gcc | 0.2.29.1 | 52.25 | 295.84 | 348.09 | NOTE | |
r-devel-linux-x86_64-fedora-clang | 0.2.29.1 | 599.74 | NOTE | |||
r-devel-linux-x86_64-fedora-gcc | 0.2.29.1 | 568.53 | NOTE | |||
r-devel-windows-x86_64 | 0.2.29.1 | 50.00 | 268.00 | 318.00 | NOTE | |
r-patched-linux-x86_64 | 0.2.29.1 | 71.62 | 395.78 | 467.40 | NOTE | |
r-release-linux-x86_64 | 0.2.29.1 | 42.14 | 402.84 | 444.98 | NOTE | |
r-release-macos-arm64 | 0.2.29.1 | 124.00 | NOTE | |||
r-release-windows-x86_64 | 0.2.29.1 | 53.00 | 270.00 | 323.00 | NOTE | |
r-oldrel-macos-arm64 | 0.2.29.1 | 139.00 | OK | |||
r-oldrel-macos-x86_64 | 0.2.29.1 | 247.00 | OK | |||
r-oldrel-windows-x86_64 | 0.2.29.1 | 71.00 | 345.00 | 416.00 | OK |
Version: 0.2.29.1
Check: Rd files
Result: NOTE
checkRd: (-1) 5.1.pems.plots.Rd:212: Lost braces; missing escapes or markup?
212 | (Logical or character) For {WatsonPlot}, how to
| ^
checkRd: (-1) 5.1.pems.plots.Rd:221: Lost braces; missing escapes or markup?
221 | (numeric) For {WatsonPlot}, pre-set plot types:
| ^
checkRd: (-1) 6.2.check.functions.Rd:189: Lost braces
189 | If a parent function is identified as \code{fun.name} and the check case (code{input},
| ^
checkRd: (-1) 7.1.vsp.code.Rd:89: Lost braces
89 | code{\link{common.calculations}} for further details.
| ^
checkRd: (-1) 7.2.emissions.code.Rd:90: Lost braces
90 | emissions calculation methods. It accepts an input code{conc} which it checks and passes
| ^
checkRd: (-1) 8.1.tidyverse.tools.Rd:139: Lost braces
139 | (\code{pems}, code{data.frame}, etc) to
| ^
Flavors: r-devel-linux-x86_64-debian-clang, r-devel-linux-x86_64-debian-gcc, r-devel-linux-x86_64-fedora-clang, r-devel-linux-x86_64-fedora-gcc, r-devel-windows-x86_64, r-patched-linux-x86_64, r-release-linux-x86_64, r-release-macos-arm64, r-release-windows-x86_64