Last updated on 2025-10-25 12:49:56 CEST.
| Flavor | Version | Tinstall | Tcheck | Ttotal | Status | Flags |
|---|---|---|---|---|---|---|
| r-devel-linux-x86_64-debian-clang | 0.1.0 | 1.80 | 20.84 | 22.64 | NOTE | |
| r-devel-linux-x86_64-debian-gcc | 0.1.0 | 1.51 | 17.53 | 19.04 | NOTE | |
| r-devel-linux-x86_64-fedora-clang | 0.1.0 | 33.60 | OK | |||
| r-devel-linux-x86_64-fedora-gcc | 0.1.0 | 31.90 | OK | |||
| r-devel-windows-x86_64 | 0.1.0 | 2.00 | 42.00 | 44.00 | OK | |
| r-patched-linux-x86_64 | 0.1.0 | 1.97 | 19.37 | 21.34 | OK | |
| r-release-linux-x86_64 | 0.1.0 | 1.79 | 20.05 | 21.84 | OK | |
| r-release-macos-arm64 | 0.1.0 | 1.00 | 14.00 | 15.00 | OK | |
| r-release-macos-x86_64 | 0.1.0 | 2.00 | 21.00 | 23.00 | OK | |
| r-release-windows-x86_64 | 0.1.0 | 2.00 | 42.00 | 44.00 | OK | |
| r-oldrel-macos-arm64 | 0.1.0 | 1.00 | 14.00 | 15.00 | OK | |
| r-oldrel-macos-x86_64 | 0.1.0 | 2.00 | 18.00 | 20.00 | OK | |
| r-oldrel-windows-x86_64 | 0.1.0 | 3.00 | 46.00 | 49.00 | OK |
Version: 0.1.0
Check: CRAN incoming feasibility
Result: NOTE
Maintainer: ‘Daniele Cuntrera <daniele.cuntrera@unipa.it>’
The Description field contains
Muggeo, V. M. (2022) <arXiv:2212.08582>.
Please refer to arXiv e-prints via their arXiv DOI <doi:10.48550/arXiv.YYMM.NNNNN>.
Flavors: r-devel-linux-x86_64-debian-clang, r-devel-linux-x86_64-debian-gcc