CRAN Package Check Results for Package permChacko

Last updated on 2025-10-21 23:51:03 CEST.

Flavor Version Tinstall Tcheck Ttotal Status Flags
r-devel-linux-x86_64-debian-clang 1.0.1 1.87 36.82 38.69 NOTE
r-devel-linux-x86_64-debian-gcc 1.0.1 1.47 26.29 27.76 NOTE
r-devel-linux-x86_64-fedora-clang 1.0.1 58.49 OK
r-devel-linux-x86_64-fedora-gcc 1.0.1 70.89 OK
r-devel-windows-x86_64 1.0.1 2.00 58.00 60.00 OK
r-patched-linux-x86_64 1.0.1 1.95 35.46 37.41 OK
r-release-linux-x86_64 1.0.1 1.73 34.84 36.57 OK
r-release-macos-arm64 1.0.1 1.00 25.00 26.00 OK
r-release-macos-x86_64 1.0.1 2.00 50.00 52.00 OK
r-release-windows-x86_64 1.0.1 5.00 55.00 60.00 OK
r-oldrel-macos-arm64 1.0.1 1.00 40.00 41.00 OK
r-oldrel-macos-x86_64 1.0.1 3.00 54.00 57.00 OK
r-oldrel-windows-x86_64 1.0.1 3.00 67.00 70.00 OK

Check Details

Version: 1.0.1
Check: HTML version of manual
Result: NOTE Found the following HTML validation problems: dot-onAttach.html:51:1 (dot-onAttach.Rd:12): Warning: missing </ul> before </div> Flavors: r-devel-linux-x86_64-debian-clang, r-devel-linux-x86_64-debian-gcc