Last updated on 2025-10-26 11:50:47 CET.
| Flavor | Version | Tinstall | Tcheck | Ttotal | Status | Flags |
|---|---|---|---|---|---|---|
| r-devel-linux-x86_64-debian-clang | 1.14 | 5.41 | 25.70 | 31.11 | OK | |
| r-devel-linux-x86_64-debian-gcc | 1.14 | 4.79 | 19.79 | 24.58 | OK | |
| r-devel-linux-x86_64-fedora-clang | 1.14 | 13.00 | 35.14 | 48.14 | NOTE | |
| r-devel-linux-x86_64-fedora-gcc | 1.14 | 18.00 | 29.81 | 47.81 | NOTE | |
| r-devel-windows-x86_64 | 1.14 | 12.00 | 50.00 | 62.00 | OK | |
| r-patched-linux-x86_64 | 1.14 | 7.00 | 24.50 | 31.50 | OK | |
| r-release-linux-x86_64 | 1.14 | 6.78 | 24.41 | 31.19 | OK | |
| r-release-macos-arm64 | 1.14 | 4.00 | 17.00 | 21.00 | OK | |
| r-release-macos-x86_64 | 1.14 | 6.00 | 29.00 | 35.00 | OK | |
| r-release-windows-x86_64 | 1.14 | 13.00 | 48.00 | 61.00 | OK | |
| r-oldrel-macos-arm64 | 1.14 | 5.00 | 16.00 | 21.00 | OK | |
| r-oldrel-macos-x86_64 | 1.14 | 7.00 | 29.00 | 36.00 | OK | |
| r-oldrel-windows-x86_64 | 1.14 | 14.00 | 55.00 | 69.00 | OK |
Version: 1.14
Check: dependencies in R code
Result: NOTE
Namespace in Imports field not imported from: ‘Rdpack’
All declared Imports should be used.
Flavors: r-devel-linux-x86_64-fedora-clang, r-devel-linux-x86_64-fedora-gcc