Last updated on 2025-10-21 17:49:56 CEST.
Flavor | Version | Tinstall | Tcheck | Ttotal | Status | Flags |
---|---|---|---|---|---|---|
r-devel-linux-x86_64-debian-clang | 0.0.1 | 55.25 | 125.28 | 180.53 | NOTE | |
r-devel-linux-x86_64-debian-gcc | 0.0.1 | 40.26 | 88.57 | 128.83 | NOTE | |
r-devel-linux-x86_64-fedora-clang | 0.0.1 | 121.00 | 164.13 | 285.13 | NOTE | |
r-devel-linux-x86_64-fedora-gcc | 0.0.1 | 117.00 | 160.42 | 277.42 | NOTE | |
r-devel-windows-x86_64 | 0.0.1 | 60.00 | 139.00 | 199.00 | NOTE | |
r-patched-linux-x86_64 | 0.0.1 | 57.18 | 118.64 | 175.82 | NOTE | |
r-release-linux-x86_64 | 0.0.1 | 53.90 | 116.29 | 170.19 | NOTE | |
r-release-macos-arm64 | 0.0.1 | 23.00 | 53.00 | 76.00 | NOTE | |
r-release-macos-x86_64 | 0.0.1 | 49.00 | 127.00 | 176.00 | NOTE | |
r-release-windows-x86_64 | 0.0.1 | 59.00 | 137.00 | 196.00 | NOTE | |
r-oldrel-macos-arm64 | 0.0.1 | 25.00 | 43.00 | 68.00 | NOTE | |
r-oldrel-macos-x86_64 | 0.0.1 | 24.00 | 65.00 | 89.00 | NOTE | |
r-oldrel-windows-x86_64 | 0.0.1 | 75.00 | 164.00 | 239.00 | NOTE |
Version: 0.0.1
Check: CRAN incoming feasibility
Result: NOTE
Maintainer: ‘Jared Huling <jaredhuling@gmail.com>’
Package CITATION file contains call(s) to old-style citEntry(). Please
use bibentry() instead.
Flavors: r-devel-linux-x86_64-debian-clang, r-devel-linux-x86_64-debian-gcc
Version: 0.0.1
Check: C++ specification
Result: NOTE
Specified C++11: please drop specification unless essential
Flavors: r-devel-linux-x86_64-debian-clang, r-devel-linux-x86_64-debian-gcc, r-devel-linux-x86_64-fedora-clang, r-devel-linux-x86_64-fedora-gcc, r-devel-windows-x86_64, r-patched-linux-x86_64, r-release-linux-x86_64, r-release-macos-arm64, r-release-macos-x86_64, r-release-windows-x86_64, r-oldrel-macos-arm64, r-oldrel-macos-x86_64, r-oldrel-windows-x86_64
Version: 0.0.1
Check: HTML version of manual
Result: NOTE
Found the following HTML validation problems:
HDtweedie_kfold_aug.html:82:1 (HDtweedie_kfold_aug.Rd:33): Warning: missing </ul> before </div>
Flavors: r-devel-linux-x86_64-debian-clang, r-devel-linux-x86_64-debian-gcc
Version: 0.0.1
Check: installed package size
Result: NOTE
installed size is 11.2Mb
sub-directories of 1Mb or more:
libs 10.9Mb
Flavors: r-oldrel-macos-arm64, r-oldrel-macos-x86_64
Version: 0.0.1
Check: LazyData
Result: NOTE
'LazyData' is specified without a 'data' directory
Flavors: r-oldrel-macos-arm64, r-oldrel-macos-x86_64, r-oldrel-windows-x86_64